NOAA-reports For Foresthill Weather.com
2018: Jan | Feb | Mar | Apr | May | Jun | Jul | Aug | Sep | Oct | Nov | Dec 
 2017: Jan | Feb | Mar | Apr | May | Jun | Jul | Aug | Sep | Oct | Nov | Dec 
2016: Jan | Feb | Mar | Apr | May | Jun | Jul | Aug | Sep | Oct | Nov | Dec 
2015: Jan | Feb | Mar | Apr | May | Jun | Jul | Aug | Sep | Oct | Nov | Dec 
2014: Jan | Feb | Mar | Apr | May | Jun | Jul | Aug | Sep | Oct | Nov | Dec 
2013: Jan | Feb | Mar | Apr | May | Jun | Jul | Aug | Sep | Oct | Nov | Dec 
2012: Jan | Feb | Mar | Apr | May | Jun | Jul | Aug | Sep | Oct | Nov | Dec 
2011: Jan | Feb | Mar | Apr | May | Jun | Jul | Aug | Sep | Oct | Nov | Dec 
2010: Jan | Feb | Mar | Apr | May | Jun | Jul | Aug | Sep | Oct | Nov | Dec 
2009: Jan | Feb | Mar | Apr | May | Jun | Jul | Aug | Sep | Oct | Nov | Dec 
2008: Jan | Feb | Mar | Apr | May | Jun | Jul | Aug | Sep | Oct | Nov | Dec 

Report for 2015 07
MONTHLY CLIMATOLOGICAL SUMMARY FOR 7/2015 HEAT COOL MEAN DEG DEG WIND SPEED DOM MEAN MEAN DAY TEMP HIGH TIME LOW TIME DAYS DAYS RAIN AVG HI TIME DIR BAROM HUM --------------------------------------------------------------------------------------- 1 82.2 89.5 1:41pm 76.1 6:02am 0 17 0.00 1 19 11:29am E 29.84 42 2 80.8 91.8 2:47pm 73.9 11:52pm 0 16 0.01 3 21 6:42pm E 29.87 43 3 78.8 87.4 2:43pm 70.4 5:13am 0 14 0.00 2 15 6:50am ESE 29.85 51 4 79.3 89.4 3:05pm 71.7 6:12am 0 14 0.00 1 14 2:27pm E 29.79 53 5 78.7 88.1 1:24pm 70.5 11:54pm 0 14 0.00 3 16 3:21am ESE 29.83 48 6 75.1 82.3 1:43pm 68.6 5:59am 0 10 0.00 2 15 6:00am ESE 29.94 53 7 71.8 80.8 1:35pm 65.7 6:01am 0 7 0.00 1 15 2:56pm W 29.90 56 8 69.0 77.0 1:45pm 62.7 11:56pm 0 4 0.00 1 14 4:19am WSW 29.78 60 9 63.3 68.9 6:33pm 57.4 11:58pm 3 1 0.00 1 17 11:48am S 29.80 73 10 63.1 71.5 2:28pm 55.9 1:49am 3 1 0.00 1 16 1:47am ESE 29.90 74 11 67.6 78.6 1:08pm 58.6 6:37am 2 5 0.00 3 15 2:35am ESE 29.94 61 12 68.4 79.8 2:15pm 60.2 6:17am 1 4 0.00 2 16 4:04am ESE 29.98 60 13 70.9 83.0 2:22pm 60.7 4:16am 1 7 0.00 2 15 5:08am ESE 29.95 54 14 72.4 84.5 2:08pm 63.6 6:06am 0 8 0.00 2 18 2:14am E 29.84 47 15 74.5 85.3 2:17pm 64.6 4:39am 0 9 0.00 2 15 1:28am E 29.84 42 16 76.1 86.0 2:34pm 66.6 7:00am 0 11 0.00 1 14 12:59pm E 29.85 44 17 77.5 87.5 4:13pm 68.9 6:38am 0 13 0.00 1 15 12:25pm ESE 29.78 41 18 75.9 86.9 3:09pm 68.1 6:11am 0 11 0.00 2 18 4:26am E 29.85 36 19 74.0 83.4 1:31pm 64.0 5:56am 0 9 0.00 1 18 2:41pm WNW 30.01 44 20 76.7 86.2 1:36pm 67.1 5:53am 0 12 0.00 2 17 1:56pm WNW 29.95 52 21 78.1 87.3 1:54pm 70.7 6:08am 0 13 0.00 3 21 3:58pm ESE 29.81 52 22 75.3 85.5 2:23pm 66.6 11:52pm 0 10 0.00 3 21 11:33am SE 29.75 42 23 69.4 79.1 3:03pm 60.8 4:59am 1 5 0.00 2 16 4:00pm SE 29.91 37 24 70.0 81.3 2:14pm 61.1 6:33am 1 6 0.00 2 20 3:03pm ESE 30.05 37 25 72.0 83.6 1:07pm 63.2 6:37am 0 7 0.00 2 17 1:10pm ESE 30.01 35 26 73.1 84.8 1:56pm 64.1 6:37am 0 8 0.00 2 19 3:14pm ESE 29.88 38 27 73.8 86.5 1:52pm 62.2 7:26am 0 9 0.00 2 21 2:26am ESE 29.89 36 28 80.5 91.5 12:52pm 68.8 4:14am 0 16 0.00 3 31 5:32am E 29.85 26 29 85.4 98.1 3:00pm 76.2 1:50am 0 20 0.00 3 22 5:59am ESE 29.87 21 30 84.6 95.0 3:11pm 74.7 6:26am 0 20 0.00 2 15 12:38am E 29.91 26 31 82.4 93.4 4:53pm 75.2 11:57pm 0 17 0.00 2 22 3:51am E 29.90 38 --------------------------------------------------------------------------------------- TOT 74.9 98.1 7/29/15 55.9 7/10/15 13 319 0.01 2 30 7/28/15 ESE 29.88 46 HEAT BASE: 65.0 COOL BASE: 65.0
powered by Cumulus v1.9.3 (1059)
Ambient Weather VWS v14.00
Top Contact Website Map Copyright © 2007 - noaa Foresthillweather.com Never base important decisions on this or any weather information obtained from the Internet