2024: Jan | Feb | Mar | Apr | May | Jun | Jul | Aug | Sep | Oct | Nov | Dec
2023: Jan | Feb | Mar | Apr | May | Jun | Jul | Aug | Sep | Oct | Nov | Dec
2022: Jan | Feb | Mar | Apr | May | Jun | Jul | Aug | Sep | Oct | Nov | Dec
2021: Jan | Feb | Mar | Apr | May | Jun | Jul | Aug | Sep | Oct | Nov | Dec
2020: Jan | Feb | Mar | Apr | May | Jun | Jul | Aug | Sep | Oct | Nov | Dec
2019: Jan | Feb | Mar | Apr | May | Jun | Jul | Aug | Sep | Oct | Nov | Dec
2018: Jan | Feb | Mar | Apr | May | Jun | Jul | Aug | Sep | Oct | Nov | Dec
2017: Jan | Feb | Mar | Apr | May | Jun | Jul | Aug | Sep | Oct | Nov | Dec
2016: Jan | Feb | Mar | Apr | May | Jun | Jul | Aug | Sep | Oct | Nov | Dec
2015: Jan | Feb | Mar | Apr | May | Jun | Jul | Aug | Sep | Oct | Nov | Dec
2014: Jan | Feb | Mar | Apr | May | Jun | Jul | Aug | Sep | Oct | Nov | Dec
2013: Jan | Feb | Mar | Apr | May | Jun | Jul | Aug | Sep | Oct | Nov | Dec
2012: Jan | Feb | Mar | Apr | May | Jun | Jul | Aug | Sep | Oct | Nov | Dec
2011: Jan | Feb | Mar | Apr | May | Jun | Jul | Aug | Sep | Oct | Nov | Dec
2010: Jan | Feb | Mar | Apr | May | Jun | Jul | Aug | Sep | Oct | Nov | Dec
2009: Jan | Feb | Mar | Apr | May | Jun | Jul | Aug | Sep | Oct | Nov | Dec
2008: Jan | Feb | Mar | Apr | May | Jun | Jul | Aug | Sep | Oct | Nov | Dec
Report for 2019 02
MONTHLY CLIMATOLOGICAL SUMMARY FOR 2/2019
HEAT COOL
MEAN DEG DEG WIND SPEED DOM MEAN MEAN
DAY TEMP HIGH TIME LOW TIME DAYS DAYS RAIN AVG HI TIME DIR BAROM HUM
---------------------------------------------------------------------------------------
1 47.9 53.7 1:03pm 44.8 6:54am 17 0 0.27 5 23 3:03pm SSE 29.87 86
2 42.3 47.1 5:05am 38.5 8:25pm 23 0 1.47 7 34 5:19am SE 29.59 95
3 40.9 44.0 10:32am 38.5 9:00pm 24 0 0.70 9 34 10:41am SSE 29.68 96
4 34.8 38.6 12:00am 30.4 11:00pm 30 0 0.92 9 37 2:59am S 29.62 96
5 30.3 32.6 3:52pm 27.9 6:49am 35 0 0.17 0 20 1:17am S 29.92 95
6 30.8 34.3 4:00pm 28.0 6:50am 34 0 0.03 0 14 11:31pm SE 30.26 95
7 31.8 37.5 2:35pm 26.9 7:09am 33 0 0.00 2 19 3:25am ESE 30.35 87
8 34.8 40.5 12:59pm 30.6 3:11am 30 0 0.10 1 15 3:35am ESE 30.15 87
9 34.4 36.3 6:51pm 32.1 11:55pm 31 0 1.22 8 45 5:02pm S 29.93 96
10 31.1 32.7 2:34pm 28.2 11:50pm 34 0 0.21 1 18 12:10am SW 30.04 96
11 30.2 35.0 2:30pm 25.0 7:32am 35 0 0.00 3 22 3:05am ESE 30.30 94
12 34.7 44.9 10:22pm 29.2 2:20am 30 0 0.04 6 49 10:00pm ESE 30.13 83
13 43.3 50.9 11:53pm 36.3 3:06am 22 0 1.63 10 33 12:27am SSE 29.74 96
14 44.6 51.8 3:05am 37.4 11:48pm 20 0 1.11 12 48 6:04am S 29.57 97
15 33.7 37.5 12:00am 32.3 1:17pm 31 0 1.03 6 45 12:17am S 30.00 97
16 33.2 36.4 2:12pm 31.9 5:02am 32 0 0.41 4 20 1:34pm S 30.15 97
17 31.6 33.2 3:36pm 28.6 11:52pm 33 0 0.58 2 23 3:09am SSE 30.08 96
18 30.5 37.5 2:40pm 24.5 7:05am 34 0 0.00 1 19 8:31pm E 30.26 89
19 33.6 41.8 3:00pm 26.2 6:51am 31 0 0.00 2 23 3:23am SE 30.25 73
20 33.3 35.4 12:03pm 30.9 11:44pm 32 0 0.20 3 23 9:13am SSE 29.95 91
21 32.6 40.7 2:30pm 26.7 7:07am 32 0 0.00 2 24 11:46pm ENE 29.83 78
22 34.2 43.4 1:37pm 27.4 5:52am 31 0 0.00 1 17 6:49am E 30.16 62
23 36.1 43.8 12:59pm 29.5 6:04am 29 0 0.00 3 20 4:52am ESE 30.38 70
24 38.5 44.3 3:27pm 34.7 2:25am 26 0 0.00 2 20 11:55pm SE 30.26 78
25 40.4 43.5 11:23am 38.3 2:08am 25 0 1.04 9 41 5:42pm SSE 30.06 87
26 41.1 42.0 12:29am 39.9 7:29am 24 0 1.37 13 43 1:50pm SSE 30.02 94
27 43.8 47.8 12:59pm 39.3 2:31am 21 0 1.51 10 48 2:35am SSE 30.05 96
28 39.5 42.8 12:00am 37.2 11:47am 26 0 0.38 1 14 12:49am SSE 30.17 97
---------------------------------------------------------------------------------------
TOT 36.2 53.7 2/1/19 24.5 2/18/19 806 0 14.40 5 48 2/27/19 SSE 30.03 89
HEAT BASE: 65.0
COOL BASE: 65.0