2024: Jan | Feb | Mar | Apr | May | Jun | Jul | Aug | Sep | Oct | Nov | Dec
2023: Jan | Feb | Mar | Apr | May | Jun | Jul | Aug | Sep | Oct | Nov | Dec
2022: Jan | Feb | Mar | Apr | May | Jun | Jul | Aug | Sep | Oct | Nov | Dec
2021: Jan | Feb | Mar | Apr | May | Jun | Jul | Aug | Sep | Oct | Nov | Dec
2020: Jan | Feb | Mar | Apr | May | Jun | Jul | Aug | Sep | Oct | Nov | Dec
2019: Jan | Feb | Mar | Apr | May | Jun | Jul | Aug | Sep | Oct | Nov | Dec
2018: Jan | Feb | Mar | Apr | May | Jun | Jul | Aug | Sep | Oct | Nov | Dec
2017: Jan | Feb | Mar | Apr | May | Jun | Jul | Aug | Sep | Oct | Nov | Dec
2016: Jan | Feb | Mar | Apr | May | Jun | Jul | Aug | Sep | Oct | Nov | Dec
2015: Jan | Feb | Mar | Apr | May | Jun | Jul | Aug | Sep | Oct | Nov | Dec
2014: Jan | Feb | Mar | Apr | May | Jun | Jul | Aug | Sep | Oct | Nov | Dec
2013: Jan | Feb | Mar | Apr | May | Jun | Jul | Aug | Sep | Oct | Nov | Dec
2012: Jan | Feb | Mar | Apr | May | Jun | Jul | Aug | Sep | Oct | Nov | Dec
2011: Jan | Feb | Mar | Apr | May | Jun | Jul | Aug | Sep | Oct | Nov | Dec
2010: Jan | Feb | Mar | Apr | May | Jun | Jul | Aug | Sep | Oct | Nov | Dec
2009: Jan | Feb | Mar | Apr | May | Jun | Jul | Aug | Sep | Oct | Nov | Dec
2008: Jan | Feb | Mar | Apr | May | Jun | Jul | Aug | Sep | Oct | Nov | Dec
Report for 2019 03
MONTHLY CLIMATOLOGICAL SUMMARY FOR 3/2019
HEAT COOL
MEAN DEG DEG WIND SPEED DOM MEAN MEAN
DAY TEMP HIGH TIME LOW TIME DAYS DAYS RAIN AVG HI TIME DIR BAROM HUM
---------------------------------------------------------------------------------------
1 43.5 46.7 12:35pm 39.8 12:00am 22 0 0.01 1 12 11:44pm SSE 30.12 96
2 44.9 48.4 2:50pm 41.6 4:00am 20 0 0.72 3 24 5:15am ESE 29.93 97
3 45.6 46.5 4:44pm 41.8 11:54pm 19 0 1.19 1 15 4:57pm SW 30.06 97
4 42.2 47.2 3:40pm 39.0 4:15am 23 0 0.00 1 11 11:28pm E 30.13 94
5 43.5 46.3 11:37pm 40.9 3:53am 22 0 0.28 5 30 3:57pm SSE 29.94 96
6 45.2 47.9 12:30pm 42.3 10:42pm 20 0 0.89 10 37 3:38am S 29.78 97
7 40.3 42.4 12:21am 36.8 11:55pm 25 0 0.54 3 28 12:58am SSW 30.01 97
8 36.3 40.5 2:22pm 33.5 4:58am 29 0 0.04 6 23 1:37pm SSE 30.06 92
9 36.5 41.0 11:40am 32.0 6:29am 28 0 0.00 4 24 9:32am SSE 30.03 89
10 39.1 45.6 12:32pm 33.8 8:01am 25 0 0.04 1 16 3:54am NNW 30.03 85
11 44.8 56.1 5:09pm 34.8 3:01am 20 0 0.00 1 21 9:12am E 30.08 64
12 43.5 50.7 11:28am 36.5 11:57pm 22 0 0.00 1 18 2:04pm ESE 29.92 60
13 41.4 52.9 4:07pm 31.9 8:24am 24 0 0.00 2 25 11:55am NNE 30.19 47
14 44.9 56.0 2:03pm 36.5 2:20am 20 0 0.00 2 28 6:16am E 30.30 47
15 46.5 58.4 2:02pm 37.6 4:49am 18 0 0.00 1 18 5:38am E 30.27 58
16 49.5 61.9 4:47pm 41.0 5:54am 15 0 0.00 1 14 8:00am E 30.18 55
17 54.3 66.3 2:31pm 47.7 12:00am 11 0 0.00 2 18 4:50am E 30.10 57
18 56.2 69.9 2:44pm 46.2 6:51am 10 1 0.00 3 21 7:51am E 30.03 45
19 56.7 64.2 2:08pm 51.4 1:42am 8 0 0.00 2 25 8:52pm E 29.90 51
20 43.2 53.3 12:00am 40.5 9:30pm 22 0 0.66 4 26 12:42am SSE 30.00 93
21 43.6 49.8 1:49pm 40.0 5:54am 21 0 0.02 0 13 10:58pm E 30.15 90
22 42.8 50.0 2:15pm 37.2 6:27am 22 0 0.36 2 20 6:44pm ESE 30.23 89
23 41.8 47.5 3:57pm 37.5 10:37pm 23 0 1.00 2 20 8:28pm ESE 30.22 94
24 44.6 56.5 3:41pm 35.8 7:11am 20 0 0.01 3 21 4:18am E 30.27 77
25 45.6 55.4 12:42pm 38.1 6:52am 19 0 0.12 4 24 11:39am S 30.14 75
26 47.6 53.4 2:54pm 43.9 5:06am 17 0 0.13 2 21 3:01pm SE 30.05 91
27 45.4 47.9 12:22pm 39.2 11:56pm 20 0 0.74 5 28 6:31am S 30.00 94
28 40.7 50.5 2:17pm 37.1 3:31am 24 0 0.16 2 20 3:39pm ESE 30.28 92
29 43.6 53.1 4:11pm 35.8 7:37am 21 0 0.00 1 13 5:58am WNW 30.36 86
30 48.6 60.6 1:59pm 38.1 4:43am 16 0 0.00 1 19 8:02am E 30.26 67
31 53.6 65.9 1:32pm 44.2 2:36am 11 0 0.00 2 19 6:39am E 30.17 49
---------------------------------------------------------------------------------------
TOT 45.0 69.9 3/18/19 31.9 3/13/19 619 1 6.90 2 37 3/6/19 ESE 30.10 78
HEAT BASE: 65.0
COOL BASE: 65.0