2024: Jan | Feb | Mar | Apr | May | Jun | Jul | Aug | Sep | Oct | Nov | Dec
2023: Jan | Feb | Mar | Apr | May | Jun | Jul | Aug | Sep | Oct | Nov | Dec
2022: Jan | Feb | Mar | Apr | May | Jun | Jul | Aug | Sep | Oct | Nov | Dec
2021: Jan | Feb | Mar | Apr | May | Jun | Jul | Aug | Sep | Oct | Nov | Dec
2020: Jan | Feb | Mar | Apr | May | Jun | Jul | Aug | Sep | Oct | Nov | Dec
2019: Jan | Feb | Mar | Apr | May | Jun | Jul | Aug | Sep | Oct | Nov | Dec
2018: Jan | Feb | Mar | Apr | May | Jun | Jul | Aug | Sep | Oct | Nov | Dec
2017: Jan | Feb | Mar | Apr | May | Jun | Jul | Aug | Sep | Oct | Nov | Dec
2016: Jan | Feb | Mar | Apr | May | Jun | Jul | Aug | Sep | Oct | Nov | Dec
2015: Jan | Feb | Mar | Apr | May | Jun | Jul | Aug | Sep | Oct | Nov | Dec
2014: Jan | Feb | Mar | Apr | May | Jun | Jul | Aug | Sep | Oct | Nov | Dec
2013: Jan | Feb | Mar | Apr | May | Jun | Jul | Aug | Sep | Oct | Nov | Dec
2012: Jan | Feb | Mar | Apr | May | Jun | Jul | Aug | Sep | Oct | Nov | Dec
2011: Jan | Feb | Mar | Apr | May | Jun | Jul | Aug | Sep | Oct | Nov | Dec
2010: Jan | Feb | Mar | Apr | May | Jun | Jul | Aug | Sep | Oct | Nov | Dec
2009: Jan | Feb | Mar | Apr | May | Jun | Jul | Aug | Sep | Oct | Nov | Dec
2008: Jan | Feb | Mar | Apr | May | Jun | Jul | Aug | Sep | Oct | Nov | Dec
Report for 2019 06
MONTHLY CLIMATOLOGICAL SUMMARY FOR 6/2019
HEAT COOL
MEAN DEG DEG WIND SPEED DOM MEAN MEAN
DAY TEMP HIGH TIME LOW TIME DAYS DAYS RAIN AVG HI TIME DIR BAROM HUM
---------------------------------------------------------------------------------------
1 65.5 78.5 2:34pm 55.7 11:11pm 4 4 0.22 4 30 8:30pm E 29.80 65
2 64.7 73.7 3:19pm 56.0 12:00am 3 3 0.01 2 24 12:29am ESE 29.83 72
3 68.6 78.9 2:10pm 58.5 6:05am 2 5 0.00 1 18 1:32am ESE 29.87 71
4 71.6 82.3 1:52pm 62.0 6:43am 0 7 0.00 1 18 12:09am E 29.89 69
5 73.2 84.5 3:01pm 63.8 5:37am 0 8 0.00 2 14 2:15am E 29.86 60
6 67.2 76.7 1:35pm 57.3 11:57pm 1 3 0.00 6 23 2:58pm SSE 29.83 56
7 57.7 64.9 5:58pm 50.5 4:22am 7 0 0.00 2 15 3:25pm SSE 29.95 56
8 64.7 76.7 5:44pm 53.5 12:29am 4 4 0.00 3 30 10:38pm E 30.01 36
9 72.5 84.5 1:44pm 63.6 6:52am 0 8 0.00 4 29 1:31am E 30.03 32
10 75.1 86.0 3:49pm 66.8 6:41am 0 10 0.00 3 20 2:55am E 30.03 37
11 76.3 89.3 1:58pm 67.0 6:02am 0 11 0.00 2 16 7:29am ESE 30.01 42
12 77.0 87.1 2:45pm 69.7 7:10am 0 12 0.00 2 22 4:59am E 29.90 44
13 74.5 84.1 2:35pm 67.7 7:16am 0 10 0.00 2 19 6:13am E 29.82 53
14 71.6 80.0 2:04pm 64.0 7:02am 0 7 0.00 1 14 3:26am E 29.84 62
15 70.6 79.9 2:02pm 63.6 7:08am 0 6 0.00 1 16 1:55am E 29.86 63
16 70.1 78.7 3:09pm 61.7 6:52am 1 6 0.00 1 14 11:56pm E 29.81 66
17 72.0 81.7 2:14pm 62.9 6:25am 0 7 0.00 1 13 12:00am E 29.80 69
18 76.1 87.6 2:10pm 66.1 4:48am 0 11 0.00 1 12 8:01am ENE 29.87 53
19 75.7 85.1 4:35pm 68.2 6:53am 0 11 0.00 1 14 6:52am ESE 29.85 55
20 69.9 77.5 1:58pm 62.4 11:57pm 0 5 0.00 2 19 12:55am ESE 29.78 64
21 65.6 74.2 5:03pm 58.4 7:27am 2 3 0.00 1 13 2:45pm W 29.83 60
22 68.9 81.3 3:39pm 58.9 2:06am 1 5 0.00 2 23 3:29am E 29.93 43
23 71.3 82.1 1:53pm 62.2 7:00am 0 7 0.00 1 18 2:42am E 29.94 43
24 72.1 83.7 2:23pm 64.7 6:52am 0 7 0.00 2 21 6:29am ESE 29.83 45
25 69.2 77.9 1:11pm 61.2 7:07am 1 5 0.00 4 20 2:17am ESE 29.79 47
26 63.3 72.8 2:23pm 54.8 11:59pm 3 2 0.00 5 21 2:43pm S 29.90 53
27 58.3 68.6 3:42pm 49.2 6:23am 7 0 0.00 2 15 3:37am S 30.04 60
28 62.3 71.9 5:03pm 55.1 6:28am 4 1 0.00 1 14 5:30pm ESE 30.03 52
29 64.1 73.1 1:37pm 56.2 4:13am 3 2 0.00 1 19 4:45am E 30.04 48
30 68.2 79.5 2:10pm 60.8 6:54am 2 5 0.00 2 20 11:36pm ESE 30.01 45
---------------------------------------------------------------------------------------
TOT 69.3 89.3 6/11/19 49.2 6/27/19 47 175 0.23 2 30 6/8/19 E 29.90 54
HEAT BASE: 65.0
COOL BASE: 65.0