2024: Jan | Feb | Mar | Apr | May | Jun | Jul | Aug | Sep | Oct | Nov | Dec
2023: Jan | Feb | Mar | Apr | May | Jun | Jul | Aug | Sep | Oct | Nov | Dec
2022: Jan | Feb | Mar | Apr | May | Jun | Jul | Aug | Sep | Oct | Nov | Dec
2021: Jan | Feb | Mar | Apr | May | Jun | Jul | Aug | Sep | Oct | Nov | Dec
2020: Jan | Feb | Mar | Apr | May | Jun | Jul | Aug | Sep | Oct | Nov | Dec
2019: Jan | Feb | Mar | Apr | May | Jun | Jul | Aug | Sep | Oct | Nov | Dec
2018: Jan | Feb | Mar | Apr | May | Jun | Jul | Aug | Sep | Oct | Nov | Dec
2017: Jan | Feb | Mar | Apr | May | Jun | Jul | Aug | Sep | Oct | Nov | Dec
2016: Jan | Feb | Mar | Apr | May | Jun | Jul | Aug | Sep | Oct | Nov | Dec
2015: Jan | Feb | Mar | Apr | May | Jun | Jul | Aug | Sep | Oct | Nov | Dec
2014: Jan | Feb | Mar | Apr | May | Jun | Jul | Aug | Sep | Oct | Nov | Dec
2013: Jan | Feb | Mar | Apr | May | Jun | Jul | Aug | Sep | Oct | Nov | Dec
2012: Jan | Feb | Mar | Apr | May | Jun | Jul | Aug | Sep | Oct | Nov | Dec
2011: Jan | Feb | Mar | Apr | May | Jun | Jul | Aug | Sep | Oct | Nov | Dec
2010: Jan | Feb | Mar | Apr | May | Jun | Jul | Aug | Sep | Oct | Nov | Dec
2009: Jan | Feb | Mar | Apr | May | Jun | Jul | Aug | Sep | Oct | Nov | Dec
2008: Jan | Feb | Mar | Apr | May | Jun | Jul | Aug | Sep | Oct | Nov | Dec
Report for 2019 09
MONTHLY CLIMATOLOGICAL SUMMARY FOR 9/2019
HEAT COOL
MEAN DEG DEG WIND SPEED DOM MEAN MEAN
DAY TEMP HIGH TIME LOW TIME DAYS DAYS RAIN AVG HI TIME DIR BAROM HUM
---------------------------------------------------------------------------------------
1 75.9 89.8 2:05pm 67.0 7:23am 0 11 0.00 2 16 4:20am E 29.91 38
2 78.5 90.9 2:32pm 70.2 4:19am 0 12 0.00 3 19 4:55am ESE 29.91 38
3 76.3 88.6 2:44pm 68.9 5:14am 0 11 0.00 2 18 11:41pm ESE 29.91 42
4 78.2 89.3 1:33pm 71.2 6:02am 0 13 0.00 2 18 5:26am E 29.85 39
5 77.9 90.3 1:24pm 59.8 2:44pm 0 13 0.00 2 20 1:27pm ESE 29.91 41
6 74.5 87.9 2:19pm 66.6 7:09am 0 9 0.00 2 15 3:15pm ESE 30.01 40
7 69.1 78.6 1:39pm 55.9 11:53pm 1 5 0.00 3 18 1:15am E 29.93 49
8 62.8 73.2 3:07pm 55.2 12:43am 4 2 0.00 1 16 2:19am ESE 29.95 60
9 63.3 73.9 2:14pm 56.5 7:17am 3 2 0.00 2 15 3:43am E 29.90 58
10 61.3 71.7 1:30pm 53.6 7:25am 5 1 0.00 1 16 4:01am ESE 29.89 60
11 64.2 76.4 2:13pm 52.7 6:19am 4 3 0.00 2 15 7:25am NNW 30.03 53
12 71.1 85.1 2:16pm 61.7 1:25am 1 7 0.00 2 18 7:39am ESE 30.05 37
13 74.8 90.2 2:07pm 65.2 7:48am 0 10 0.00 1 16 1:25am ESE 30.00 30
14 75.5 91.1 1:41pm 66.6 7:20am 0 10 0.00 2 16 2:14am ESE 29.92 30
15 71.6 84.5 1:22pm 61.1 11:56pm 0 7 0.01 4 20 9:26pm ESE 29.81 31
16 53.8 61.1 12:00am 48.4 11:54pm 11 0 0.89 5 26 9:04am SE 29.90 85
17 56.7 71.9 2:16pm 47.0 4:40am 9 1 0.00 1 18 7:43am E 30.06 69
18 54.8 59.4 5:20pm 49.6 11:57pm 10 0 0.51 4 21 1:37am SE 29.95 82
19 54.4 64.2 2:35pm 47.3 6:50am 11 0 0.01 1 16 12:40am E 29.96 82
20 60.0 71.9 1:38pm 51.5 12:59am 6 1 0.00 1 21 5:29am E 29.97 61
21 64.7 76.4 1:57pm 57.1 12:10am 3 3 0.00 2 21 1:39am E 29.96 52
22 65.5 75.9 12:17pm 59.6 7:30am 2 2 0.00 2 21 12:15am ESE 29.93 57
23 66.9 79.1 1:56pm 57.7 6:28am 2 4 0.00 2 20 3:09am ESE 29.95 53
24 74.6 90.1 1:41pm 63.5 12:33am 0 10 0.00 3 24 5:42am E 29.97 40
25 76.5 87.6 2:19pm 69.2 6:58am 0 11 0.00 1 16 1:08am WNW 29.79 44
26 74.2 86.4 1:32pm 63.7 11:56pm 0 9 0.00 4 21 10:46pm ESE 29.81 48
27 61.5 70.3 1:26pm 54.5 7:51am 4 1 0.00 4 21 12:41am S 29.82 75
28 50.3 56.2 12:35am 40.2 11:45pm 15 0 0.72 4 25 8:27pm S 29.73 86
29 45.4 56.2 1:55pm 38.1 7:07am 20 0 0.04 4 18 7:34pm S 29.92 81
30 46.6 55.0 2:18pm 42.4 11:57pm 18 0 0.05 3 18 4:30am S 29.99 80
---------------------------------------------------------------------------------------
TOT 65.9 91.1 9/14/19 38.1 9/29/19 131 159 2.25 2 26 9/16/19 ESE 29.92 55
HEAT BASE: 65.0
COOL BASE: 65.0