2024: Jan | Feb | Mar | Apr | May | Jun | Jul | Aug | Sep | Oct | Nov | Dec
2023: Jan | Feb | Mar | Apr | May | Jun | Jul | Aug | Sep | Oct | Nov | Dec
2022: Jan | Feb | Mar | Apr | May | Jun | Jul | Aug | Sep | Oct | Nov | Dec
2021: Jan | Feb | Mar | Apr | May | Jun | Jul | Aug | Sep | Oct | Nov | Dec
2020: Jan | Feb | Mar | Apr | May | Jun | Jul | Aug | Sep | Oct | Nov | Dec
2019: Jan | Feb | Mar | Apr | May | Jun | Jul | Aug | Sep | Oct | Nov | Dec
2018: Jan | Feb | Mar | Apr | May | Jun | Jul | Aug | Sep | Oct | Nov | Dec
2017: Jan | Feb | Mar | Apr | May | Jun | Jul | Aug | Sep | Oct | Nov | Dec
2016: Jan | Feb | Mar | Apr | May | Jun | Jul | Aug | Sep | Oct | Nov | Dec
2015: Jan | Feb | Mar | Apr | May | Jun | Jul | Aug | Sep | Oct | Nov | Dec
2014: Jan | Feb | Mar | Apr | May | Jun | Jul | Aug | Sep | Oct | Nov | Dec
2013: Jan | Feb | Mar | Apr | May | Jun | Jul | Aug | Sep | Oct | Nov | Dec
2012: Jan | Feb | Mar | Apr | May | Jun | Jul | Aug | Sep | Oct | Nov | Dec
2011: Jan | Feb | Mar | Apr | May | Jun | Jul | Aug | Sep | Oct | Nov | Dec
2010: Jan | Feb | Mar | Apr | May | Jun | Jul | Aug | Sep | Oct | Nov | Dec
2009: Jan | Feb | Mar | Apr | May | Jun | Jul | Aug | Sep | Oct | Nov | Dec
2008: Jan | Feb | Mar | Apr | May | Jun | Jul | Aug | Sep | Oct | Nov | Dec
Report for 2019 10
MONTHLY CLIMATOLOGICAL SUMMARY FOR 10/2019
HEAT COOL
MEAN DEG DEG WIND SPEED DOM MEAN MEAN
DAY TEMP HIGH TIME LOW TIME DAYS DAYS RAIN AVG HI TIME DIR BAROM HUM
---------------------------------------------------------------------------------------
1 49.1 61.7 1:03pm 40.0 5:36am 16 0 0.00 1 16 7:34am ESE 30.01 67
2 54.5 67.9 1:46pm 46.2 6:28am 11 0 0.00 2 19 8:32am E 30.05 55
3 56.1 69.8 2:38pm 48.5 7:35am 9 0 0.00 2 18 3:24pm ESE 30.00 52
4 54.7 67.6 2:13pm 46.1 6:53am 10 0 0.00 1 15 7:20am ESE 30.11 58
5 59.6 73.0 2:20pm 50.7 2:02am 7 2 0.00 1 16 7:58am E 30.12 47
6 65.5 78.1 2:40pm 58.0 7:52am 3 3 0.00 1 16 10:40pm E 30.06 42
7 67.3 82.8 1:26pm 59.8 7:37am 2 4 0.00 2 21 9:48pm ESE 29.99 35
8 66.3 80.7 12:55pm 59.1 6:45am 2 4 0.00 2 21 7:54am ESE 29.87 35
9 58.8 68.4 1:20pm 51.9 11:59pm 6 0 0.00 1 29 9:15pm ESE 29.85 45
10 56.5 71.7 2:31pm 46.4 7:40am 10 1 0.00 1 22 4:08am E 30.00 30
11 59.0 74.5 1:32pm 51.2 7:19am 7 1 0.00 1 20 4:59am ESE 30.04 31
12 58.8 73.3 2:14pm 51.5 7:12am 7 1 0.00 1 15 9:47pm E 29.94 40
13 59.7 73.4 1:01pm 53.2 1:02am 7 1 0.00 2 19 1:37am ESE 29.89 33
14 59.9 75.7 1:47pm 51.5 6:53am 7 2 0.00 1 15 12:20am E 29.97 32
15 61.9 76.9 1:45pm 53.5 5:33am 6 2 0.00 1 15 7:20am E 30.07 37
16 62.1 75.0 1:14pm 55.5 7:37am 5 2 0.00 2 18 3:10am ESE 29.96 35
17 52.6 60.4 2:37pm 46.1 11:43pm 12 0 0.06 2 19 1:45am SE 29.91 71
18 52.2 65.5 2:41pm 43.6 3:50am 13 0 0.00 1 13 11:39pm E 30.07 60
19 51.8 58.0 1:43pm 46.7 7:02am 13 0 0.00 2 18 6:23am ESE 30.09 68
20 54.8 69.9 2:09pm 44.8 7:45am 11 0 0.00 1 13 10:45am NNW 30.14 60
21 62.6 76.9 2:17pm 52.9 1:42am 5 3 0.00 1 21 11:12pm NW 30.18 49
22 64.9 78.0 1:33pm 57.6 5:21am 3 3 0.00 1 22 6:26am ESE 30.16 39
23 68.2 83.8 2:00pm 58.2 8:02am 2 5 0.00 4 40 9:06pm E 30.01 31
24 71.2 86.5 2:52pm 64.2 6:17am 0 6 0.00 5 37 12:09am ESE 30.06 19
25 68.5 83.9 2:49pm 61.4 6:11am 1 4 0.00 2 21 12:43am ESE 30.08 26
26 64.9 79.7 2:44pm 56.3 11:58pm 3 3 0.00 1 15 4:47am E 29.85 33
27 51.7 60.1 2:52pm 43.5 11:41pm 13 0 0.00 7 52 9:06am E 29.87 28
28 51.6 65.2 2:10pm 43.6 12:00am 13 0 0.00 3 24 4:01am ESE 30.06 25
29 52.2 66.3 2:05pm 44.2 7:42am 13 0 0.00 4 34 9:21pm E 29.98 28
30 51.4 62.7 12:29pm 44.8 7:51am 14 0 0.00 3 25 12:10am E 30.19 25
31 52.5 66.7 2:39pm 44.4 7:27am 13 0 0.00 1 18 12:42am E 30.25 35
---------------------------------------------------------------------------------------
TOT 58.7 86.5 10/24/19 40.0 10/1/19 244 50 0.06 2 51 10/27/19 E 30.03 41
HEAT BASE: 65.0
COOL BASE: 65.0