2024: Jan | Feb | Mar | Apr | May | Jun | Jul | Aug | Sep | Oct | Nov | Dec
2023: Jan | Feb | Mar | Apr | May | Jun | Jul | Aug | Sep | Oct | Nov | Dec
2022: Jan | Feb | Mar | Apr | May | Jun | Jul | Aug | Sep | Oct | Nov | Dec
2021: Jan | Feb | Mar | Apr | May | Jun | Jul | Aug | Sep | Oct | Nov | Dec
2020: Jan | Feb | Mar | Apr | May | Jun | Jul | Aug | Sep | Oct | Nov | Dec
2019: Jan | Feb | Mar | Apr | May | Jun | Jul | Aug | Sep | Oct | Nov | Dec
2018: Jan | Feb | Mar | Apr | May | Jun | Jul | Aug | Sep | Oct | Nov | Dec
2017: Jan | Feb | Mar | Apr | May | Jun | Jul | Aug | Sep | Oct | Nov | Dec
2016: Jan | Feb | Mar | Apr | May | Jun | Jul | Aug | Sep | Oct | Nov | Dec
2015: Jan | Feb | Mar | Apr | May | Jun | Jul | Aug | Sep | Oct | Nov | Dec
2014: Jan | Feb | Mar | Apr | May | Jun | Jul | Aug | Sep | Oct | Nov | Dec
2013: Jan | Feb | Mar | Apr | May | Jun | Jul | Aug | Sep | Oct | Nov | Dec
2012: Jan | Feb | Mar | Apr | May | Jun | Jul | Aug | Sep | Oct | Nov | Dec
2011: Jan | Feb | Mar | Apr | May | Jun | Jul | Aug | Sep | Oct | Nov | Dec
2010: Jan | Feb | Mar | Apr | May | Jun | Jul | Aug | Sep | Oct | Nov | Dec
2009: Jan | Feb | Mar | Apr | May | Jun | Jul | Aug | Sep | Oct | Nov | Dec
2008: Jan | Feb | Mar | Apr | May | Jun | Jul | Aug | Sep | Oct | Nov | Dec
Report for 2019 11
MONTHLY CLIMATOLOGICAL SUMMARY FOR 11/2019
HEAT COOL
MEAN DEG DEG WIND SPEED DOM MEAN MEAN
DAY TEMP HIGH TIME LOW TIME DAYS DAYS RAIN AVG HI TIME DIR BAROM HUM
---------------------------------------------------------------------------------------
1 54.3 67.9 3:00pm 46.7 8:11am 11 0 0.00 0 12 8:25pm ESE 30.19 37
2 59.3 75.3 2:58pm 51.4 2:47am 7 2 0.00 1 13 7:36am E 30.15 33
3 60.1 74.0 1:30pm 53.3 6:37am 6 1 0.00 1 13 7:10am E 30.02 35
4 60.2 73.6 1:09pm 53.2 7:05am 6 1 0.00 1 11 2:11am E 30.01 41
5 62.3 75.8 1:05pm 55.5 6:46am 5 2 0.00 1 19 4:49am E 30.06 35
6 62.0 74.1 1:02pm 56.2 6:44am 5 2 0.00 1 16 6:59am E 30.02 37
7 61.9 77.6 1:10pm 54.6 2:06am 5 2 0.00 1 16 5:47am ESE 30.12 34
8 63.9 78.4 12:04pm 57.0 6:02am 4 3 0.00 2 19 3:56am E 30.19 29
9 61.6 75.3 12:41pm 54.7 5:58am 5 2 0.00 1 12 1:14am ESE 30.12 31
10 59.8 72.2 1:39pm 53.4 7:07am 6 1 0.00 0 7 11:13am NW 30.06 38
11 61.7 71.6 12:41pm 55.6 4:31am 5 1 0.00 0 16 11:41pm NNE 30.07 42
12 62.4 74.6 12:49pm 55.9 5:32am 4 2 0.00 1 20 1:59am ESE 30.08 36
13 61.7 73.9 1:20pm 56.4 5:20am 5 1 0.00 1 16 6:22am ESE 30.01 33
14 56.8 68.2 12:48pm 48.2 10:55pm 8 0 0.00 2 16 11:10am ESE 30.05 56
15 51.5 61.6 1:00pm 44.6 6:11am 14 0 0.00 0 13 2:09am WNW 30.18 77
16 55.9 67.6 1:41pm 50.1 12:00am 9 0 0.00 1 12 3:49am E 30.15 54
17 59.0 70.7 1:08pm 50.4 1:22am 7 1 0.00 1 15 7:51pm SE 30.12 50
18 61.4 76.2 1:54pm 55.0 3:02am 6 2 0.00 3 21 11:27pm ESE 29.96 42
19 53.9 60.7 12:48pm 45.7 11:59pm 11 0 0.00 3 26 12:01am SE 29.68 63
20 50.6 56.3 3:12pm 43.9 11:41pm 14 0 0.00 4 32 8:24am ENE 29.57 51
21 47.2 56.2 1:22pm 40.3 6:29am 18 0 0.00 1 12 1:54pm NW 29.92 75
22 49.5 58.9 1:23pm 44.7 11:04pm 16 0 0.00 1 11 4:03am WNW 30.20 70
23 50.2 61.9 1:28pm 44.0 3:26am 15 0 0.00 1 18 9:03am E 30.24 58
24 50.4 61.3 1:37pm 44.4 4:25am 15 0 0.00 1 18 1:34am ESE 30.19 51
25 44.4 55.4 1:17pm 37.1 11:58pm 21 0 0.00 2 20 2:53pm NNW 30.06 50
26 35.2 43.4 10:52am 31.9 4:17pm 30 0 0.11 7 39 6:26pm S 29.87 64
27 32.9 34.8 2:05pm 32.1 11:23pm 32 0 0.02 5 28 4:21am S 29.57 95
28 33.9 38.0 12:59pm 31.6 7:00am 31 0 0.07 1 14 12:58am SE 29.67 95
29 33.2 37.2 2:11pm 31.0 7:51am 32 0 0.02 4 15 9:19am SSE 29.89 93
30 34.0 39.1 11:56pm 30.5 4:16am 31 0 0.53 5 22 8:27pm ESE 30.12 88
---------------------------------------------------------------------------------------
TOT 53.0 78.4 11/8/19 30.5 11/30/19 383 24 0.75 2 39 11/26/19 ESE 30.02 53
HEAT BASE: 65.0
COOL BASE: 65.0