2024: Jan | Feb | Mar | Apr | May | Jun | Jul | Aug | Sep | Oct | Nov | Dec
2023: Jan | Feb | Mar | Apr | May | Jun | Jul | Aug | Sep | Oct | Nov | Dec
2022: Jan | Feb | Mar | Apr | May | Jun | Jul | Aug | Sep | Oct | Nov | Dec
2021: Jan | Feb | Mar | Apr | May | Jun | Jul | Aug | Sep | Oct | Nov | Dec
2020: Jan | Feb | Mar | Apr | May | Jun | Jul | Aug | Sep | Oct | Nov | Dec
2019: Jan | Feb | Mar | Apr | May | Jun | Jul | Aug | Sep | Oct | Nov | Dec
2018: Jan | Feb | Mar | Apr | May | Jun | Jul | Aug | Sep | Oct | Nov | Dec
2017: Jan | Feb | Mar | Apr | May | Jun | Jul | Aug | Sep | Oct | Nov | Dec
2016: Jan | Feb | Mar | Apr | May | Jun | Jul | Aug | Sep | Oct | Nov | Dec
2015: Jan | Feb | Mar | Apr | May | Jun | Jul | Aug | Sep | Oct | Nov | Dec
2014: Jan | Feb | Mar | Apr | May | Jun | Jul | Aug | Sep | Oct | Nov | Dec
2013: Jan | Feb | Mar | Apr | May | Jun | Jul | Aug | Sep | Oct | Nov | Dec
2012: Jan | Feb | Mar | Apr | May | Jun | Jul | Aug | Sep | Oct | Nov | Dec
2011: Jan | Feb | Mar | Apr | May | Jun | Jul | Aug | Sep | Oct | Nov | Dec
2010: Jan | Feb | Mar | Apr | May | Jun | Jul | Aug | Sep | Oct | Nov | Dec
2009: Jan | Feb | Mar | Apr | May | Jun | Jul | Aug | Sep | Oct | Nov | Dec
2008: Jan | Feb | Mar | Apr | May | Jun | Jul | Aug | Sep | Oct | Nov | Dec
Report for 2019 12
MONTHLY CLIMATOLOGICAL SUMMARY FOR 12/2019
HEAT COOL
MEAN DEG DEG WIND SPEED DOM MEAN MEAN
DAY TEMP HIGH TIME LOW TIME DAYS DAYS RAIN AVG HI TIME DIR BAROM HUM
---------------------------------------------------------------------------------------
1 43.8 45.7 12:38pm 38.8 12:27am 21 0 2.16 9 30 5:28am SSE 30.03 96
2 45.4 47.9 12:53pm 43.4 11:23pm 20 0 0.75 6 28 4:53am ESE 30.16 96
3 49.8 61.8 1:45pm 43.7 12:00am 15 0 0.00 3 21 5:33am E 30.12 86
4 46.4 48.3 12:00am 44.7 7:33am 19 0 0.82 2 19 8:01pm SSE 29.94 93
5 46.0 52.4 2:10pm 42.4 7:40am 19 0 0.00 1 14 12:49am ESE 30.12 94
6 47.6 57.5 1:48pm 40.7 7:19am 17 0 0.33 6 31 11:47pm SSE 30.10 82
7 48.7 52.9 1:22pm 45.4 5:59pm 16 0 2.07 11 34 9:52am S 29.98 94
8 45.9 49.7 2:37pm 40.2 11:52pm 19 0 1.34 2 23 1:17am S 30.06 95
9 43.4 52.7 1:23pm 38.8 7:15am 22 0 0.01 1 18 1:43am ESE 30.22 87
10 43.5 53.1 1:24pm 37.6 3:14am 22 0 0.00 1 20 11:37pm ESE 30.30 86
11 45.7 50.5 11:59am 42.4 4:56am 19 0 0.70 3 24 5:04pm SE 30.29 91
12 49.8 51.3 5:03pm 47.5 12:53am 15 0 0.46 4 26 12:31am SSE 30.33 96
13 47.3 49.3 12:08am 45.5 11:08pm 18 0 0.98 4 22 1:03pm S 30.19 97
14 42.4 45.7 12:00am 37.3 11:55pm 23 0 0.33 3 21 7:01pm S 30.05 95
15 36.2 42.6 2:12pm 32.7 7:07am 29 0 0.00 0 12 11:33pm E 30.24 94
16 37.2 47.0 1:40pm 31.8 3:08am 28 0 0.00 2 18 4:08am ESE 30.40 79
17 39.0 47.2 1:17pm 34.0 2:58am 26 0 0.00 4 19 1:53am ESE 30.29 69
18 42.2 45.3 3:04pm 36.7 12:00am 23 0 0.01 6 35 6:33am SSE 30.12 68
19 43.9 53.0 1:55pm 39.6 10:34pm 21 0 0.00 1 18 6:53am ESE 30.27 79
20 45.6 57.1 1:48pm 39.2 4:08am 19 0 0.00 2 23 5:05am ESE 30.29 74
21 47.7 55.4 12:31pm 43.5 2:30am 17 0 0.00 3 24 9:53pm SE 30.05 61
22 44.2 49.6 5:22am 39.6 10:28am 21 0 0.56 10 41 10:23am SSE 29.82 73
23 41.6 46.1 2:59pm 39.4 11:53pm 23 0 0.02 0 12 12:27am SE 29.90 94
24 37.5 42.8 1:15pm 33.8 7:25am 27 0 0.01 1 15 11:39am SSE 29.94 91
25 37.4 43.0 1:23pm 34.4 6:30am 28 0 0.02 2 19 11:01pm SSE 29.92 89
26 40.0 50.9 1:37pm 34.7 7:42am 25 0 0.00 1 19 7:34pm E 29.97 70
27 40.0 50.2 1:20pm 32.5 7:32am 25 0 0.00 2 18 12:14am NNW 30.10 61
28 41.5 51.4 1:04pm 36.1 7:43am 23 0 0.00 0 8 12:05pm ENE 30.19 60
29 41.4 46.4 1:20pm 38.1 2:05am 24 0 0.00 1 17 12:04pm SE 30.15 82
30 44.7 58.8 1:45pm 36.0 5:52am 20 0 0.00 0 14 10:46am ENE 30.16 71
31 45.0 52.8 1:09pm 41.4 10:39pm 20 0 0.00 1 20 11:33pm E 30.18 71
---------------------------------------------------------------------------------------
TOT 43.6 61.8 12/3/19 31.8 12/16/19 664 0 10.56 3 40 12/22/19 ESE 30.12 83
HEAT BASE: 65.0
COOL BASE: 65.0