2024: Jan | Feb | Mar | Apr | May | Jun | Jul | Aug | Sep | Oct | Nov | Dec
2023: Jan | Feb | Mar | Apr | May | Jun | Jul | Aug | Sep | Oct | Nov | Dec
2022: Jan | Feb | Mar | Apr | May | Jun | Jul | Aug | Sep | Oct | Nov | Dec
2021: Jan | Feb | Mar | Apr | May | Jun | Jul | Aug | Sep | Oct | Nov | Dec
2020: Jan | Feb | Mar | Apr | May | Jun | Jul | Aug | Sep | Oct | Nov | Dec
2019: Jan | Feb | Mar | Apr | May | Jun | Jul | Aug | Sep | Oct | Nov | Dec
2018: Jan | Feb | Mar | Apr | May | Jun | Jul | Aug | Sep | Oct | Nov | Dec
2017: Jan | Feb | Mar | Apr | May | Jun | Jul | Aug | Sep | Oct | Nov | Dec
2016: Jan | Feb | Mar | Apr | May | Jun | Jul | Aug | Sep | Oct | Nov | Dec
2015: Jan | Feb | Mar | Apr | May | Jun | Jul | Aug | Sep | Oct | Nov | Dec
2014: Jan | Feb | Mar | Apr | May | Jun | Jul | Aug | Sep | Oct | Nov | Dec
2013: Jan | Feb | Mar | Apr | May | Jun | Jul | Aug | Sep | Oct | Nov | Dec
2012: Jan | Feb | Mar | Apr | May | Jun | Jul | Aug | Sep | Oct | Nov | Dec
2011: Jan | Feb | Mar | Apr | May | Jun | Jul | Aug | Sep | Oct | Nov | Dec
2010: Jan | Feb | Mar | Apr | May | Jun | Jul | Aug | Sep | Oct | Nov | Dec
2009: Jan | Feb | Mar | Apr | May | Jun | Jul | Aug | Sep | Oct | Nov | Dec
2008: Jan | Feb | Mar | Apr | May | Jun | Jul | Aug | Sep | Oct | Nov | Dec
Report for 2020 12
MONTHLY CLIMATOLOGICAL SUMMARY FOR 12/2020
HEAT COOL
MEAN DEG DEG WIND SPEED DOM MEAN MEAN
DAY TEMP HIGH TIME LOW TIME DAYS DAYS RAIN AVG HI TIME DIR BAROM HUM
---------------------------------------------------------------------------------------
1 49.3 60.5 12:32pm 44.7 10:17pm 16 0 0.00 1 14 3:45am ESE 30.22 52
2 51.6 62.6 1:50pm 44.7 12:00am 13 0 0.00 1 18 7:07am ESE 30.17 47
3 50.1 60.0 1:54pm 44.2 7:25am 15 0 0.00 1 13 12:58am ESE 30.31 47
4 50.7 64.5 1:38pm 45.4 3:46am 14 0 0.00 1 15 5:07am E 30.30 52
5 50.0 64.0 1:45pm 44.1 4:16am 15 0 0.00 1 20 12:20am ESE 30.30 54
6 48.3 57.7 1:44pm 43.7 5:14am 17 0 0.00 1 28 11:47pm ESE 30.29 53
7 55.5 67.1 1:36pm 45.5 8:09am 10 0 0.00 7 46 5:16am E 30.25 35
8 55.5 66.7 12:58pm 47.8 11:40pm 10 0 0.00 2 28 12:29am ESE 30.19 36
9 51.9 62.8 2:01pm 45.7 7:33am 13 0 0.00 1 23 6:18am ESE 30.11 39
10 49.0 60.0 1:28pm 41.6 11:57pm 16 0 0.00 3 18 5:12am ESE 30.05 48
11 42.2 48.7 1:31pm 38.1 4:51am 23 0 0.05 6 25 7:50pm SE 30.16 66
12 42.8 46.7 12:13pm 38.3 11:48pm 22 0 0.18 2 21 12:00am SSE 30.17 95
13 40.7 42.8 4:31pm 37.3 2:00am 24 0 1.14 5 35 11:53am SSE 30.22 95
14 39.1 46.9 1:43pm 33.8 7:56am 26 0 0.00 1 16 11:25pm E 30.29 94
15 41.3 47.6 11:53am 36.5 7:41am 24 0 0.00 0 15 4:03am E 30.38 82
16 45.1 55.0 1:39pm 39.0 7:43am 20 0 0.02 1 18 9:26pm ESE 30.24 85
17 40.7 44.8 12:00am 34.9 11:31pm 24 0 0.97 2 23 2:38am SE 30.08 95
18 40.7 52.6 12:40pm 34.3 2:34am 24 0 0.00 2 20 2:39am E 30.35 82
19 44.2 53.9 1:15pm 37.0 7:07am 21 0 0.00 1 19 12:45am E 30.45 73
20 48.7 58.3 1:43pm 42.3 4:31am 16 0 0.00 1 15 8:01am E 30.34 52
21 50.0 63.3 1:47pm 44.6 6:47am 15 0 0.00 2 19 8:04am ESE 30.12 49
22 45.3 56.2 1:55pm 40.0 8:43am 20 0 0.01 2 21 10:46pm ESE 30.18 79
23 45.8 56.0 12:55pm 40.6 4:39am 19 0 0.00 3 24 7:09am E 30.29 52
24 46.3 57.4 1:22pm 41.9 9:29pm 19 0 0.00 2 19 11:38pm ESE 30.32 45
25 46.6 55.1 12:23pm 41.9 10:20pm 18 0 0.81 7 30 12:51pm SSE 30.16 60
26 41.3 44.1 2:39am 35.0 11:55pm 24 0 0.37 4 27 12:00am S 30.23 95
27 40.3 48.5 1:05pm 34.9 12:12am 25 0 0.01 2 23 10:43pm ESE 29.99 85
28 39.1 42.4 2:19pm 35.5 11:55pm 26 0 0.13 1 29 2:05am E 29.91 93
29 41.2 53.6 1:43pm 34.3 7:22am 24 0 0.00 1 15 2:42am E 30.30 63
30 42.8 54.2 2:02pm 37.1 5:33am 22 0 0.19 3 26 10:52pm SSE 30.34 58
31 40.4 49.5 2:44pm 34.2 7:39am 25 0 0.25 2 19 12:43am NNW 30.20 88
---------------------------------------------------------------------------------------
TOT 45.7 67.1 12/7/20 33.8 12/14/20 599 0 4.13 2 46 12/7/20 ESE 30.22 66
HEAT BASE: 65.0
COOL BASE: 65.0