2024: Jan | Feb | Mar | Apr | May | Jun | Jul | Aug | Sep | Oct | Nov | Dec
2023: Jan | Feb | Mar | Apr | May | Jun | Jul | Aug | Sep | Oct | Nov | Dec
2022: Jan | Feb | Mar | Apr | May | Jun | Jul | Aug | Sep | Oct | Nov | Dec
2021: Jan | Feb | Mar | Apr | May | Jun | Jul | Aug | Sep | Oct | Nov | Dec
2020: Jan | Feb | Mar | Apr | May | Jun | Jul | Aug | Sep | Oct | Nov | Dec
2019: Jan | Feb | Mar | Apr | May | Jun | Jul | Aug | Sep | Oct | Nov | Dec
2018: Jan | Feb | Mar | Apr | May | Jun | Jul | Aug | Sep | Oct | Nov | Dec
2017: Jan | Feb | Mar | Apr | May | Jun | Jul | Aug | Sep | Oct | Nov | Dec
2016: Jan | Feb | Mar | Apr | May | Jun | Jul | Aug | Sep | Oct | Nov | Dec
2015: Jan | Feb | Mar | Apr | May | Jun | Jul | Aug | Sep | Oct | Nov | Dec
2014: Jan | Feb | Mar | Apr | May | Jun | Jul | Aug | Sep | Oct | Nov | Dec
2013: Jan | Feb | Mar | Apr | May | Jun | Jul | Aug | Sep | Oct | Nov | Dec
2012: Jan | Feb | Mar | Apr | May | Jun | Jul | Aug | Sep | Oct | Nov | Dec
2011: Jan | Feb | Mar | Apr | May | Jun | Jul | Aug | Sep | Oct | Nov | Dec
2010: Jan | Feb | Mar | Apr | May | Jun | Jul | Aug | Sep | Oct | Nov | Dec
2009: Jan | Feb | Mar | Apr | May | Jun | Jul | Aug | Sep | Oct | Nov | Dec
2008: Jan | Feb | Mar | Apr | May | Jun | Jul | Aug | Sep | Oct | Nov | Dec
Report for 2021 06
MONTHLY CLIMATOLOGICAL SUMMARY FOR 6/2021
HEAT COOL
MEAN DEG DEG WIND SPEED DOM MEAN MEAN
DAY TEMP HIGH TIME LOW TIME DAYS DAYS RAIN AVG HI TIME DIR BAROM HUM
---------------------------------------------------------------------------------------
1 81.5 95.8 4:47pm 71.8 4:52am 0 17 0.00 4 20 6:17am ESE 29.86 31
2 80.0 94.9 4:39pm 69.9 6:50am 0 15 0.00 3 19 3:42am ESE 29.81 35
3 79.7 94.6 5:07pm 70.3 6:15am 0 15 0.00 4 19 3:53am E 29.77 36
4 77.5 91.0 4:10pm 68.3 6:45am 0 13 0.00 4 19 12:29am ESE 29.82 41
5 74.9 90.9 5:13pm 64.9 6:43am 0 10 0.00 3 20 3:24am ESE 29.82 39
6 72.7 84.7 4:51pm 63.7 5:19am 0 8 0.00 3 20 12:17am ESE 29.73 38
7 63.8 74.8 5:14pm 53.1 11:58pm 3 2 0.00 6 24 4:01pm SSE 29.76 44
8 55.2 66.8 4:48pm 47.3 6:26am 10 0 0.00 6 24 3:43pm SSE 29.97 49
9 53.1 61.6 6:03pm 45.4 11:54pm 12 0 0.00 4 23 5:43pm S 30.09 52
10 54.4 71.2 4:47pm 41.0 5:16am 11 1 0.00 2 17 12:16am SE 30.20 49
11 60.8 75.7 2:46pm 48.5 6:55am 7 3 0.00 2 16 4:53am ESE 30.07 38
12 68.4 84.2 4:52pm 54.8 6:16am 3 6 0.00 1 12 1:41pm W 29.95 42
13 70.2 82.3 4:05pm 61.1 5:28am 1 6 0.00 3 20 4:08pm ESE 29.89 53
14 66.8 81.0 5:06pm 56.4 4:26am 3 4 0.00 2 17 3:07pm SW 29.98 56
15 69.4 85.6 5:15pm 57.4 5:17am 2 7 0.00 2 18 6:32am ESE 30.05 42
16 75.8 92.2 2:42pm 62.4 3:51am 0 11 0.00 1 14 11:49pm E 29.95 30
17 83.3 100.1 4:29pm 68.7 5:08am 0 18 0.00 2 15 6:50am E 29.79 23
18 85.9 100.9 5:05pm 73.0 6:36am 0 21 0.00 3 16 5:51am ESE 29.70 24
19 86.0 100.0 4:54pm 75.5 6:26am 0 21 0.00 3 21 2:10am ESE 29.68 28
20 84.4 100.3 5:27pm 74.6 6:48am 0 19 0.00 4 19 1:47am ESE 29.74 25
21 79.5 93.2 2:59pm 69.9 4:55am 0 15 0.00 2 18 1:07am ESE 29.81 28
22 73.6 86.2 4:37pm 63.0 4:30am 0 9 0.00 2 19 2:56pm SW 29.81 41
23 72.1 85.1 5:30pm 59.4 3:37am 1 8 0.00 2 17 2:30pm ESE 29.86 48
24 69.7 79.9 4:48pm 63.5 2:05am 0 5 0.00 1 17 1:13pm ESE 29.93 54
25 73.7 89.0 4:34pm 61.9 6:10am 1 9 0.00 1 12 2:17pm SW 29.92 51
26 80.5 98.9 5:01pm 66.5 6:31am 0 15 0.00 2 15 4:47pm W 29.84 45
27 85.5 101.7 4:41pm 76.1 5:16am 0 20 0.00 3 18 2:57am ESE 29.71 35
28 84.4 99.7 5:32pm 74.4 5:19am 0 19 0.00 3 14 5:58am ESE 29.67 36
29 82.3 93.8 4:42pm 73.7 6:15am 0 17 0.00 2 13 1:40am ESE 29.70 33
30 81.4 91.2 4:16pm 75.7 12:55am 0 16 0.00 3 22 5:35am ESE 29.76 37
---------------------------------------------------------------------------------------
TOT 74.2 100.9 6/18/21 41.0 6/10/21 55 331 0.00 3 24 6/7/21 ESE 29.86 40
HEAT BASE: 65.0
COOL BASE: 65.0