2024: Jan | Feb | Mar | Apr | May | Jun | Jul | Aug | Sep | Oct | Nov | Dec
2023: Jan | Feb | Mar | Apr | May | Jun | Jul | Aug | Sep | Oct | Nov | Dec
2022: Jan | Feb | Mar | Apr | May | Jun | Jul | Aug | Sep | Oct | Nov | Dec
2021: Jan | Feb | Mar | Apr | May | Jun | Jul | Aug | Sep | Oct | Nov | Dec
2020: Jan | Feb | Mar | Apr | May | Jun | Jul | Aug | Sep | Oct | Nov | Dec
2019: Jan | Feb | Mar | Apr | May | Jun | Jul | Aug | Sep | Oct | Nov | Dec
2018: Jan | Feb | Mar | Apr | May | Jun | Jul | Aug | Sep | Oct | Nov | Dec
2017: Jan | Feb | Mar | Apr | May | Jun | Jul | Aug | Sep | Oct | Nov | Dec
2016: Jan | Feb | Mar | Apr | May | Jun | Jul | Aug | Sep | Oct | Nov | Dec
2015: Jan | Feb | Mar | Apr | May | Jun | Jul | Aug | Sep | Oct | Nov | Dec
2014: Jan | Feb | Mar | Apr | May | Jun | Jul | Aug | Sep | Oct | Nov | Dec
2013: Jan | Feb | Mar | Apr | May | Jun | Jul | Aug | Sep | Oct | Nov | Dec
2012: Jan | Feb | Mar | Apr | May | Jun | Jul | Aug | Sep | Oct | Nov | Dec
2011: Jan | Feb | Mar | Apr | May | Jun | Jul | Aug | Sep | Oct | Nov | Dec
2010: Jan | Feb | Mar | Apr | May | Jun | Jul | Aug | Sep | Oct | Nov | Dec
2009: Jan | Feb | Mar | Apr | May | Jun | Jul | Aug | Sep | Oct | Nov | Dec
2008: Jan | Feb | Mar | Apr | May | Jun | Jul | Aug | Sep | Oct | Nov | Dec
Report for 2021 07
MONTHLY CLIMATOLOGICAL SUMMARY FOR 7/2021
HEAT COOL
MEAN DEG DEG WIND SPEED DOM MEAN MEAN
DAY TEMP HIGH TIME LOW TIME DAYS DAYS RAIN AVG HI TIME DIR BAROM HUM
---------------------------------------------------------------------------------------
1 79.4 88.5 3:49pm 73.2 6:05am 0 14 0.00 4 18 3:26am ESE 29.80 39
2 80.0 91.7 5:24pm 71.3 6:01am 0 15 0.00 2 14 2:03pm ESE 29.83 39
3 79.3 89.9 5:07pm 71.1 5:54am 0 14 0.00 2 13 12:40pm W 29.84 43
4 79.1 89.9 4:09pm 70.5 3:09am 0 14 0.00 2 15 2:48pm WSW 29.87 41
5 78.5 90.6 4:25pm 69.2 1:44am 0 13 0.00 2 14 1:04pm ESE 29.89 38
6 79.1 90.8 4:23pm 70.6 12:15am 0 14 0.00 2 15 2:44am ESE 29.89 39
7 79.5 93.7 4:41pm 69.2 6:11am 0 15 0.00 2 15 12:34am ESE 29.82 33
8 83.0 97.2 5:08pm 71.2 5:41am 0 18 0.00 3 19 1:12am ESE 29.80 24
9 88.2 101.4 5:10pm 77.8 6:43am 0 23 0.00 4 20 2:58am ESE 29.85 22
10 90.4 103.2 4:00pm 79.6 4:49am 0 25 0.00 4 18 12:09am ESE 29.84 27
11 89.5 100.9 3:09pm 80.7 5:18am 0 25 0.00 5 20 5:45am ESE 29.78 22
12 86.9 98.0 4:06pm 78.2 10:23pm 0 22 0.00 5 24 4:34am ESE 29.76 17
13 83.4 95.1 4:57pm 74.3 10:49pm 0 18 0.00 4 23 11:56am ESE 29.77 23
14 79.2 90.1 4:22pm 66.4 11:58pm 0 14 0.00 3 17 2:14pm ESE 29.83 27
15 74.8 86.8 4:59pm 64.2 1:15am 0 10 0.00 3 20 1:57pm ESE 29.88 35
16 75.7 86.5 4:14pm 65.3 5:49am 0 11 0.00 3 19 2:13pm ESE 29.87 32
17 78.7 91.1 4:30pm 67.6 6:03am 0 14 0.00 3 18 12:59am E 29.88 28
18 81.7 92.9 3:39pm 72.6 5:34am 0 17 0.00 3 19 6:30am ESE 29.92 28
19 81.5 91.5 2:16pm 73.7 5:15am 0 16 0.00 3 19 3:11am ESE 29.94 28
20 80.0 90.2 4:16pm 71.1 11:33pm 0 15 0.00 5 22 1:19pm ESE 29.91 29
21 78.7 90.9 3:26pm 68.1 5:59am 0 14 0.00 4 20 2:50am ESE 29.85 26
22 79.5 91.7 4:01pm 69.8 5:00am 0 15 0.00 4 19 3:15am ESE 29.88 21
23 82.3 94.0 3:30pm 72.7 12:40am 0 17 0.00 3 20 2:35am E 29.93 22
24 81.9 94.2 5:11pm 72.8 6:12am 0 17 0.00 2 14 12:27am ESE 29.89 26
25 81.7 93.4 3:49pm 73.4 6:11am 0 17 0.00 2 16 2:47pm ESE 29.84 27
26 78.3 88.2 3:35pm 71.2 9:07am 0 13 0.00 2 18 3:50pm ESE 29.83 27
27 77.2 92.2 4:56pm 67.1 6:45am 0 12 0.00 1 13 10:13am WNW 29.96 32
28 83.3 96.2 4:23pm 72.9 3:43am 0 18 0.00 3 20 4:27am E 29.95 24
29 83.6 95.5 4:12pm 73.1 4:42am 0 19 0.00 2 15 2:05pm E 29.86 33
30 84.1 95.7 5:42pm 74.4 5:53am 0 19 0.00 2 15 12:49pm ESE 29.84 33
31 82.8 91.5 6:18pm 74.4 11:57pm 0 18 0.00 5 20 11:39am ESE 29.91 30
---------------------------------------------------------------------------------------
TOT 81.3 103.2 7/10/21 64.2 7/15/21 0 506 0.00 3 24 7/12/21 ESE 29.86 29
HEAT BASE: 65.0
COOL BASE: 65.0