2024: Jan | Feb | Mar | Apr | May | Jun | Jul | Aug | Sep | Oct | Nov | Dec
2023: Jan | Feb | Mar | Apr | May | Jun | Jul | Aug | Sep | Oct | Nov | Dec
2022: Jan | Feb | Mar | Apr | May | Jun | Jul | Aug | Sep | Oct | Nov | Dec
2021: Jan | Feb | Mar | Apr | May | Jun | Jul | Aug | Sep | Oct | Nov | Dec
2020: Jan | Feb | Mar | Apr | May | Jun | Jul | Aug | Sep | Oct | Nov | Dec
2019: Jan | Feb | Mar | Apr | May | Jun | Jul | Aug | Sep | Oct | Nov | Dec
2018: Jan | Feb | Mar | Apr | May | Jun | Jul | Aug | Sep | Oct | Nov | Dec
2017: Jan | Feb | Mar | Apr | May | Jun | Jul | Aug | Sep | Oct | Nov | Dec
2016: Jan | Feb | Mar | Apr | May | Jun | Jul | Aug | Sep | Oct | Nov | Dec
2015: Jan | Feb | Mar | Apr | May | Jun | Jul | Aug | Sep | Oct | Nov | Dec
2014: Jan | Feb | Mar | Apr | May | Jun | Jul | Aug | Sep | Oct | Nov | Dec
2013: Jan | Feb | Mar | Apr | May | Jun | Jul | Aug | Sep | Oct | Nov | Dec
2012: Jan | Feb | Mar | Apr | May | Jun | Jul | Aug | Sep | Oct | Nov | Dec
2011: Jan | Feb | Mar | Apr | May | Jun | Jul | Aug | Sep | Oct | Nov | Dec
2010: Jan | Feb | Mar | Apr | May | Jun | Jul | Aug | Sep | Oct | Nov | Dec
2009: Jan | Feb | Mar | Apr | May | Jun | Jul | Aug | Sep | Oct | Nov | Dec
2008: Jan | Feb | Mar | Apr | May | Jun | Jul | Aug | Sep | Oct | Nov | Dec
Report for 2021 09
MONTHLY CLIMATOLOGICAL SUMMARY FOR 9/2021
HEAT COOL
MEAN DEG DEG WIND SPEED DOM MEAN MEAN
DAY TEMP HIGH TIME LOW TIME DAYS DAYS RAIN AVG HI TIME DIR BAROM HUM
---------------------------------------------------------------------------------------
1 70.7 81.1 1:11pm 61.8 10:20pm 0 6 0.00 3 20 1:03am ESE 29.72 28
2 68.8 80.2 1:30pm 59.8 6:37am 2 5 0.00 2 18 12:28pm ESE 29.88 33
3 70.8 82.6 5:04pm 62.0 4:53am 1 7 0.00 2 13 1:49pm ESE 29.92 30
4 75.4 89.5 4:48pm 64.7 3:11am 0 10 0.00 2 16 8:02am E 29.92 27
5 79.1 93.6 2:47pm 68.5 5:51am 0 14 0.00 2 18 7:25am ESE 29.92 20
6 82.3 96.8 1:40pm 71.2 5:40am 0 17 0.00 2 18 3:13pm ESE 29.92 16
7 85.4 100.0 1:28pm 76.0 4:29am 0 20 0.00 3 19 7:01am ESE 29.89 22
8 85.9 100.8 4:29pm 74.8 2:55am 0 21 0.00 3 18 4:20am ESE 29.82 24
9 84.1 96.7 11:23am 70.3 10:37pm 0 19 0.00 2 17 1:12pm E 29.76 26
10 68.5 79.9 4:42pm 62.4 7:09am 1 4 0.29 3 28 2:12am ESE 29.89 68
11 73.6 86.5 1:35pm 63.6 1:43am 0 9 0.00 3 19 7:58am ESE 29.97 43
12 75.1 87.4 1:40pm 65.0 6:53am 0 10 0.00 2 16 2:13pm WSW 29.92 37
13 76.4 91.4 1:10pm 65.5 5:33am 0 11 0.00 3 18 6:27am ESE 29.86 27
14 76.0 89.0 2:17pm 65.6 7:16am 0 11 0.00 2 13 3:22pm SW 29.85 33
15 75.3 88.1 1:05pm 67.6 11:41pm 0 10 0.00 4 19 2:57am ESE 29.83 31
16 72.6 86.1 1:10pm 64.2 7:21am 0 8 0.00 4 21 6:30am ESE 29.78 33
17 71.8 83.7 12:53pm 61.2 11:57pm 0 7 0.00 3 17 12:52pm ESE 29.88 38
18 63.8 73.9 1:39pm 55.9 7:57am 3 2 0.00 3 19 11:29am S 29.98 56
19 60.1 72.1 5:11pm 53.3 8:05am 6 1 0.23 3 18 12:18am NNW 30.04 69
20 69.4 82.7 5:08pm 58.0 12:16am 2 6 0.00 4 20 4:42am E 29.99 36
21 76.8 91.5 1:12pm 67.2 12:00am 0 12 0.00 5 23 2:04am ESE 30.08 25
22 75.9 91.0 12:59pm 66.8 7:15am 0 11 0.00 5 19 2:21pm ESE 30.04 29
23 76.4 90.3 1:40pm 66.5 3:33am 0 11 0.00 5 19 5:29am E 29.90 32
24 78.1 91.7 1:13pm 68.9 6:02am 0 13 0.00 5 20 12:59am ESE 29.88 24
25 74.3 87.7 1:33pm 65.7 7:01am 0 9 0.00 4 19 2:02am ESE 29.92 31
26 69.9 82.8 2:11pm 60.3 11:58pm 1 6 0.00 5 21 4:15am ESE 29.94 37
27 64.9 78.8 12:59pm 56.9 11:57pm 3 3 0.41 5 20 2:24am ESE 29.97 44
28 57.0 69.8 4:50pm 49.3 7:28am 9 1 0.02 2 19 2:40pm NW 29.98 63
29 62.0 75.5 2:08pm 51.7 3:44am 6 3 0.00 2 19 10:47pm ESE 29.99 38
30 67.7 81.6 1:48pm 58.5 2:00am 2 4 0.00 3 21 2:16am ESE 30.01 26
---------------------------------------------------------------------------------------
TOT 72.9 100.8 9/8/21 49.3 9/28/21 35 273 0.96 3 28 9/10/21 ESE 29.91 35
HEAT BASE: 65.0
COOL BASE: 65.0