2024: Jan | Feb | Mar | Apr | May | Jun | Jul | Aug | Sep | Oct | Nov | Dec
2023: Jan | Feb | Mar | Apr | May | Jun | Jul | Aug | Sep | Oct | Nov | Dec
2022: Jan | Feb | Mar | Apr | May | Jun | Jul | Aug | Sep | Oct | Nov | Dec
2021: Jan | Feb | Mar | Apr | May | Jun | Jul | Aug | Sep | Oct | Nov | Dec
2020: Jan | Feb | Mar | Apr | May | Jun | Jul | Aug | Sep | Oct | Nov | Dec
2019: Jan | Feb | Mar | Apr | May | Jun | Jul | Aug | Sep | Oct | Nov | Dec
2018: Jan | Feb | Mar | Apr | May | Jun | Jul | Aug | Sep | Oct | Nov | Dec
2017: Jan | Feb | Mar | Apr | May | Jun | Jul | Aug | Sep | Oct | Nov | Dec
2016: Jan | Feb | Mar | Apr | May | Jun | Jul | Aug | Sep | Oct | Nov | Dec
2015: Jan | Feb | Mar | Apr | May | Jun | Jul | Aug | Sep | Oct | Nov | Dec
2014: Jan | Feb | Mar | Apr | May | Jun | Jul | Aug | Sep | Oct | Nov | Dec
2013: Jan | Feb | Mar | Apr | May | Jun | Jul | Aug | Sep | Oct | Nov | Dec
2012: Jan | Feb | Mar | Apr | May | Jun | Jul | Aug | Sep | Oct | Nov | Dec
2011: Jan | Feb | Mar | Apr | May | Jun | Jul | Aug | Sep | Oct | Nov | Dec
2010: Jan | Feb | Mar | Apr | May | Jun | Jul | Aug | Sep | Oct | Nov | Dec
2009: Jan | Feb | Mar | Apr | May | Jun | Jul | Aug | Sep | Oct | Nov | Dec
2008: Jan | Feb | Mar | Apr | May | Jun | Jul | Aug | Sep | Oct | Nov | Dec
Report for 2022 06
MONTHLY CLIMATOLOGICAL SUMMARY FOR 6/2022
HEAT COOL
MEAN DEG DEG WIND SPEED DOM MEAN MEAN
DAY TEMP HIGH TIME LOW TIME DAYS DAYS RAIN AVG HI TIME DIR BAROM HUM
---------------------------------------------------------------------------------------
1 68.4 81.1 5:49pm 58.1 5:02am 2 6 0.00 1 13 6:07am ESE 29.91 35
2 69.0 78.3 1:32pm 62.2 4:40am 1 5 0.00 3 21 7:19am ESE 29.82 41
3 65.1 72.7 1:43pm 57.9 11:57pm 2 2 0.00 2 15 5:00pm ESE 29.82 56
4 59.4 66.0 5:02pm 52.9 10:12pm 6 0 0.01 1 18 2:25pm SSE 29.93 60
5 57.2 63.0 5:24pm 51.7 12:54am 8 0 1.08 2 20 3:44am S 29.98 86
6 63.5 76.3 4:31pm 54.2 6:25am 4 3 0.00 1 18 4:19am ESE 29.96 70
7 66.9 80.5 4:51pm 55.4 5:56am 3 5 0.00 1 14 6:29am ESE 29.92 48
8 69.9 80.1 5:13pm 61.3 5:55am 1 6 0.00 2 20 7:50am ESE 29.88 50
9 72.0 84.9 4:37pm 62.0 5:49am 1 8 0.00 1 13 1:44pm W 29.87 58
10 75.4 88.8 4:17pm 65.2 6:12am 0 10 0.00 2 14 10:23pm ESE 29.91 50
11 75.6 85.9 3:55pm 65.0 6:54am 0 11 0.00 3 21 3:29am ESE 29.89 46
12 64.7 71.3 12:00am 55.9 11:59pm 2 1 0.09 4 27 4:59pm SSE 29.79 76
13 60.2 70.5 4:42pm 52.4 5:50am 6 1 0.00 2 16 1:31pm NW 29.96 61
14 64.9 79.1 5:17pm 54.0 2:11am 3 3 0.00 1 13 6:31am NW 29.98 37
15 70.6 85.6 4:35pm 58.2 4:13am 2 7 0.00 2 23 6:08am ESE 29.88 35
16 66.1 76.7 3:21pm 56.2 11:55pm 2 3 0.00 3 19 10:55pm S 29.78 38
17 53.1 61.1 4:14pm 45.4 7:03am 12 0 0.00 7 24 2:18am S 29.83 60
18 53.9 65.6 5:24pm 44.7 3:36am 11 0 0.00 1 16 1:09pm N 29.98 65
19 59.5 73.0 5:10pm 47.2 5:32am 7 2 0.00 1 17 2:58pm E 30.08 53
20 67.5 80.1 6:03pm 56.5 4:17am 3 5 0.00 1 18 7:43am E 30.01 46
21 78.1 89.8 4:46pm 64.4 12:21am 0 13 0.00 5 29 4:24am E 29.91 26
22 77.9 86.9 1:29pm 68.7 2:52am 0 13 0.00 3 24 3:58am E 29.88 31
23 75.8 87.5 5:43pm 67.9 6:45am 0 11 0.00 1 20 12:02am ESE 29.86 41
24 77.3 90.2 5:04pm 67.6 6:31am 0 12 0.00 3 22 1:07am ESE 29.84 37
25 78.7 90.9 4:35pm 69.3 6:48am 0 14 0.00 2 19 3:13am E 29.87 31
26 78.9 91.7 4:13pm 70.5 5:47am 0 14 0.00 1 15 7:21am ESE 29.95 33
27 79.0 91.0 4:44pm 69.5 6:45am 0 14 0.00 2 18 6:03am ESE 29.99 26
28 77.6 90.6 3:42pm 68.1 6:09am 0 13 0.00 3 21 11:58pm ESE 29.98 24
29 74.7 86.7 4:57pm 64.6 5:30am 0 10 0.00 3 22 12:15am ESE 29.93 29
30 71.9 82.4 4:57pm 63.5 7:08am 0 7 0.00 2 19 1:57am ESE 29.94 35
---------------------------------------------------------------------------------------
TOT 69.1 91.7 6/26/22 44.7 6/18/22 74 197 1.19 2 29 6/21/22 ESE 29.91 46
HEAT BASE: 65.0
COOL BASE: 65.0