2024: Jan | Feb | Mar | Apr | May | Jun | Jul | Aug | Sep | Oct | Nov | Dec
2023: Jan | Feb | Mar | Apr | May | Jun | Jul | Aug | Sep | Oct | Nov | Dec
2022: Jan | Feb | Mar | Apr | May | Jun | Jul | Aug | Sep | Oct | Nov | Dec
2021: Jan | Feb | Mar | Apr | May | Jun | Jul | Aug | Sep | Oct | Nov | Dec
2020: Jan | Feb | Mar | Apr | May | Jun | Jul | Aug | Sep | Oct | Nov | Dec
2019: Jan | Feb | Mar | Apr | May | Jun | Jul | Aug | Sep | Oct | Nov | Dec
2018: Jan | Feb | Mar | Apr | May | Jun | Jul | Aug | Sep | Oct | Nov | Dec
2017: Jan | Feb | Mar | Apr | May | Jun | Jul | Aug | Sep | Oct | Nov | Dec
2016: Jan | Feb | Mar | Apr | May | Jun | Jul | Aug | Sep | Oct | Nov | Dec
2015: Jan | Feb | Mar | Apr | May | Jun | Jul | Aug | Sep | Oct | Nov | Dec
2014: Jan | Feb | Mar | Apr | May | Jun | Jul | Aug | Sep | Oct | Nov | Dec
2013: Jan | Feb | Mar | Apr | May | Jun | Jul | Aug | Sep | Oct | Nov | Dec
2012: Jan | Feb | Mar | Apr | May | Jun | Jul | Aug | Sep | Oct | Nov | Dec
2011: Jan | Feb | Mar | Apr | May | Jun | Jul | Aug | Sep | Oct | Nov | Dec
2010: Jan | Feb | Mar | Apr | May | Jun | Jul | Aug | Sep | Oct | Nov | Dec
2009: Jan | Feb | Mar | Apr | May | Jun | Jul | Aug | Sep | Oct | Nov | Dec
2008: Jan | Feb | Mar | Apr | May | Jun | Jul | Aug | Sep | Oct | Nov | Dec
Report for 2022 07
MONTHLY CLIMATOLOGICAL SUMMARY FOR 7/2022
HEAT COOL
MEAN DEG DEG WIND SPEED DOM MEAN MEAN
DAY TEMP HIGH TIME LOW TIME DAYS DAYS RAIN AVG HI TIME DIR BAROM HUM
---------------------------------------------------------------------------------------
1 71.2 83.4 4:41pm 61.7 5:44am 1 7 0.00 2 19 11:58pm ESE 29.92 36
2 68.1 77.3 4:13pm 58.4 11:59pm 1 4 0.00 3 19 12:00am ESE 29.86 42
3 61.2 71.2 5:10pm 53.6 5:45am 5 1 0.00 3 18 3:17am SE 29.90 55
4 64.1 76.1 5:28pm 52.8 2:52am 4 3 0.00 1 15 1:37pm ESE 29.95 57
5 66.5 76.2 3:34pm 58.6 3:51am 2 3 0.00 1 17 3:10pm WSW 29.92 70
6 64.8 76.1 5:13pm 56.6 5:50am 3 3 0.00 1 15 1:43pm SSW 29.92 71
7 68.4 79.8 5:43pm 59.6 5:16am 2 5 0.00 2 17 1:17pm ESE 29.97 60
8 72.5 84.5 4:38pm 63.6 4:36am 0 8 0.00 2 19 4:41am ESE 29.99 50
9 72.7 83.8 4:48pm 63.6 5:43am 0 8 0.00 2 20 12:32am ESE 30.06 44
10 74.5 89.0 4:16pm 63.3 6:24am 0 10 0.00 1 14 3:03am ESE 30.02 40
11 78.3 92.7 4:56pm 67.4 6:34am 0 13 0.00 1 15 1:48am ESE 29.87 42
12 78.3 91.0 3:48pm 69.4 7:07am 0 13 0.00 2 13 1:30am ESE 29.81 41
13 75.1 87.0 4:23pm 66.3 4:22am 0 10 0.00 2 16 11:39pm ESE 29.87 42
14 77.2 90.4 4:36pm 67.5 7:10am 0 12 0.00 2 18 4:10am ESE 29.90 38
15 78.9 91.8 5:12pm 68.7 7:09am 0 14 0.00 3 20 1:18am ESE 29.91 33
16 82.3 94.9 4:11pm 73.0 7:00am 0 17 0.00 2 18 6:18am ESE 29.86 35
17 82.3 95.1 4:31pm 73.9 6:06am 0 17 0.00 3 21 2:03pm ESE 29.78 32
18 81.1 92.7 3:20pm 73.4 11:11pm 0 16 0.00 3 19 1:48am ESE 29.87 31
19 80.4 92.2 5:14pm 72.7 3:02am 0 15 0.00 2 15 11:45pm ESE 29.93 32
20 76.3 89.3 11:59am 72.1 6:40am 0 6 0.00 5 22 6:48am ESE 29.96 38
---------------------------------------------------------------------------------------
TOT 73.6 95.1 7/17/22 52.8 7/4/22 18 186 0.00 2 22 7/20/22 ESE 29.91 45
HEAT BASE: 65.0
COOL BASE: 65.0