NOAA-reports For Foresthill Weather.com
2022: Jan | Feb | Mar | Apr | May | Jun | Jul | Aug | Sep | Oct | Nov | Dec 
 2021: Jan | Feb | Mar | Apr | May | Jun | Jul | Aug | Sep | Oct | Nov | Dec 
 2020: Jan | Feb | Mar | Apr | May | Jun | Jul | Aug | Sep | Oct | Nov | Dec 
 2019: Jan | Feb | Mar | Apr | May | Jun | Jul | Aug | Sep | Oct | Nov | Dec 
2018: Jan | Feb | Mar | Apr | May | Jun | Jul | Aug | Sep | Oct | Nov | Dec 
2017: Jan | Feb | Mar | Apr | May | Jun | Jul | Aug | Sep | Oct | Nov | Dec 
2016: Jan | Feb | Mar | Apr | May | Jun | Jul | Aug | Sep | Oct | Nov | Dec 
2015: Jan | Feb | Mar | Apr | May | Jun | Jul | Aug | Sep | Oct | Nov | Dec 
2014: Jan | Feb | Mar | Apr | May | Jun | Jul | Aug | Sep | Oct | Nov | Dec 
2013: Jan | Feb | Mar | Apr | May | Jun | Jul | Aug | Sep | Oct | Nov | Dec 
2012: Jan | Feb | Mar | Apr | May | Jun | Jul | Aug | Sep | Oct | Nov | Dec 
2011: Jan | Feb | Mar | Apr | May | Jun | Jul | Aug | Sep | Oct | Nov | Dec 
2010: Jan | Feb | Mar | Apr | May | Jun | Jul | Aug | Sep | Oct | Nov | Dec 
2009: Jan | Feb | Mar | Apr | May | Jun | Jul | Aug | Sep | Oct | Nov | Dec 
2008: Jan | Feb | Mar | Apr | May | Jun | Jul | Aug | Sep | Oct | Nov | Dec 

Report for 2022 01
MONTHLY CLIMATOLOGICAL SUMMARY FOR 1/2022 HEAT COOL MEAN DEG DEG WIND SPEED DOM MEAN MEAN DAY TEMP HIGH TIME LOW TIME DAYS DAYS RAIN AVG HI TIME DIR BAROM HUM --------------------------------------------------------------------------------------- 1 33.2 44.8 1:34pm 27.3 4:06am 32 0 0.00 3 22 7:04am ESE 30.25 79 2 35.7 47.4 1:27pm 29.8 7:12am 29 0 0.00 3 17 10:25am ESE 30.36 80 3 36.4 41.7 12:11pm 31.2 4:18am 29 0 0.22 8 26 6:43pm SSE 30.29 82 4 40.6 42.4 5:20pm 39.0 11:58pm 24 0 0.45 3 22 12:00am SSE 30.38 96 5 43.0 52.7 1:58pm 38.3 1:37am 22 0 0.01 1 19 2:20am ESE 30.33 93 6 44.5 56.2 2:01pm 39.8 6:35am 21 0 0.00 1 16 9:52am ESE 30.11 90 7 41.6 44.3 2:20pm 37.1 11:46pm 23 0 0.51 2 18 11:40am ESE 30.01 97 8 40.1 50.4 2:13pm 34.4 7:12am 25 0 0.00 2 19 8:51pm ESE 30.19 90 9 43.7 59.7 1:47pm 35.7 1:55am 21 0 0.00 3 23 9:41pm E 30.40 65 10 47.1 59.6 12:57pm 39.9 3:03am 18 0 0.00 3 25 7:21am ESE 30.49 55 11 50.0 63.0 12:48pm 43.6 4:35am 15 0 0.00 1 13 12:34am ESE 30.41 59 12 52.7 67.7 1:13pm 46.2 7:48am 12 0 0.00 1 21 3:12am ESE 30.33 55 13 49.6 63.8 2:05pm 43.8 7:50am 15 0 0.00 2 19 2:15am ESE 30.29 52 14 51.5 67.7 1:59pm 43.1 4:42am 14 0 0.00 4 30 8:17am E 30.24 46 15 50.5 62.6 1:30pm 44.8 11:43pm 14 0 0.00 2 19 12:06am E 30.25 46 16 48.2 59.8 1:15pm 43.2 1:25am 17 0 0.00 1 15 1:11am ESE 30.17 52 17 48.3 61.1 1:33pm 42.7 7:42am 17 0 0.00 1 12 3:08am ESE 30.11 56 18 46.4 57.3 1:24pm 40.9 7:23am 19 0 0.00 1 18 7:23am E 30.16 66 19 47.2 57.8 1:59pm 39.3 7:10am 18 0 0.00 1 16 10:00pm E 30.27 66 20 49.4 63.9 1:26pm 41.8 6:36am 16 0 0.00 1 12 9:32am E 30.35 65 21 49.1 62.9 2:12pm 42.4 6:19am 16 0 0.00 2 32 4:13pm E 30.23 43 22 47.8 50.8 3:43am 44.7 5:58am 4 0 0.00 10 40 3:54am E 30.19 34 --------------------------------------------------------------------------------------- TOT 45.2 67.7 1/12/22 27.3 1/1/22 421 0 1.20 2 40 1/22/22 ESE 30.27 68 HEAT BASE: 65.0 COOL BASE: 65.0
powered by Cumulus v1.9.3 (1059)
Ambient Weather VWS v14.00
Top Website Map Copyright © 2007 - noaa Foresthillweather.com Never base important decisions on this or any weather information obtained from the Internet