NOAA-reports For Foresthill Weather.com
2018: Jan | Feb | Mar | Apr | May | Jun | Jul | Aug | Sep | Oct | Nov | Dec 
2017: Jan | Feb | Mar | Apr | May | Jun | Jul | Aug | Sep | Oct | Nov | Dec 
2016: Jan | Feb | Mar | Apr | May | Jun | Jul | Aug | Sep | Oct | Nov | Dec 
2015: Jan | Feb | Mar | Apr | May | Jun | Jul | Aug | Sep | Oct | Nov | Dec 
2014: Jan | Feb | Mar | Apr | May | Jun | Jul | Aug | Sep | Oct | Nov | Dec 
2013: Jan | Feb | Mar | Apr | May | Jun | Jul | Aug | Sep | Oct | Nov | Dec 
2012: Jan | Feb | Mar | Apr | May | Jun | Jul | Aug | Sep | Oct | Nov | Dec 
2011: Jan | Feb | Mar | Apr | May | Jun | Jul | Aug | Sep | Oct | Nov | Dec 
2010: Jan | Feb | Mar | Apr | May | Jun | Jul | Aug | Sep | Oct | Nov | Dec 
2009: Jan | Feb | Mar | Apr | May | Jun | Jul | Aug | Sep | Oct | Nov | Dec 
2008: Jan | Feb | Mar | Apr | May | Jun | Jul | Aug | Sep | Oct | Nov | Dec 

Report for 2018 08
MONTHLY CLIMATOLOGICAL SUMMARY FOR 8/2018 HEAT COOL MEAN DEG DEG WIND SPEED DOM MEAN MEAN DAY TEMP HIGH TIME LOW TIME DAYS DAYS RAIN AVG HI TIME DIR BAROM HUM --------------------------------------------------------------------------------------- 1 79.8 91.6 1:08pm 71.9 6:27am 0 15 0.00 2 18 11:35pm E 29.88 36 2 78.1 91.0 1:53pm 69.8 7:20am 0 13 0.00 3 20 8:08am ESE 29.87 32 3 75.4 86.1 12:36pm 67.1 7:24am 0 10 0.00 2 19 4:07am ESE 29.89 34 4 75.2 86.6 2:50pm 68.0 7:30am 0 10 0.00 3 20 11:33pm ESE 29.88 30 5 72.9 85.3 1:09pm 64.5 7:39am 0 8 0.00 2 21 12:21am E 29.90 35 6 72.4 83.5 1:47pm 63.0 5:25am 0 8 0.00 1 11 1:38am E 29.95 41 7 74.7 86.6 3:45pm 66.3 6:26am 0 10 0.00 1 12 4:29am E 29.87 41 8 77.4 90.1 2:30pm 69.1 7:50am 0 12 0.00 1 16 2:47am E 29.89 41 9 79.1 90.9 4:50pm 70.7 5:07am 0 14 0.00 2 14 3:00am E 29.91 36 10 80.6 93.9 1:51pm 72.3 6:50am 0 16 0.00 2 18 7:40am E 29.92 34 11 79.6 92.0 2:29pm 71.8 7:05am 0 15 0.00 2 21 8:42am ESE 29.90 32 12 78.3 92.4 1:30pm 70.5 6:37am 0 13 0.00 3 16 4:06am ESE 29.88 30 13 77.4 89.7 12:56pm 70.2 6:32am 0 12 0.00 2 18 4:11am ESE 29.88 30 14 75.3 85.2 3:49pm 68.8 3:48am 0 10 0.00 1 18 5:12am ESE 29.84 35 15 75.8 88.5 2:28pm 68.8 7:24am 0 11 0.00 1 14 6:18am ESE 29.87 37 16 77.4 88.9 1:02pm 69.2 6:47am 0 12 0.00 1 16 7:12am ESE 29.97 34 17 79.1 90.5 1:55pm 70.1 7:13am 0 14 0.00 2 18 1:04am E 30.01 38 18 79.4 92.8 2:51pm 70.3 7:24am 0 14 0.00 2 19 5:47am E 29.99 35 19 78.7 91.8 1:37pm 70.6 5:53am 0 14 0.00 2 15 5:00am E 29.89 29 20 77.6 91.3 2:37pm 68.3 6:47am 0 12 0.00 3 19 3:01pm ESE 29.83 26 --------------------------------------------------------------------------------------- TOT 77.2 93.9 8/10/18 63.0 8/6/18 0 243 0.00 2 21 8/5/18 ESE 29.90 34 HEAT BASE: 65.0 COOL BASE: 65.0
powered by Cumulus v1.9.3 (1059)
Ambient Weather VWS v14.00
Top Contact Website Map Copyright © 2007 - noaa Foresthillweather.com Never base important decisions on this or any weather information obtained from the Internet