NOAA-reports For Foresthill Weather.com
2017: Jan | Feb | Mar | Apr | May | Jun | Jul | Aug | Sep | Oct | Nov | Dec 
2016: Jan | Feb | Mar | Apr | May | Jun | Jul | Aug | Sep | Oct | Nov | Dec 
2015: Jan | Feb | Mar | Apr | May | Jun | Jul | Aug | Sep | Oct | Nov | Dec 
2014: Jan | Feb | Mar | Apr | May | Jun | Jul | Aug | Sep | Oct | Nov | Dec 
2013: Jan | Feb | Mar | Apr | May | Jun | Jul | Aug | Sep | Oct | Nov | Dec 
2012: Jan | Feb | Mar | Apr | May | Jun | Jul | Aug | Sep | Oct | Nov | Dec 
2011: Jan | Feb | Mar | Apr | May | Jun | Jul | Aug | Sep | Oct | Nov | Dec 
2010: Jan | Feb | Mar | Apr | May | Jun | Jul | Aug | Sep | Oct | Nov | Dec 
2009: Jan | Feb | Mar | Apr | May | Jun | Jul | Aug | Sep | Oct | Nov | Dec 
2008: Jan | Feb | Mar | Apr | May | Jun | Jul | Aug | Sep | Oct | Nov | Dec 

Report for 2017 05
MONTHLY CLIMATOLOGICAL SUMMARY FOR 5/2017 HEAT COOL MEAN DEG DEG WIND SPEED DOM MEAN MEAN DAY TEMP HIGH TIME LOW TIME DAYS DAYS RAIN AVG HI TIME DIR BAROM HUM --------------------------------------------------------------------------------------- 1 66.2 80.6 1:38pm 54.4 5:54am 4 5 0.00 2 18 5:31pm NNW 30.03 46 2 68.4 77.9 1:05pm 59.3 7:21am 2 5 0.00 2 21 11:39pm E 29.94 56 3 72.7 82.8 1:32pm 65.8 12:00am 0 8 0.00 4 26 6:03am ESE 29.93 48 4 71.9 84.1 1:37pm 64.5 6:50am 0 7 0.00 4 23 7:02am ESE 29.88 58 5 63.9 72.4 1:27pm 53.2 11:59pm 3 2 0.00 3 19 4:19pm SE 29.81 61 6 49.2 54.3 4:29pm 43.5 8:02am 16 0 0.03 1 17 1:40am S 29.74 80 7 54.5 63.8 5:16pm 45.9 5:21am 11 0 0.00 1 14 1:53pm WNW 29.81 80 8 59.4 69.7 4:48pm 50.1 5:05am 7 1 0.00 1 14 2:57pm NW 29.92 73 9 65.4 75.8 4:17pm 54.3 4:38am 3 4 0.00 2 15 6:02am E 29.84 53 10 62.8 72.9 2:09pm 54.7 11:54pm 4 1 0.00 3 20 6:17am ESE 29.93 66 11 56.1 66.8 2:16pm 47.7 6:27am 9 0 0.00 3 17 3:45pm SSE 30.09 76 12 49.5 56.8 1:55pm 42.4 7:12am 16 0 0.00 2 16 3:30pm W 30.08 65 13 48.4 58.3 1:52pm 40.1 6:06am 17 0 0.00 1 17 1:36pm WNW 30.05 61 14 50.3 60.5 2:43pm 41.8 5:21am 15 0 0.00 2 16 2:49pm ESE 29.92 56 15 53.1 63.2 6:10pm 42.2 5:36am 12 0 0.00 2 15 3:31pm SSE 29.88 61 16 49.4 52.3 12:00am 47.1 6:05am 16 0 0.22 5 24 7:38pm S 29.98 79 17 51.1 59.5 4:44pm 44.9 6:58am 14 0 0.15 1 18 1:34pm WNW 30.04 78 18 58.6 69.9 4:30pm 46.8 5:07am 8 1 0.00 2 21 11:59pm E 30.00 57 19 64.3 74.9 2:06pm 54.1 4:10am 4 3 0.00 1 22 6:23am E 29.97 49 20 67.5 78.7 3:33pm 57.1 6:26am 2 5 0.00 1 12 5:51pm ESE 29.95 52 21 70.3 82.3 2:15pm 59.4 5:51am 1 7 0.00 1 15 6:14am E 29.93 48 22 73.5 85.1 1:21pm 64.0 6:08am 0 9 0.00 1 13 2:47am E 29.94 46 23 74.9 86.5 1:29pm 66.0 6:03am 0 10 0.00 1 17 3:16pm ESE 29.90 48 24 70.9 82.7 1:41pm 60.4 11:56pm 0 6 0.00 3 19 3:06am ESE 29.73 47 25 58.4 66.9 2:50pm 49.5 8:09am 7 0 0.00 2 18 3:27pm SE 29.70 66 26 54.7 63.6 2:01pm 46.7 5:00am 10 0 0.00 1 11 12:37pm WSW 29.94 79 27 58.8 69.1 4:35pm 49.2 5:51am 7 1 0.00 1 11 1:48pm W 30.06 76 28 65.4 77.3 4:34pm 55.6 2:48am 3 4 0.00 1 14 7:23am E 30.04 67 --------------------------------------------------------------------------------------- TOT 61.0 86.5 5/23/17 40.1 5/13/17 188 77 0.40 2 26 5/3/17 ESE 29.93 62 HEAT BASE: 65.0 COOL BASE: 65.0
powered by Cumulus v1.9.3 (1059)
Ambient Weather VWS v14.00
Top Contact Website Map Copyright © 2007 - noaa Foresthillweather.com Never base important decisions on this or any weather information obtained from the Internet