NOAA-reports For Foresthill Weather.com
2020: Jan | Feb | Mar | Apr | May | Jun | Jul | Aug | Sep | Oct | Nov | Dec 
 2019: Jan | Feb | Mar | Apr | May | Jun | Jul | Aug | Sep | Oct | Nov | Dec 
2018: Jan | Feb | Mar | Apr | May | Jun | Jul | Aug | Sep | Oct | Nov | Dec 
2017: Jan | Feb | Mar | Apr | May | Jun | Jul | Aug | Sep | Oct | Nov | Dec 
2016: Jan | Feb | Mar | Apr | May | Jun | Jul | Aug | Sep | Oct | Nov | Dec 
2015: Jan | Feb | Mar | Apr | May | Jun | Jul | Aug | Sep | Oct | Nov | Dec 
2014: Jan | Feb | Mar | Apr | May | Jun | Jul | Aug | Sep | Oct | Nov | Dec 
2013: Jan | Feb | Mar | Apr | May | Jun | Jul | Aug | Sep | Oct | Nov | Dec 
2012: Jan | Feb | Mar | Apr | May | Jun | Jul | Aug | Sep | Oct | Nov | Dec 
2011: Jan | Feb | Mar | Apr | May | Jun | Jul | Aug | Sep | Oct | Nov | Dec 
2010: Jan | Feb | Mar | Apr | May | Jun | Jul | Aug | Sep | Oct | Nov | Dec 
2009: Jan | Feb | Mar | Apr | May | Jun | Jul | Aug | Sep | Oct | Nov | Dec 
2008: Jan | Feb | Mar | Apr | May | Jun | Jul | Aug | Sep | Oct | Nov | Dec 

Report for 2020 11
MONTHLY CLIMATOLOGICAL SUMMARY FOR 11/2020 HEAT COOL MEAN DEG DEG WIND SPEED DOM MEAN MEAN DAY TEMP HIGH TIME LOW TIME DAYS DAYS RAIN AVG HI TIME DIR BAROM HUM --------------------------------------------------------------------------------------- 1 66.3 81.7 1:24pm 58.8 6:41am 2 4 0.00 2 18 6:41am ESE 30.17 25 2 67.6 82.3 12:23pm 60.3 11:56pm 2 4 0.00 2 22 3:20am ESE 30.10 21 3 65.2 79.1 1:40pm 58.5 6:35am 3 3 0.00 2 20 1:25am ESE 30.07 22 4 64.5 78.8 12:29pm 56.8 5:36am 3 3 0.02 2 18 5:50am E 30.20 25 5 65.3 77.8 11:30am 58.2 4:52am 3 3 0.00 2 20 5:28am ESE 30.08 29 6 47.8 58.3 12:00am 39.1 11:53pm 17 0 0.07 3 26 5:42am SSE 29.69 68 7 42.0 49.5 1:33pm 35.4 7:22am 23 0 0.01 2 21 10:41pm S 29.73 74 8 37.1 43.6 12:22pm 33.5 6:46pm 28 0 0.03 2 21 8:24pm ENE 29.81 80 9 37.3 47.9 1:35pm 30.9 3:42am 28 0 0.00 2 20 6:36am E 30.22 64 10 41.5 54.4 1:41pm 33.0 6:33am 23 0 0.00 2 16 10:26pm ESE 30.28 60 11 43.4 55.5 2:07pm 36.8 6:24am 22 0 0.00 2 18 10:22pm ESE 30.15 58 12 45.1 57.3 1:03pm 38.0 6:17am 20 0 0.00 3 20 12:16am ESE 30.13 46 13 14 47.7 53.1 1:18pm 39.4 7:41am 11 0 0.00 1 22 8:12am SSE 30.32 88 15 49.3 62.9 1:27pm 40.0 5:29am 16 0 0.00 3 22 1:53am ESE 30.33 58 16 56.2 69.3 1:30pm 49.4 12:40am 9 0 0.00 3 22 6:47am ESE 30.10 52 17 54.0 61.0 6:02am 46.1 11:49pm 11 0 1.00 6 29 8:44am SSE 29.92 59 18 46.7 48.3 2:34pm 42.9 11:54pm 18 0 1.61 5 27 5:56am SSW 30.08 96 19 43.8 54.2 1:41pm 37.7 6:44am 21 0 0.01 1 18 10:20pm ESE 30.31 88 20 45.8 58.5 1:03pm 40.4 7:22am 19 0 0.00 2 19 3:33am E 30.29 65 21 49.0 61.6 12:56pm 42.6 2:57am 16 0 0.00 1 22 7:44am E 30.23 62 22 49.1 60.4 12:22pm 44.2 7:31am 16 0 0.00 1 16 1:20am ESE 30.07 64 23 46.0 56.6 1:13pm 40.9 7:37am 19 0 0.00 0 11 11:02am NNW 30.05 72 24 46.6 57.0 1:31pm 42.2 4:12am 18 0 0.00 2 18 8:36pm E 30.13 68 25 43.5 52.1 1:41pm 37.7 11:40pm 22 0 0.00 2 18 1:07am SE 30.20 79 26 43.3 53.6 1:07pm 36.0 8:09am 22 0 0.00 1 23 3:58am E 30.28 49 27 45.4 56.3 1:19pm 39.6 7:04am 20 0 0.00 1 22 12:30am E 30.28 54 28 46.7 58.7 1:43pm 40.2 4:41am 18 0 0.00 1 21 6:36am ESE 30.30 57 29 47.8 61.2 1:36pm 42.6 4:17am 10 0 0.00 1 9 7:52am ESE 30.25 50 --------------------------------------------------------------------------------------- TOT 49.4 82.3 11/2/20 30.9 11/9/20 440 17 4.04 2 31 11/13/20 ESE 30.13 58 HEAT BASE: 65.0 COOL BASE: 65.0
powered by Cumulus v1.9.3 (1059)
Ambient Weather VWS v14.00
Top Website Map Copyright © 2007 - noaa Foresthillweather.com Never base important decisions on this or any weather information obtained from the Internet