NOAA-reports For Foresthill Weather.com
2021: Jan | Feb | Mar | Apr | May | Jun | Jul | Aug | Sep | Oct | Nov | Dec 
 2020: Jan | Feb | Mar | Apr | May | Jun | Jul | Aug | Sep | Oct | Nov | Dec 
 2019: Jan | Feb | Mar | Apr | May | Jun | Jul | Aug | Sep | Oct | Nov | Dec 
2018: Jan | Feb | Mar | Apr | May | Jun | Jul | Aug | Sep | Oct | Nov | Dec 
2017: Jan | Feb | Mar | Apr | May | Jun | Jul | Aug | Sep | Oct | Nov | Dec 
2016: Jan | Feb | Mar | Apr | May | Jun | Jul | Aug | Sep | Oct | Nov | Dec 
2015: Jan | Feb | Mar | Apr | May | Jun | Jul | Aug | Sep | Oct | Nov | Dec 
2014: Jan | Feb | Mar | Apr | May | Jun | Jul | Aug | Sep | Oct | Nov | Dec 
2013: Jan | Feb | Mar | Apr | May | Jun | Jul | Aug | Sep | Oct | Nov | Dec 
2012: Jan | Feb | Mar | Apr | May | Jun | Jul | Aug | Sep | Oct | Nov | Dec 
2011: Jan | Feb | Mar | Apr | May | Jun | Jul | Aug | Sep | Oct | Nov | Dec 
2010: Jan | Feb | Mar | Apr | May | Jun | Jul | Aug | Sep | Oct | Nov | Dec 
2009: Jan | Feb | Mar | Apr | May | Jun | Jul | Aug | Sep | Oct | Nov | Dec 
2008: Jan | Feb | Mar | Apr | May | Jun | Jul | Aug | Sep | Oct | Nov | Dec 

Report for 2021 02
MONTHLY CLIMATOLOGICAL SUMMARY FOR 2/2021 HEAT COOL MEAN DEG DEG WIND SPEED DOM MEAN MEAN DAY TEMP HIGH TIME LOW TIME DAYS DAYS RAIN AVG HI TIME DIR BAROM HUM --------------------------------------------------------------------------------------- 1 48.4 57.7 1:34pm 43.2 1:33am 17 0 0.00 3 21 12:04pm ESE 30.07 67 2 42.5 44.9 2:42am 40.1 11:54pm 23 0 0.92 2 20 4:52am SE 30.14 93 3 38.2 44.3 1:15pm 33.5 11:48pm 27 0 0.01 1 16 6:15am SE 30.26 89 4 42.2 54.1 2:27pm 33.4 12:00am 23 0 0.00 2 20 3:11am E 30.29 70 5 47.6 59.0 1:59pm 40.6 7:21am 17 0 0.00 1 12 7:57pm ENE 30.24 59 6 49.6 63.3 1:13pm 42.0 6:38am 15 0 0.00 1 16 6:49am E 30.14 49 7 49.2 63.0 1:54pm 41.8 7:37am 16 0 0.00 1 18 9:47pm ESE 30.03 58 8 48.2 58.9 12:05pm 40.4 7:04am 17 0 0.00 1 18 4:28am ESE 30.01 56 9 49.7 56.7 12:26pm 45.2 6:26am 15 0 0.00 1 19 1:10am E 30.04 73 10 49.5 60.1 1:38pm 44.6 4:22am 16 0 0.00 1 14 1:59pm ESE 30.10 77 11 46.0 51.3 10:10am 43.7 10:42pm 19 0 1.35 4 24 6:22pm ESE 30.06 85 12 44.0 51.8 1:43pm 40.0 8:43am 21 0 0.70 1 20 2:44am ESE 30.03 92 13 41.2 45.0 11:57am 36.1 9:58pm 24 0 0.40 2 25 5:49am SE 30.03 93 14 40.7 47.6 1:42pm 36.2 5:47am 24 0 0.05 1 13 11:56pm ESE 30.13 83 15 44.2 46.1 12:07pm 40.8 12:00am 21 0 0.63 5 21 7:47am SSE 30.11 96 16 42.6 50.7 2:41pm 36.8 11:21pm 22 0 0.00 0 12 2:57pm W 30.16 87 17 41.3 54.3 2:26pm 32.2 7:39am 24 0 0.00 2 21 11:21am E 30.24 56 18 41.7 50.6 1:28pm 34.1 12:26am 23 0 0.00 2 20 5:29am ESE 30.40 60 19 43.0 46.3 1:12pm 40.0 11:58pm 22 0 0.29 4 24 10:13pm SE 30.34 93 20 39.2 47.5 2:43pm 35.1 7:33am 26 0 0.19 2 26 12:11am NNW 30.35 87 21 43.7 54.8 2:16pm 34.8 1:27am 21 0 0.00 1 18 2:29am E 30.47 65 22 50.4 63.8 1:52pm 41.2 1:57am 15 0 0.00 1 9 10:14am E 30.35 58 23 54.5 69.6 12:27pm 45.5 12:37am 11 1 0.00 2 16 1:57am NNW 30.17 42 24 48.1 64.1 1:33pm 36.3 11:14pm 17 0 0.00 3 26 4:18pm E 30.20 28 25 47.0 60.1 2:08pm 36.4 12:00am 18 0 0.00 2 29 3:57am ESE 30.27 34 26 39.5 41.8 12:00am 37.8 6:41am 7 0 0.00 1 12 6:05am E 30.22 55 --------------------------------------------------------------------------------------- TOT 45.2 69.6 2/23/21 32.2 2/17/21 500 1 4.56 2 29 2/25/21 ESE 30.19 70 HEAT BASE: 65.0 COOL BASE: 65.0
powered by Cumulus v1.9.3 (1059)
Ambient Weather VWS v14.00
Top Website Map Copyright © 2007 - noaa Foresthillweather.com Never base important decisions on this or any weather information obtained from the Internet