NOAA-reports For Foresthill Weather.com
2019: Jan | Feb | Mar | Apr | May | Jun | Jul | Aug | Sep | Oct | Nov | Dec 
2018: Jan | Feb | Mar | Apr | May | Jun | Jul | Aug | Sep | Oct | Nov | Dec 
2017: Jan | Feb | Mar | Apr | May | Jun | Jul | Aug | Sep | Oct | Nov | Dec 
2016: Jan | Feb | Mar | Apr | May | Jun | Jul | Aug | Sep | Oct | Nov | Dec 
2015: Jan | Feb | Mar | Apr | May | Jun | Jul | Aug | Sep | Oct | Nov | Dec 
2014: Jan | Feb | Mar | Apr | May | Jun | Jul | Aug | Sep | Oct | Nov | Dec 
2013: Jan | Feb | Mar | Apr | May | Jun | Jul | Aug | Sep | Oct | Nov | Dec 
2012: Jan | Feb | Mar | Apr | May | Jun | Jul | Aug | Sep | Oct | Nov | Dec 
2011: Jan | Feb | Mar | Apr | May | Jun | Jul | Aug | Sep | Oct | Nov | Dec 
2010: Jan | Feb | Mar | Apr | May | Jun | Jul | Aug | Sep | Oct | Nov | Dec 
2009: Jan | Feb | Mar | Apr | May | Jun | Jul | Aug | Sep | Oct | Nov | Dec 
2008: Jan | Feb | Mar | Apr | May | Jun | Jul | Aug | Sep | Oct | Nov | Dec 

Report for 2019 07
MONTHLY CLIMATOLOGICAL SUMMARY FOR 7/2019 HEAT COOL MEAN DEG DEG WIND SPEED DOM MEAN MEAN DAY TEMP HIGH TIME LOW TIME DAYS DAYS RAIN AVG HI TIME DIR BAROM HUM --------------------------------------------------------------------------------------- 1 67.7 78.3 2:08pm 58.6 6:38am 2 4 0.00 2 18 2:10am ESE 29.98 47 2 67.4 79.3 2:28pm 59.1 6:26am 2 4 0.00 2 18 6:31am ESE 29.92 47 3 67.0 76.1 5:10pm 58.8 6:17am 2 4 0.00 1 12 6:22am E 29.87 56 4 68.9 78.7 5:53pm 59.2 6:51am 1 5 0.00 1 11 4:27am E 29.89 54 5 71.5 81.6 1:44pm 62.8 6:22am 0 7 0.00 1 14 7:00am E 29.95 56 6 72.2 82.9 1:59pm 64.1 6:34am 0 7 0.00 1 14 7:00am ESE 29.93 54 7 70.4 78.7 1:09pm 63.1 11:58pm 0 5 0.00 3 20 1:54am ESE 29.85 50 8 66.0 76.0 2:05pm 59.3 7:02am 2 3 0.00 3 20 12:50pm ESE 29.90 53 9 67.3 78.2 2:38pm 58.4 5:47am 2 4 0.00 1 18 7:07am E 29.99 48 10 70.2 81.2 2:32pm 61.7 4:59am 1 6 0.00 1 16 2:05am ESE 30.04 53 11 72.8 83.4 2:10pm 64.3 6:23am 0 8 0.00 1 15 1:49am E 29.99 54 12 74.5 84.7 1:54pm 66.1 5:15am 0 9 0.00 1 13 6:51am E 29.88 54 13 76.4 87.5 1:21pm 68.1 7:18am 0 11 0.00 2 18 1:36am E 29.85 48 14 75.2 86.2 2:41pm 67.1 7:08am 0 10 0.00 4 20 1:15am ESE 29.93 41 15 73.9 84.5 2:10pm 65.5 7:13am 0 9 0.00 3 19 3:32am ESE 29.94 41 16 72.1 82.6 3:04pm 65.1 7:27am 0 7 0.00 2 16 1:09am E 29.84 53 17 72.3 82.5 1:29pm 64.3 6:51am 0 7 0.00 1 15 2:57am E 29.86 58 18 73.3 85.2 2:38pm 65.3 6:51am 0 8 0.00 2 18 3:12pm ESE 29.86 55 19 72.1 81.2 3:09pm 65.9 7:03am 0 7 0.00 1 18 3:57am ESE 29.83 57 20 70.9 79.6 3:20pm 62.3 5:18am 0 6 0.00 1 15 7:41am ESE 29.86 59 21 73.3 84.2 2:36pm 66.1 6:54am 0 8 0.00 1 14 2:18am W 29.89 58 22 76.9 89.4 1:43pm 68.5 7:06am 0 12 0.00 2 18 5:34am E 29.92 53 23 76.9 87.5 2:01pm 69.8 2:44am 0 9 0.00 3 20 3:04am ESE 29.95 51 --------------------------------------------------------------------------------------- TOT 71.6 89.4 7/22/19 58.4 7/9/19 13 164 0.00 2 20 7/7/19 ESE 29.91 52 HEAT BASE: 65.0 COOL BASE: 65.0
powered by Cumulus v1.9.3 (1059)
Ambient Weather VWS v14.00
Top Contact Website Map Copyright © 2007 - noaa Foresthillweather.com Never base important decisions on this or any weather information obtained from the Internet