NOAA-reports For Foresthill Weather.com
2019: Jan | Feb | Mar | Apr | May | Jun | Jul | Aug | Sep | Oct | Nov | Dec 
2018: Jan | Feb | Mar | Apr | May | Jun | Jul | Aug | Sep | Oct | Nov | Dec 
2017: Jan | Feb | Mar | Apr | May | Jun | Jul | Aug | Sep | Oct | Nov | Dec 
2016: Jan | Feb | Mar | Apr | May | Jun | Jul | Aug | Sep | Oct | Nov | Dec 
2015: Jan | Feb | Mar | Apr | May | Jun | Jul | Aug | Sep | Oct | Nov | Dec 
2014: Jan | Feb | Mar | Apr | May | Jun | Jul | Aug | Sep | Oct | Nov | Dec 
2013: Jan | Feb | Mar | Apr | May | Jun | Jul | Aug | Sep | Oct | Nov | Dec 
2012: Jan | Feb | Mar | Apr | May | Jun | Jul | Aug | Sep | Oct | Nov | Dec 
2011: Jan | Feb | Mar | Apr | May | Jun | Jul | Aug | Sep | Oct | Nov | Dec 
2010: Jan | Feb | Mar | Apr | May | Jun | Jul | Aug | Sep | Oct | Nov | Dec 
2009: Jan | Feb | Mar | Apr | May | Jun | Jul | Aug | Sep | Oct | Nov | Dec 
2008: Jan | Feb | Mar | Apr | May | Jun | Jul | Aug | Sep | Oct | Nov | Dec 

Report for 2019 02
MONTHLY CLIMATOLOGICAL SUMMARY FOR 2/2019 HEAT COOL MEAN DEG DEG WIND SPEED DOM MEAN MEAN DAY TEMP HIGH TIME LOW TIME DAYS DAYS RAIN AVG HI TIME DIR BAROM HUM --------------------------------------------------------------------------------------- 1 47.9 53.7 1:03pm 44.8 6:54am 17 0 0.27 5 23 3:03pm SSE 29.87 86 2 42.3 47.1 5:05am 38.5 8:25pm 23 0 1.47 7 34 5:19am SE 29.59 95 3 40.9 44.0 10:32am 38.5 9:00pm 24 0 0.70 9 34 10:41am SSE 29.68 96 4 34.8 38.6 12:00am 30.4 11:00pm 30 0 0.92 9 37 2:59am S 29.62 96 5 30.3 32.6 3:52pm 27.9 6:49am 35 0 0.17 0 20 1:17am S 29.92 95 6 30.8 34.3 4:00pm 28.0 6:50am 34 0 0.03 0 14 11:31pm SE 30.26 95 7 31.8 37.5 2:35pm 26.9 7:09am 33 0 0.00 2 19 3:25am ESE 30.35 87 8 34.8 40.5 12:59pm 30.6 3:11am 30 0 0.10 1 15 3:35am ESE 30.15 87 9 34.4 36.3 6:51pm 32.1 11:55pm 31 0 1.22 8 45 5:02pm S 29.93 96 10 31.1 32.7 2:34pm 28.2 11:50pm 34 0 0.21 1 18 12:10am SW 30.04 96 11 30.2 35.0 2:30pm 25.0 7:32am 35 0 0.00 3 22 3:05am ESE 30.30 94 12 34.7 44.9 10:22pm 29.2 2:20am 30 0 0.04 6 49 10:00pm ESE 30.13 83 13 43.3 50.9 11:53pm 36.3 3:06am 22 0 1.63 10 33 12:27am SSE 29.74 96 14 44.6 51.8 3:05am 37.4 11:48pm 20 0 1.11 12 48 6:04am S 29.57 97 15 33.7 37.5 12:00am 32.3 1:17pm 31 0 1.03 6 45 12:17am S 30.00 97 16 33.2 36.4 2:12pm 31.9 5:02am 32 0 0.41 4 20 1:34pm S 30.15 97 17 31.6 33.2 3:36pm 28.6 11:52pm 33 0 0.58 2 23 3:09am SSE 30.08 96 18 30.5 37.5 2:40pm 24.5 7:05am 34 0 0.00 1 19 8:31pm E 30.26 89 19 33.6 41.8 3:00pm 26.2 6:51am 25 0 0.00 1 23 3:23am E 30.26 70 --------------------------------------------------------------------------------------- TOT 35.5 53.7 2/1/19 24.5 2/18/19 554 0 9.90 5 47 2/12/19 S 29.99 92 HEAT BASE: 65.0 COOL BASE: 65.0
powered by Cumulus v1.9.3 (1059)
Ambient Weather VWS v14.00
Top Contact Website Map Copyright © 2007 - noaa Foresthillweather.com Never base important decisions on this or any weather information obtained from the Internet