NOAA-reports For Foresthill Weather.com
2017: Jan | Feb | Mar | Apr | May | Jun | Jul | Aug | Sep | Oct | Nov | Dec 
2016: Jan | Feb | Mar | Apr | May | Jun | Jul | Aug | Sep | Oct | Nov | Dec 
2015: Jan | Feb | Mar | Apr | May | Jun | Jul | Aug | Sep | Oct | Nov | Dec 
2014: Jan | Feb | Mar | Apr | May | Jun | Jul | Aug | Sep | Oct | Nov | Dec 
2013: Jan | Feb | Mar | Apr | May | Jun | Jul | Aug | Sep | Oct | Nov | Dec 
2012: Jan | Feb | Mar | Apr | May | Jun | Jul | Aug | Sep | Oct | Nov | Dec 
2011: Jan | Feb | Mar | Apr | May | Jun | Jul | Aug | Sep | Oct | Nov | Dec 
2010: Jan | Feb | Mar | Apr | May | Jun | Jul | Aug | Sep | Oct | Nov | Dec 
2009: Jan | Feb | Mar | Apr | May | Jun | Jul | Aug | Sep | Oct | Nov | Dec 
2008: Jan | Feb | Mar | Apr | May | Jun | Jul | Aug | Sep | Oct | Nov | Dec 

Report for 2017 07
MONTHLY CLIMATOLOGICAL SUMMARY FOR 7/2017 HEAT COOL MEAN DEG DEG WIND SPEED DOM MEAN MEAN DAY TEMP HIGH TIME LOW TIME DAYS DAYS RAIN AVG HI TIME DIR BAROM HUM --------------------------------------------------------------------------------------- 1 73.9 83.4 2:46pm 67.5 6:55am 0 9 0.00 2 18 4:11am ESE 29.81 56 2 75.1 87.5 2:45pm 66.6 7:17am 0 10 0.00 2 20 3:34am E 29.87 52 3 74.9 85.5 2:29pm 68.2 6:25am 0 10 0.00 2 15 5:02am ESE 29.95 51 4 75.8 87.4 3:07pm 67.4 3:52am 0 11 0.00 3 18 6:19am E 29.95 47 5 76.1 89.3 1:12pm 68.4 5:46am 0 11 0.00 3 20 1:04am E 29.97 47 6 79.7 90.9 2:18pm 71.4 6:59am 0 15 0.00 2 19 5:07am E 30.01 41 7 81.4 94.1 3:20pm 70.4 6:43am 0 16 0.00 2 17 2:56pm E 29.96 41 8 80.8 92.3 2:59pm 72.1 4:38am 0 16 0.00 1 14 11:26pm E 29.88 36 9 81.3 95.4 2:05pm 73.4 7:19am 0 16 0.00 4 18 4:03am ESE 29.86 35 10 79.3 92.0 1:41pm 70.5 7:09am 0 14 0.00 4 20 5:52am ESE 29.84 36 11 76.6 88.6 2:09pm 68.8 6:58am 0 12 0.00 3 21 4:19am ESE 29.84 36 12 76.0 87.1 1:26pm 68.0 7:26am 0 11 0.00 3 18 5:43am ESE 29.89 42 13 76.5 89.1 2:09pm 68.8 7:17am 0 12 0.00 3 18 3:47am ESE 29.94 46 14 76.9 88.8 1:56pm 69.9 7:16am 0 12 0.00 2 18 4:32am ESE 29.97 46 15 78.0 89.7 2:12pm 69.8 7:06am 0 13 0.00 2 19 2:11am E 29.97 43 16 79.5 91.6 2:50pm 70.0 6:03am 0 14 0.00 1 17 11:41pm E 29.88 39 17 79.5 92.7 1:46pm 71.3 6:59am 0 14 0.00 4 22 2:29am ESE 29.82 32 18 74.1 86.6 2:32pm 66.1 7:08am 0 9 0.00 3 19 11:48am ESE 29.92 33 19 73.6 86.0 2:48pm 64.9 7:27am 0 9 0.00 2 16 12:10am E 29.95 35 20 71.3 85.9 2:38pm 64.7 7:14am 0 4 0.00 4 19 2:22am ESE 29.97 40 --------------------------------------------------------------------------------------- TOT 77.1 95.4 7/9/17 64.7 7/20/17 0 238 0.00 3 22 7/17/17 ESE 29.91 42 HEAT BASE: 65.0 COOL BASE: 65.0
powered by Cumulus v1.9.3 (1059)
Ambient Weather VWS v14.00
Top Contact Website Map Copyright © 2007 - noaa Foresthillweather.com Never base important decisions on this or any weather information obtained from the Internet