NOAA-reports For Foresthill Weather.com
2020: Jan | Feb | Mar | Apr | May | Jun | Jul | Aug | Sep | Oct | Nov | Dec 
 2019: Jan | Feb | Mar | Apr | May | Jun | Jul | Aug | Sep | Oct | Nov | Dec 
2018: Jan | Feb | Mar | Apr | May | Jun | Jul | Aug | Sep | Oct | Nov | Dec 
2017: Jan | Feb | Mar | Apr | May | Jun | Jul | Aug | Sep | Oct | Nov | Dec 
2016: Jan | Feb | Mar | Apr | May | Jun | Jul | Aug | Sep | Oct | Nov | Dec 
2015: Jan | Feb | Mar | Apr | May | Jun | Jul | Aug | Sep | Oct | Nov | Dec 
2014: Jan | Feb | Mar | Apr | May | Jun | Jul | Aug | Sep | Oct | Nov | Dec 
2013: Jan | Feb | Mar | Apr | May | Jun | Jul | Aug | Sep | Oct | Nov | Dec 
2012: Jan | Feb | Mar | Apr | May | Jun | Jul | Aug | Sep | Oct | Nov | Dec 
2011: Jan | Feb | Mar | Apr | May | Jun | Jul | Aug | Sep | Oct | Nov | Dec 
2010: Jan | Feb | Mar | Apr | May | Jun | Jul | Aug | Sep | Oct | Nov | Dec 
2009: Jan | Feb | Mar | Apr | May | Jun | Jul | Aug | Sep | Oct | Nov | Dec 
2008: Jan | Feb | Mar | Apr | May | Jun | Jul | Aug | Sep | Oct | Nov | Dec 

Report for 2020 01
MONTHLY CLIMATOLOGICAL SUMMARY FOR 1/2020 HEAT COOL MEAN DEG DEG WIND SPEED DOM MEAN MEAN DAY TEMP HIGH TIME LOW TIME DAYS DAYS RAIN AVG HI TIME DIR BAROM HUM --------------------------------------------------------------------------------------- 1 45.6 55.0 2:23pm 41.0 11:54pm 19 0 0.00 0 14 3:51am ESE 30.17 77 2 46.4 57.0 1:42pm 38.7 6:35am 19 0 0.00 1 14 4:50am NNW 30.17 70 3 47.8 57.7 12:29pm 38.9 7:32am 17 0 0.00 2 24 5:12pm SE 30.28 65 4 45.7 55.8 1:20pm 42.2 8:55am 19 0 0.06 2 24 9:49am SSE 30.40 83 5 42.3 49.6 1:23pm 37.8 6:53am 23 0 0.00 0 8 7:46am NW 30.54 84 6 42.9 52.1 1:47pm 36.8 2:51am 22 0 0.00 0 11 11:16pm E 30.50 68 7 45.1 57.6 1:59pm 38.3 9:09pm 20 0 0.03 4 20 2:45am ESE 30.23 69 8 40.4 44.6 2:54pm 38.3 8:56am 25 0 0.12 1 15 9:04pm S 30.13 91 9 37.3 41.1 2:39pm 32.0 11:59pm 28 0 0.49 3 19 3:33am SSE 30.13 95 10 38.8 49.2 1:59pm 31.8 12:07am 26 0 0.00 4 19 8:58pm SSE 30.35 79 11 39.2 43.8 2:42pm 34.8 11:59pm 26 0 0.31 2 20 2:10am SSE 30.28 93 12 36.8 42.3 11:48am 32.5 7:14am 28 0 0.03 4 19 11:19pm ESE 30.23 89 13 38.0 40.3 1:35pm 35.8 12:45am 27 0 0.39 9 27 10:59pm SSE 30.21 94 14 36.8 39.3 2:36am 32.1 11:34pm 28 0 0.44 6 32 12:52am S 30.22 95 15 35.9 44.0 2:12pm 30.5 7:09am 29 0 0.00 5 21 4:40am ESE 30.12 85 16 35.3 41.9 9:35am 32.3 4:04pm 30 0 0.90 6 41 9:00am SSE 29.93 91 17 34.8 38.5 1:47pm 32.4 8:05am 30 0 0.05 3 19 1:58am ESE 30.36 95 18 39.2 49.2 2:12pm 32.6 4:22am 26 0 0.00 2 23 7:25am ESE 30.40 81 19 47.1 60.6 1:48pm 38.8 1:11am 18 0 0.00 2 18 6:29am ESE 30.22 65 20 48.6 57.9 12:25pm 44.9 11:32pm 16 0 0.00 2 21 3:16am ESE 30.07 60 21 43.4 47.4 11:11am 40.3 7:01am 22 0 0.56 5 24 11:56pm SE 30.16 84 22 45.5 50.9 2:00pm 43.0 1:29am 19 0 0.10 2 24 12:00am SSE 30.30 95 23 47.3 53.9 12:24pm 41.9 5:12am 18 0 0.01 1 18 3:04am ESE 30.25 88 24 48.9 55.7 1:45pm 44.9 8:04am 16 0 0.04 1 13 12:00am SE 30.19 88 25 50.4 59.1 12:54pm 45.4 6:35am 15 0 0.20 1 17 10:46pm ESE 30.17 81 26 46.1 49.0 2:44pm 41.7 11:23pm 19 0 1.49 2 21 10:06am S 30.23 96 27 45.6 54.7 1:15pm 40.5 1:58am 19 0 0.01 1 16 12:08am ESE 30.41 90 28 44.0 49.3 3:11pm 39.6 5:54am 20 0 0.02 3 19 5:03am ESE 30.36 89 --------------------------------------------------------------------------------------- TOT 42.7 60.6 1/19/20 30.5 1/15/20 624 0 5.27 3 40 1/16/20 ESE 30.25 83 HEAT BASE: 65.0 COOL BASE: 65.0
powered by Cumulus v1.9.3 (1059)
Ambient Weather VWS v14.00
Top Website Map Copyright © 2007 - noaa Foresthillweather.com Never base important decisions on this or any weather information obtained from the Internet