NOAA-reports For Foresthill Weather.com
2024: Jan | Feb | Mar | Apr | May | Jun | Jul | Aug | Sep | Oct | Nov | Dec 
2023: Jan | Feb | Mar | Apr | May | Jun | Jul | Aug | Sep | Oct | Nov | Dec 
2022: Jan | Feb | Mar | Apr | May | Jun | Jul | Aug | Sep | Oct | Nov | Dec 
2021: Jan | Feb | Mar | Apr | May | Jun | Jul | Aug | Sep | Oct | Nov | Dec 
2020: Jan | Feb | Mar | Apr | May | Jun | Jul | Aug | Sep | Oct | Nov | Dec 
2019: Jan | Feb | Mar | Apr | May | Jun | Jul | Aug | Sep | Oct | Nov | Dec 
2018: Jan | Feb | Mar | Apr | May | Jun | Jul | Aug | Sep | Oct | Nov | Dec 
2017: Jan | Feb | Mar | Apr | May | Jun | Jul | Aug | Sep | Oct | Nov | Dec 
2016: Jan | Feb | Mar | Apr | May | Jun | Jul | Aug | Sep | Oct | Nov | Dec 
2015: Jan | Feb | Mar | Apr | May | Jun | Jul | Aug | Sep | Oct | Nov | Dec 
2014: Jan | Feb | Mar | Apr | May | Jun | Jul | Aug | Sep | Oct | Nov | Dec 
2013: Jan | Feb | Mar | Apr | May | Jun | Jul | Aug | Sep | Oct | Nov | Dec 
2012: Jan | Feb | Mar | Apr | May | Jun | Jul | Aug | Sep | Oct | Nov | Dec 
2011: Jan | Feb | Mar | Apr | May | Jun | Jul | Aug | Sep | Oct | Nov | Dec 
2010: Jan | Feb | Mar | Apr | May | Jun | Jul | Aug | Sep | Oct | Nov | Dec 
2009: Jan | Feb | Mar | Apr | May | Jun | Jul | Aug | Sep | Oct | Nov | Dec 
2008: Jan | Feb | Mar | Apr | May | Jun | Jul | Aug | Sep | Oct | Nov | Dec 

Report for 2024 02
MONTHLY CLIMATOLOGICAL SUMMARY FOR 2/2024 HEAT COOL MEAN DEG DEG WIND SPEED DOM MEAN MEAN DAY TEMP HIGH TIME LOW TIME DAYS DAYS RAIN AVG HI TIME DIR BAROM HUM --------------------------------------------------------------------------------------- 1 42.1 47.0 3:26pm 38.4 8:33pm 23 0 0.74 4 30 12:47am SSE 29.72 93 2 37.3 41.5 2:03pm 33.6 9:27pm 28 0 1.18 4 20 10:09am SE 29.95 95 3 38.3 47.0 1:37pm 32.1 7:16am 27 0 0.00 1 12 12:00am ESE 30.06 89 4 44.6 51.6 3:41pm 36.5 3:13am 20 0 0.89 13 56 4:21pm SSE 29.67 87 5 43.1 45.5 3:34pm 40.7 9:35pm 22 0 0.93 8 44 1:31am S 29.79 95 6 41.3 45.6 12:54pm 38.7 9:47pm 24 0 0.10 0 9 12:10am SE 29.74 94 7 35.7 40.0 2:11am 32.2 10:45pm 29 0 0.56 4 26 10:44am SSE 29.80 96 8 33.6 36.1 4:07pm 31.9 5:35am 31 0 0.02 0 9 7:30am SE 30.07 96 9 35.9 45.1 2:02pm 30.7 5:28am 29 0 0.01 1 15 5:44am E 30.20 90 10 40.1 52.7 2:07pm 30.7 6:17am 25 0 0.00 1 22 8:33am NE 30.19 67 11 40.5 51.8 1:46pm 33.0 6:56am 24 0 0.00 1 13 2:03am ESE 30.29 78 12 43.1 55.3 1:27pm 36.3 6:43am 22 0 0.00 1 11 1:59pm E 30.20 77 13 43.3 53.6 2:43pm 37.4 4:41am 22 0 0.00 2 16 6:31am ESE 30.08 77 14 43.2 47.4 12:43pm 38.4 12:00am 22 0 0.60 7 30 4:11pm SE 30.10 87 15 42.7 47.8 3:23pm 40.6 10:28pm 22 0 0.37 3 21 1:15am S 30.25 93 16 46.1 55.4 1:28pm 41.3 2:27am 19 0 0.01 2 19 4:44am E 30.20 80 17 45.4 51.0 2:01pm 42.4 4:10am 20 0 0.54 6 35 3:43pm SSE 30.01 82 18 49.0 57.1 2:10pm 43.8 12:00am 16 0 0.71 8 40 9:11pm SSE 29.94 84 19 45.7 50.1 1:36pm 41.0 5:50pm 19 0 2.81 9 42 12:00am SSE 29.89 93 20 43.6 49.4 2:23pm 38.8 10:17pm 21 0 0.62 6 24 12:20am SSE 30.10 94 21 42.7 50.9 2:08pm 38.1 11:54pm 22 0 0.55 3 14 4:25am S 30.21 90 22 44.2 56.5 1:45pm 36.2 6:00am 21 0 0.00 3 18 8:28am E 30.31 77 23 49.1 62.3 2:22pm 39.9 5:35am 16 0 0.00 4 20 11:35pm E 30.21 62 24 46.1 46.8 12:00am 45.2 2:58am 6 0 0.00 8 23 5:12am E 30.15 62 --------------------------------------------------------------------------------------- TOT 42.3 62.3 2/23/24 30.7 2/9/24 531 0 10.65 4 55 2/4/24 SSE 30.04 86 HEAT BASE: 65.0 COOL BASE: 65.0
powered by Cumulus v1.9.3 (1059)
Ambient Weather VWS v14.00
Weather-Display (10.37S-(b58))
Virtual VP software
Top Website Map Copyright © 2007 - noaa Foresthillweather.com Never base important decisions on this or any weather information obtained from the Internet