NOAA-reports For Foresthill Weather.com
2017: Jan | Feb | Mar | Apr | May | Jun | Jul | Aug | Sep | Oct | Nov | Dec 
2016: Jan | Feb | Mar | Apr | May | Jun | Jul | Aug | Sep | Oct | Nov | Dec 
2015: Jan | Feb | Mar | Apr | May | Jun | Jul | Aug | Sep | Oct | Nov | Dec 
2014: Jan | Feb | Mar | Apr | May | Jun | Jul | Aug | Sep | Oct | Nov | Dec 
2013: Jan | Feb | Mar | Apr | May | Jun | Jul | Aug | Sep | Oct | Nov | Dec 
2012: Jan | Feb | Mar | Apr | May | Jun | Jul | Aug | Sep | Oct | Nov | Dec 
2011: Jan | Feb | Mar | Apr | May | Jun | Jul | Aug | Sep | Oct | Nov | Dec 
2010: Jan | Feb | Mar | Apr | May | Jun | Jul | Aug | Sep | Oct | Nov | Dec 
2009: Jan | Feb | Mar | Apr | May | Jun | Jul | Aug | Sep | Oct | Nov | Dec 
2008: Jan | Feb | Mar | Apr | May | Jun | Jul | Aug | Sep | Oct | Nov | Dec 

Report for 2017 04
MONTHLY CLIMATOLOGICAL SUMMARY FOR 4/2017 HEAT COOL MEAN DEG DEG WIND SPEED DOM MEAN MEAN DAY TEMP HIGH TIME LOW TIME DAYS DAYS RAIN AVG HI TIME DIR BAROM HUM --------------------------------------------------------------------------------------- 1 56.7 68.4 4:43pm 48.2 1:30am 9 0 0.00 2 28 3:50am NW 30.04 57 2 57.8 68.1 1:55pm 49.7 6:42am 8 1 0.00 2 20 3:35pm ESE 30.00 62 3 54.2 65.0 1:00pm 45.3 7:09am 11 0 0.00 2 16 2:11pm ESE 29.95 54 4 56.8 68.4 2:26pm 49.2 5:34am 8 0 0.00 2 22 12:56am ESE 30.04 49 5 57.7 68.8 1:28pm 51.3 4:49am 8 0 0.00 2 21 5:27am ESE 30.04 58 6 50.0 54.6 12:00am 44.7 11:59pm 15 0 0.98 6 39 8:49pm SE 29.89 74 7 45.0 47.7 2:13pm 42.6 1:34am 19 0 1.48 10 43 12:38am S 29.87 90 8 38.4 45.5 12:00am 34.2 1:30pm 27 0 0.91 3 20 3:55am S 30.08 91 9 41.1 52.5 2:34pm 32.0 6:49am 24 0 0.00 1 15 7:21am E 30.26 80 10 46.2 58.8 2:08pm 37.5 5:21am 19 0 0.00 2 18 4:04am ESE 30.22 73 11 48.9 52.6 5:09pm 45.4 12:00am 16 0 0.00 4 32 2:54pm S 30.05 77 12 48.8 53.5 2:14pm 45.9 10:44pm 16 0 0.53 4 28 2:07pm SSE 29.98 88 13 42.4 46.0 12:00am 39.1 9:35pm 23 0 1.14 4 28 3:57am S 30.02 91 14 42.8 51.8 2:38pm 35.1 7:07am 22 0 0.03 1 16 3:51pm NNW 30.22 80 15 49.6 60.9 2:07pm 40.4 2:37am 15 0 0.00 2 20 4:59am E 30.11 69 16 49.7 57.0 10:58am 45.9 6:17am 15 0 0.68 4 35 4:01pm SSE 30.00 79 17 49.0 52.1 5:19pm 46.1 10:42pm 16 0 0.65 2 27 12:08am S 30.07 91 18 49.7 56.7 3:48pm 45.1 7:32am 15 0 0.42 1 16 7:20am E 30.12 88 19 49.5 58.0 2:41pm 41.5 6:54am 16 0 0.00 2 19 11:42am ESE 30.25 77 20 48.9 56.3 4:41pm 43.9 7:05am 16 0 0.21 1 17 5:36pm SE 30.30 81 21 56.3 70.1 1:48pm 45.4 2:31am 9 1 0.00 2 15 3:05pm E 30.13 63 22 56.0 63.4 1:50pm 49.2 6:55am 9 0 0.00 2 18 10:31am SE 30.00 68 23 53.5 62.1 2:20pm 46.7 7:37am 12 0 0.00 2 16 4:47pm SW 29.96 72 24 47.0 49.4 12:00am 44.5 7:54am 6 0 0.18 1 17 2:37am SSE 29.98 87 --------------------------------------------------------------------------------------- TOT 49.9 70.1 4/21/17 32.0 4/9/17 354 2 7.21 3 43 4/7/17 ESE 30.07 75 HEAT BASE: 65.0 COOL BASE: 65.0
powered by Cumulus v1.9.3 (1059)
Ambient Weather VWS v14.00
Top Contact Website Map Copyright © 2007 - noaa Foresthillweather.com Never base important decisions on this or any weather information obtained from the Internet