2024: Jan | Feb | Mar | Apr | May | Jun | Jul | Aug | Sep | Oct | Nov | Dec
2023: Jan | Feb | Mar | Apr | May | Jun | Jul | Aug | Sep | Oct | Nov | Dec
2022: Jan | Feb | Mar | Apr | May | Jun | Jul | Aug | Sep | Oct | Nov | Dec
2021: Jan | Feb | Mar | Apr | May | Jun | Jul | Aug | Sep | Oct | Nov | Dec
2020: Jan | Feb | Mar | Apr | May | Jun | Jul | Aug | Sep | Oct | Nov | Dec
2019: Jan | Feb | Mar | Apr | May | Jun | Jul | Aug | Sep | Oct | Nov | Dec
2018: Jan | Feb | Mar | Apr | May | Jun | Jul | Aug | Sep | Oct | Nov | Dec
2017: Jan | Feb | Mar | Apr | May | Jun | Jul | Aug | Sep | Oct | Nov | Dec
2016: Jan | Feb | Mar | Apr | May | Jun | Jul | Aug | Sep | Oct | Nov | Dec
2015: Jan | Feb | Mar | Apr | May | Jun | Jul | Aug | Sep | Oct | Nov | Dec
2014: Jan | Feb | Mar | Apr | May | Jun | Jul | Aug | Sep | Oct | Nov | Dec
2013: Jan | Feb | Mar | Apr | May | Jun | Jul | Aug | Sep | Oct | Nov | Dec
2012: Jan | Feb | Mar | Apr | May | Jun | Jul | Aug | Sep | Oct | Nov | Dec
2011: Jan | Feb | Mar | Apr | May | Jun | Jul | Aug | Sep | Oct | Nov | Dec
2010: Jan | Feb | Mar | Apr | May | Jun | Jul | Aug | Sep | Oct | Nov | Dec
2009: Jan | Feb | Mar | Apr | May | Jun | Jul | Aug | Sep | Oct | Nov | Dec
2008: Jan | Feb | Mar | Apr | May | Jun | Jul | Aug | Sep | Oct | Nov | Dec
Report for 2008 06
MONTHLY CLIMATOLOGICAL SUMMARY FOR 6/2008
HEAT COOL
MEAN DEG DEG WIND SPEED DOM MEAN MEAN
DAY TEMP HIGH TIME LOW TIME DAYS DAYS RAIN AVG HI TIME DIR BAROM HUM
---------------------------------------------------------------------------------------
1 61.1 72.1 3:28pm 52.9 5:31am 5 1 0.00 4 16 2:30pm E 30.05 53
2 61.5 73.0 2:31pm 51.4 5:53am 5 2 0.00 4 19 2:00pm E 30.04 47
3 62.4 71.4 2:53pm 55.6 6:01am 4 1 0.00 5 16 4:11pm E 29.96 50
4 58.3 67.8 3:34pm 50.2 6:04am 7 0 0.00 5 27 4:40pm NW 29.85 53
5 62.0 73.9 4:33pm 52.5 6:32am 5 2 0.00 5 19 3:12pm E 29.94 35
6 60.3 70.3 3:42pm 51.6 5:02am 5 1 0.00 5 17 12:35pm NW 29.94 42
7 61.3 73.8 3:19pm 49.5 4:50am 6 2 0.00 6 19 1:45pm E 29.94 35
8 67.8 81.1 3:48pm 57.2 1:41am 2 5 0.00 6 19 3:42am E 29.98 29
9 70.5 84.9 3:00pm 58.3 5:08am 2 7 0.00 5 16 3:52pm E 29.98 34
10 67.1 75.0 5:06pm 60.6 5:44am 1 3 0.00 6 27 6:06pm NW 29.94 35
11 65.4 79.0 3:05pm 53.1 5:08am 4 4 0.00 5 21 3:25pm NW 29.98 26
12 70.5 82.0 4:17pm 62.2 12:56am 1 6 0.00 6 23 6:33am E 29.96 27
13 74.9 88.7 3:18pm 65.5 12:31am 0 10 0.00 6 20 7:52am E 30.03 25
14 74.4 87.1 3:17pm 66.2 5:32am 0 9 0.00 6 19 3:16am E 30.02 28
15 73.2 85.6 2:38pm 64.6 6:45am 0 8 0.00 6 21 1:24pm E 29.99 29
16 72.1 84.7 2:55pm 63.9 4:59am 0 7 0.00 6 21 11:40am E 30.00 29
17 72.0 85.1 3:39pm 62.2 6:25am 1 7 0.00 5 17 2:08am E 30.11 26
18 71.1 84.6 3:07pm 61.3 5:05am 1 7 0.00 5 18 1:53am E 30.15 26
19 72.0 86.2 2:22pm 61.7 5:18am 1 8 0.00 6 17 5:57am E 30.08 24
20 75.9 90.7 3:29pm 65.1 5:48am 0 11 0.00 5 16 2:06am E 30.07 26
21 77.6 91.6 2:21pm 69.1 11:57pm 0 13 0.00 6 23 3:32pm E 30.06 30
22 72.6 84.2 3:15pm 64.0 6:47am 0 8 0.00 5 19 4:15am ESE 30.08 30
23 71.3 85.3 3:02pm 63.1 4:01am 0 7 0.00 5 19 4:12am E 30.03 31
24 69.1 79.3 4:19pm 61.7 5:24am 1 5 0.00 4 14 11:10pm E 30.00 39
25 70.7 82.0 2:52pm 63.0 6:14am 0 6 0.00 5 18 6:06am E 29.97 41
26 70.7 82.8 3:03pm 62.2 5:47am 0 6 0.00 4 15 12:16am E 29.94 46
27 73.3 85.3 3:36pm 64.2 5:33am 0 8 0.00 4 13 11:56pm E 29.93 52
28 73.9 85.1 4:05pm 66.7 5:44am 0 9 0.00 4 16 12:31am E 30.00 41
29 73.0 85.6 3:23pm 64.4 5:49am 0 8 0.00 4 13 2:03pm E 30.05 38
30 72.5 84.6 2:24pm 64.4 2:47am 0 8 0.00 5 18 7:14am E 30.06 37
---------------------------------------------------------------------------------------
TOT 69.3 91.6 6/21/08 49.5 6/7/08 51 179 0.00 5 27 6/4/08 E 30.00 35
HEAT BASE: 65.0
COOL BASE: 65.0