NOAA-reports For Foresthill Weather.com
2018: Jan | Feb | Mar | Apr | May | Jun | Jul | Aug | Sep | Oct | Nov | Dec 
2017: Jan | Feb | Mar | Apr | May | Jun | Jul | Aug | Sep | Oct | Nov | Dec 
2016: Jan | Feb | Mar | Apr | May | Jun | Jul | Aug | Sep | Oct | Nov | Dec 
2015: Jan | Feb | Mar | Apr | May | Jun | Jul | Aug | Sep | Oct | Nov | Dec 
2014: Jan | Feb | Mar | Apr | May | Jun | Jul | Aug | Sep | Oct | Nov | Dec 
2013: Jan | Feb | Mar | Apr | May | Jun | Jul | Aug | Sep | Oct | Nov | Dec 
2012: Jan | Feb | Mar | Apr | May | Jun | Jul | Aug | Sep | Oct | Nov | Dec 
2011: Jan | Feb | Mar | Apr | May | Jun | Jul | Aug | Sep | Oct | Nov | Dec 
2010: Jan | Feb | Mar | Apr | May | Jun | Jul | Aug | Sep | Oct | Nov | Dec 
2009: Jan | Feb | Mar | Apr | May | Jun | Jul | Aug | Sep | Oct | Nov | Dec 
2008: Jan | Feb | Mar | Apr | May | Jun | Jul | Aug | Sep | Oct | Nov | Dec 

Report for 2008 07
MONTHLY CLIMATOLOGICAL SUMMARY FOR 7/2008 HEAT COOL MEAN DEG DEG WIND SPEED DOM MEAN MEAN DAY TEMP HIGH TIME LOW TIME DAYS DAYS RAIN AVG HI TIME DIR BAROM HUM --------------------------------------------------------------------------------------- 1 72.1 84.2 3:00pm 63.9 6:00am 0 7 0.00 5 15 1:24am E 30.03 39 2 73.5 85.8 3:12pm 64.4 6:24am 0 9 0.00 5 14 12:00am E 29.97 36 3 73.0 85.5 3:50pm 64.9 4:34am 0 8 0.00 6 20 4:21pm E 29.97 36 4 67.8 79.5 2:51pm 57.2 5:31am 2 5 0.00 4 19 12:32pm SE 30.01 47 5 71.4 84.6 4:13pm 62.6 4:37am 1 7 0.00 4 15 6:26am E 29.98 42 6 73.3 86.9 3:50pm 62.8 6:52am 0 9 0.00 4 13 4:14pm E 29.89 41 7 80.2 95.0 4:18pm 67.1 4:16am 0 15 0.00 4 15 11:40pm E 29.86 39 8 85.3 100.8 3:11pm 72.0 5:25am 0 20 0.00 5 19 5:05pm E 29.86 26 9 86.2 101.5 3:10pm 76.6 4:46am 0 21 0.00 5 19 6:37am E 29.87 22 10 84.2 97.5 2:35pm 76.8 5:59am 0 19 0.00 6 20 4:32am E 29.84 24 11 78.7 88.3 2:52pm 72.7 10:45pm 0 14 0.00 4 17 12:04am E 29.90 34 12 76.2 87.1 4:00pm 69.3 5:50am 0 11 0.00 4 15 12:59am E 30.04 41 13 75.6 87.3 3:40pm 67.1 5:38am 0 11 0.00 3 15 3:43pm E 30.03 45 14 76.6 88.5 2:35pm 68.2 5:20am 0 12 0.00 5 15 7:01pm E 29.99 42 15 75.6 86.7 3:25pm 67.5 11:59pm 0 11 0.00 5 19 6:44am E 30.04 42 16 75.8 88.7 3:42pm 66.7 6:22am 0 11 0.00 5 16 1:15am E 30.09 36 17 75.9 89.4 3:32pm 66.2 6:45am 0 11 0.00 5 19 4:29am E 30.05 26 18 77.2 91.8 2:52pm 67.3 6:11am 0 12 0.00 5 17 1:02am E 29.95 27 19 77.4 91.9 3:45pm 67.6 5:43am 0 12 0.00 5 15 3:58am E 29.86 25 20 74.1 83.1 2:09pm 64.6 11:57pm 0 9 0.00 4 16 7:07am E 29.93 30 21 71.6 82.9 3:16pm 63.1 1:19am 0 7 0.00 4 15 11:27pm E 30.00 38 22 73.3 85.8 3:14pm 63.5 6:06am 0 8 0.00 5 17 7:15am E 29.99 30 23 75.3 89.4 3:34pm 65.8 5:35am 0 10 0.00 5 17 4:56am E 29.99 26 24 76.6 89.6 2:45pm 67.3 5:50am 0 12 0.00 5 19 1:27am E 29.96 26 25 77.2 91.4 3:15pm 66.7 6:24am 0 12 0.00 5 19 4:03am E 29.98 25 26 77.5 91.6 3:30pm 67.5 5:37am 0 12 0.00 5 17 5:44am E 30.00 24 27 75.5 88.9 3:47pm 66.9 10:58pm 0 10 0.00 6 20 3:47am E 30.00 25 28 74.0 87.3 3:14pm 64.8 5:42am 0 9 0.00 5 16 7:18am E 30.03 27 29 73.7 86.7 2:17pm 66.2 4:10am 0 9 0.00 6 18 4:24pm ESE 30.05 28 30 74.0 87.8 2:48pm 63.9 6:01am 0 9 0.00 5 20 1:22am E 30.01 28 31 74.5 88.0 4:02pm 65.1 6:09am 0 9 0.00 6 19 2:25am E 29.97 28 --------------------------------------------------------------------------------------- TOT 75.9 101.5 7/9/08 57.2 7/4/08 3 341 0.00 5 20 7/10/08 E 29.97 32 HEAT BASE: 65.0 COOL BASE: 65.0
powered by Cumulus v1.9.3 (1059)
Ambient Weather VWS v14.00
Top Contact Website Map Copyright © 2007 - noaa Foresthillweather.com Never base important decisions on this or any weather information obtained from the Internet