2024: Jan | Feb | Mar | Apr | May | Jun | Jul | Aug | Sep | Oct | Nov | Dec
2023: Jan | Feb | Mar | Apr | May | Jun | Jul | Aug | Sep | Oct | Nov | Dec
2022: Jan | Feb | Mar | Apr | May | Jun | Jul | Aug | Sep | Oct | Nov | Dec
2021: Jan | Feb | Mar | Apr | May | Jun | Jul | Aug | Sep | Oct | Nov | Dec
2020: Jan | Feb | Mar | Apr | May | Jun | Jul | Aug | Sep | Oct | Nov | Dec
2019: Jan | Feb | Mar | Apr | May | Jun | Jul | Aug | Sep | Oct | Nov | Dec
2018: Jan | Feb | Mar | Apr | May | Jun | Jul | Aug | Sep | Oct | Nov | Dec
2017: Jan | Feb | Mar | Apr | May | Jun | Jul | Aug | Sep | Oct | Nov | Dec
2016: Jan | Feb | Mar | Apr | May | Jun | Jul | Aug | Sep | Oct | Nov | Dec
2015: Jan | Feb | Mar | Apr | May | Jun | Jul | Aug | Sep | Oct | Nov | Dec
2014: Jan | Feb | Mar | Apr | May | Jun | Jul | Aug | Sep | Oct | Nov | Dec
2013: Jan | Feb | Mar | Apr | May | Jun | Jul | Aug | Sep | Oct | Nov | Dec
2012: Jan | Feb | Mar | Apr | May | Jun | Jul | Aug | Sep | Oct | Nov | Dec
2011: Jan | Feb | Mar | Apr | May | Jun | Jul | Aug | Sep | Oct | Nov | Dec
2010: Jan | Feb | Mar | Apr | May | Jun | Jul | Aug | Sep | Oct | Nov | Dec
2009: Jan | Feb | Mar | Apr | May | Jun | Jul | Aug | Sep | Oct | Nov | Dec
2008: Jan | Feb | Mar | Apr | May | Jun | Jul | Aug | Sep | Oct | Nov | Dec
Report for 2008 09
MONTHLY CLIMATOLOGICAL SUMMARY FOR 9/2008
HEAT COOL
MEAN DEG DEG WIND SPEED DOM MEAN MEAN
DAY TEMP HIGH TIME LOW TIME DAYS DAYS RAIN AVG HI TIME DIR BAROM HUM
---------------------------------------------------------------------------------------
1 67.5 84.6 3:33pm 55.9 2:49am 3 6 0.00 5 18 2:49pm E 29.93 24
2 72.8 87.4 3:29pm 63.1 2:14am 0 8 0.00 5 18 4:32am E 29.99 19
3 75.9 91.0 2:39pm 65.3 6:02am 0 11 0.00 6 18 7:05am E 29.98 18
4 76.6 91.9 2:59pm 65.8 6:04am 0 12 0.00 5 17 2:08am E 29.95 20
5 78.2 93.4 2:42pm 67.5 5:53am 0 13 0.00 4 15 3:42pm E 29.92 21
6 80.0 95.2 2:59pm 70.2 5:23am 0 15 0.00 5 15 2:45pm E 29.92 21
7 79.0 92.8 3:10pm 70.7 5:46am 0 14 0.00 6 24 1:05pm E 29.86 20
8 76.9 90.7 2:45pm 68.5 7:33am 0 12 0.00 6 20 2:19am E 29.83 19
9 69.9 81.5 2:46pm 62.2 9:48pm 1 5 0.00 5 21 12:53pm E 29.81 25
10 70.1 83.1 3:22pm 60.6 5:55am 1 6 0.00 6 16 2:02pm E 29.86 28
11 73.4 88.7 3:11pm 62.2 5:11am 0 9 0.00 5 19 7:33am E 29.92 25
12 73.2 85.8 2:45pm 65.8 7:00am 0 8 0.00 5 17 5:33am E 29.94 22
13 73.1 87.6 3:26pm 64.8 5:01am 0 8 0.00 5 16 1:48pm E 29.96 22
14 75.1 89.1 3:02pm 66.9 3:23am 0 10 0.00 5 16 7:52am E 30.03 23
15 76.2 90.5 3:08pm 67.6 6:15am 0 11 0.00 5 16 1:57pm E 30.04 22
16 75.6 88.9 4:15pm 67.1 6:48am 0 11 0.00 4 17 1:08pm E 30.01 21
17 71.5 81.1 3:32pm 63.1 9:27pm 0 7 0.00 4 19 1:39pm E 30.03 29
18 68.2 80.8 3:20pm 60.6 6:30am 1 5 0.00 5 19 2:29pm E 30.03 31
19 61.6 70.7 12:41pm 53.8 6:55am 4 1 0.00 3 20 12:29pm ESE 30.02 44
20 60.0 71.4 3:52pm 52.3 6:10am 6 1 0.00 4 16 3:05pm E 30.05 51
21 61.1 73.2 3:30pm 52.5 4:08am 5 2 0.00 3 17 1:26pm E 30.00 52
22 63.8 77.2 3:16pm 52.9 6:01am 4 3 0.00 5 20 2:14pm E 30.04 39
23 68.3 83.7 3:29pm 59.0 5:12am 2 5 0.00 5 16 6:44am E 30.06 28
24 71.1 84.9 3:30pm 61.9 6:50am 1 7 0.00 6 19 1:12pm E 30.04 24
25 70.1 79.3 1:52pm 63.1 7:12am 0 5 0.00 4 16 12:08am E 30.04 26
26 72.8 86.2 3:05pm 65.1 7:15am 0 8 0.00 6 20 2:54pm E 30.05 25
27 74.0 88.0 3:19pm 65.7 7:02am 0 9 0.00 6 20 1:24am E 30.06 22
28 75.7 91.2 3:38pm 65.5 6:07am 0 11 0.00 5 17 1:22pm E 30.04 21
29 75.1 87.3 3:40pm 67.5 6:48am 0 10 0.00 4 19 12:31am E 30.03 24
30 73.8 84.7 3:39pm 67.5 7:12am 0 9 0.00 5 16 7:06am E 30.10 30
---------------------------------------------------------------------------------------
TOT 72.0 95.2 9/6/08 52.3 9/20/08 29 240 0.00 5 24 9/7/08 E 29.98 27
HEAT BASE: 65.0
COOL BASE: 65.0