2024: Jan | Feb | Mar | Apr | May | Jun | Jul | Aug | Sep | Oct | Nov | Dec
2023: Jan | Feb | Mar | Apr | May | Jun | Jul | Aug | Sep | Oct | Nov | Dec
2022: Jan | Feb | Mar | Apr | May | Jun | Jul | Aug | Sep | Oct | Nov | Dec
2021: Jan | Feb | Mar | Apr | May | Jun | Jul | Aug | Sep | Oct | Nov | Dec
2020: Jan | Feb | Mar | Apr | May | Jun | Jul | Aug | Sep | Oct | Nov | Dec
2019: Jan | Feb | Mar | Apr | May | Jun | Jul | Aug | Sep | Oct | Nov | Dec
2018: Jan | Feb | Mar | Apr | May | Jun | Jul | Aug | Sep | Oct | Nov | Dec
2017: Jan | Feb | Mar | Apr | May | Jun | Jul | Aug | Sep | Oct | Nov | Dec
2016: Jan | Feb | Mar | Apr | May | Jun | Jul | Aug | Sep | Oct | Nov | Dec
2015: Jan | Feb | Mar | Apr | May | Jun | Jul | Aug | Sep | Oct | Nov | Dec
2014: Jan | Feb | Mar | Apr | May | Jun | Jul | Aug | Sep | Oct | Nov | Dec
2013: Jan | Feb | Mar | Apr | May | Jun | Jul | Aug | Sep | Oct | Nov | Dec
2012: Jan | Feb | Mar | Apr | May | Jun | Jul | Aug | Sep | Oct | Nov | Dec
2011: Jan | Feb | Mar | Apr | May | Jun | Jul | Aug | Sep | Oct | Nov | Dec
2010: Jan | Feb | Mar | Apr | May | Jun | Jul | Aug | Sep | Oct | Nov | Dec
2009: Jan | Feb | Mar | Apr | May | Jun | Jul | Aug | Sep | Oct | Nov | Dec
2008: Jan | Feb | Mar | Apr | May | Jun | Jul | Aug | Sep | Oct | Nov | Dec
Report for 2008 12
MONTHLY CLIMATOLOGICAL SUMMARY FOR 12/2008
HEAT COOL
MEAN DEG DEG WIND SPEED DOM MEAN MEAN
DAY TEMP HIGH TIME LOW TIME DAYS DAYS RAIN AVG HI TIME DIR BAROM HUM
---------------------------------------------------------------------------------------
1 54.4 64.5 1:52pm 48.7 11:51pm 11 0 0.00 7 26 5:46am ESE 30.13 50
2 48.8 53.7 12:45pm 44.4 7:39am 16 0 0.00 6 28 11:30pm SE 30.12 60
3 42.7 51.3 12:00am 31.3 7:21am 22 0 0.00 4 23 5:14pm E 30.09 61
4 50.3 58.7 2:59pm 41.8 1:41am 15 0 0.00 6 42 10:03pm E 30.02 34
5 50.4 58.1 1:43pm 46.2 11:43pm 15 0 0.00 7 35 12:34am E 30.17 35
6 49.5 58.8 1:30pm 44.8 6:45am 16 0 0.00 5 19 1:18am E 30.19 41
7 46.2 53.3 11:36am 41.3 6:43am 19 0 0.00 5 23 3:03am ESE 30.06 48
8 42.1 47.0 2:38pm 37.7 5:44am 23 0 0.00 4 22 9:30pm ESE 30.00 66
9 42.5 50.6 1:25pm 35.5 7:04am 22 0 0.00 4 18 11:16pm E 30.19 59
10 48.1 59.2 2:00pm 42.2 3:36am 17 0 0.00 4 18 12:02am E 30.28 59
11 49.9 58.2 1:06pm 43.3 6:05am 15 0 0.00 3 19 10:42pm ESE 30.09 68
12 48.1 56.9 2:26pm 43.2 3:59am 17 0 0.01 6 37 11:45pm S 29.86 66
13 34.7 43.6 12:00am 30.1 11:44pm 30 0 0.27 6 38 3:52am SE 29.73 86
14 30.9 32.1 9:48am 29.1 4:19am 34 0 0.53 8 31 6:36pm SSE 29.79 93
15 32.0 32.9 2:58pm 30.7 10:35pm 33 0 0.83 7 28 12:07am S 29.70 98
16 30.9 33.5 1:34pm 28.5 6:08am 34 0 0.00 5 26 11:30pm ESE 29.89 96
17 31.6 38.4 2:48pm 27.5 5:39am 33 0 0.00 7 30 8:09am E 29.87 86
18 31.4 36.0 12:15pm 25.9 7:22am 34 0 0.20 8 29 4:15pm SE 29.99 86
19 34.1 36.1 12:28pm 31.9 11:54pm 31 0 0.51 6 34 2:25am S 30.18 98
20 34.4 40.5 2:34pm 30.2 6:05am 31 0 0.00 5 23 5:27am E 30.20 93
21 38.3 41.5 9:27pm 35.5 1:41am 27 0 1.21 8 37 9:17pm SE 30.00 98
22 35.5 39.6 12:00am 34.1 11:54pm 29 0 0.29 6 37 12:52am S 29.77 99
23 34.0 36.3 2:39pm 32.3 6:51am 31 0 0.04 4 17 9:37pm SE 29.84 98
24 36.2 38.9 8:26pm 33.1 3:30am 29 0 0.60 9 44 11:46pm SE 29.81 99
25 34.5 39.7 4:07am 30.6 6:13pm 30 0 1.35 8 50 1:00am S 29.65 98
26 30.9 36.0 3:00pm 26.8 8:02am 34 0 0.00 4 19 7:45pm ESE 30.08 88
27 35.2 41.1 3:10pm 31.5 12:00am 30 0 0.00 4 17 12:00am ESE 30.26 82
28 40.2 48.4 1:07pm 34.4 2:37am 25 0 0.00 4 19 7:43pm ESE 30.25 90
29 43.0 50.3 2:46pm 38.6 5:28am 22 0 0.00 4 19 8:41pm ESE 30.19 89
30 43.8 53.5 2:14pm 39.3 11:57pm 21 0 0.00 6 24 9:59pm E 30.13 73
31 42.5 52.2 1:36pm 36.3 7:07am 22 0 0.00 5 28 8:34am E 30.13 57
---------------------------------------------------------------------------------------
TOT 40.2 64.5 12/1/08 25.9 12/18/08 768 0 5.84 6 50 12/25/08 ESE 30.02 76
HEAT BASE: 65.0
COOL BASE: 65.0