NOAA-reports For Foresthill Weather.com
2018: Jan | Feb | Mar | Apr | May | Jun | Jul | Aug | Sep | Oct | Nov | Dec 
 2017: Jan | Feb | Mar | Apr | May | Jun | Jul | Aug | Sep | Oct | Nov | Dec 
2016: Jan | Feb | Mar | Apr | May | Jun | Jul | Aug | Sep | Oct | Nov | Dec 
2015: Jan | Feb | Mar | Apr | May | Jun | Jul | Aug | Sep | Oct | Nov | Dec 
2014: Jan | Feb | Mar | Apr | May | Jun | Jul | Aug | Sep | Oct | Nov | Dec 
2013: Jan | Feb | Mar | Apr | May | Jun | Jul | Aug | Sep | Oct | Nov | Dec 
2012: Jan | Feb | Mar | Apr | May | Jun | Jul | Aug | Sep | Oct | Nov | Dec 
2011: Jan | Feb | Mar | Apr | May | Jun | Jul | Aug | Sep | Oct | Nov | Dec 
2010: Jan | Feb | Mar | Apr | May | Jun | Jul | Aug | Sep | Oct | Nov | Dec 
2009: Jan | Feb | Mar | Apr | May | Jun | Jul | Aug | Sep | Oct | Nov | Dec 
2008: Jan | Feb | Mar | Apr | May | Jun | Jul | Aug | Sep | Oct | Nov | Dec 

Report for 2009 01
MONTHLY CLIMATOLOGICAL SUMMARY FOR 1/2009 HEAT COOL MEAN DEG DEG WIND SPEED DOM MEAN MEAN DAY TEMP HIGH TIME LOW TIME DAYS DAYS RAIN AVG HI TIME DIR BAROM HUM --------------------------------------------------------------------------------------- 1 45.6 55.9 1:41pm 39.7 1:31am 19 0 0.00 4 19 7:01pm E 30.06 61 2 42.0 45.0 2:54am 36.6 11:03pm 23 0 0.95 6 28 7:19am SSE 29.89 94 3 35.4 43.4 2:00pm 31.0 7:33am 30 0 0.01 5 24 7:17am E 29.93 89 4 34.5 41.4 1:45pm 29.6 5:25am 30 0 0.00 5 22 5:58am ESE 30.06 81 5 36.9 39.1 3:16pm 35.5 5:47am 28 0 0.06 3 18 7:18am SE 30.11 95 6 39.7 48.4 1:53pm 35.5 12:57am 25 0 0.00 3 18 11:30pm NE 30.17 95 7 45.6 56.6 2:22pm 37.5 2:14am 19 0 0.00 4 24 10:06pm E 30.16 87 8 43.4 47.4 1:39pm 37.0 10:57am 22 0 0.00 5 23 12:41am ESE 30.10 83 9 44.2 52.1 1:51pm 37.4 6:25am 21 0 0.00 6 28 7:08pm NNW 30.21 50 10 49.7 59.4 2:42pm 42.1 5:33am 15 0 0.00 5 24 9:55pm ESE 30.44 45 11 54.5 66.0 2:15pm 46.3 5:07am 11 0 0.00 6 28 10:23pm E 30.39 33 12 59.0 69.4 2:17pm 50.4 2:01am 6 1 0.00 8 43 8:36pm E 30.31 37 13 59.1 68.2 1:48pm 54.1 8:41am 6 0 0.00 6 28 6:24am E 30.29 32 14 59.1 69.4 2:24pm 52.5 6:02am 7 1 0.00 7 25 10:54pm E 30.21 28 15 61.4 71.6 1:28pm 55.3 8:45pm 5 1 0.00 8 40 8:59am E 30.18 19 16 56.0 64.8 11:47am 49.5 11:58pm 9 0 0.00 5 34 4:59am ESE 30.23 34 17 52.4 62.4 1:46pm 47.8 2:41am 13 0 0.00 5 19 4:55am ESE 30.21 40 18 53.3 62.3 1:51pm 48.1 6:22am 12 0 0.00 6 26 8:15am E 30.27 36 19 52.5 61.0 1:41pm 48.1 7:49am 13 0 0.00 6 26 1:58am ESE 30.22 41 20 54.3 65.0 1:54pm 48.1 12:44am 11 0 0.00 7 26 12:32am ESE 30.13 38 21 53.4 60.1 1:22pm 47.2 7:24pm 12 0 0.04 7 28 12:45am ESE 30.02 51 22 47.3 49.9 12:00am 46.6 12:48pm 18 0 1.38 4 29 4:15am SE 29.98 97 23 49.2 53.1 12:28pm 46.8 9:42pm 16 0 0.55 5 30 4:47pm SE 30.01 99 24 44.9 47.2 2:43am 38.8 11:55pm 20 0 0.35 6 28 9:32pm S 30.04 99 25 35.3 38.8 12:00am 33.7 7:08pm 30 0 0.24 5 26 12:13am S 29.94 99 26 34.3 40.5 2:03pm 29.9 11:53pm 31 0 0.00 5 22 7:21pm E 30.01 91 27 35.9 45.2 2:11pm 28.8 2:28am 29 0 0.00 5 25 7:07am E 30.32 72 28 42.5 53.7 2:20pm 33.6 6:03am 23 0 0.00 5 25 11:42pm NNW 30.31 75 29 48.7 59.0 1:04pm 39.5 2:37am 16 0 0.00 5 29 7:29pm E 30.27 54 30 50.6 61.2 2:46pm 44.2 1:56am 14 0 0.00 4 25 4:30am E 30.24 56 31 50.5 62.1 12:44pm 44.8 5:06am 15 0 0.00 5 22 8:02am E 30.12 60 --------------------------------------------------------------------------------------- TOT 47.4 71.6 1/15/09 28.8 1/27/09 547 3 3.58 5 43 1/12/09 E 30.16 64 HEAT BASE: 65.0 COOL BASE: 65.0
powered by Cumulus v1.9.3 (1059)
Ambient Weather VWS v14.00
Top Contact Website Map Copyright © 2007 - noaa Foresthillweather.com Never base important decisions on this or any weather information obtained from the Internet