2024: Jan | Feb | Mar | Apr | May | Jun | Jul | Aug | Sep | Oct | Nov | Dec
2023: Jan | Feb | Mar | Apr | May | Jun | Jul | Aug | Sep | Oct | Nov | Dec
2022: Jan | Feb | Mar | Apr | May | Jun | Jul | Aug | Sep | Oct | Nov | Dec
2021: Jan | Feb | Mar | Apr | May | Jun | Jul | Aug | Sep | Oct | Nov | Dec
2020: Jan | Feb | Mar | Apr | May | Jun | Jul | Aug | Sep | Oct | Nov | Dec
2019: Jan | Feb | Mar | Apr | May | Jun | Jul | Aug | Sep | Oct | Nov | Dec
2018: Jan | Feb | Mar | Apr | May | Jun | Jul | Aug | Sep | Oct | Nov | Dec
2017: Jan | Feb | Mar | Apr | May | Jun | Jul | Aug | Sep | Oct | Nov | Dec
2016: Jan | Feb | Mar | Apr | May | Jun | Jul | Aug | Sep | Oct | Nov | Dec
2015: Jan | Feb | Mar | Apr | May | Jun | Jul | Aug | Sep | Oct | Nov | Dec
2014: Jan | Feb | Mar | Apr | May | Jun | Jul | Aug | Sep | Oct | Nov | Dec
2013: Jan | Feb | Mar | Apr | May | Jun | Jul | Aug | Sep | Oct | Nov | Dec
2012: Jan | Feb | Mar | Apr | May | Jun | Jul | Aug | Sep | Oct | Nov | Dec
2011: Jan | Feb | Mar | Apr | May | Jun | Jul | Aug | Sep | Oct | Nov | Dec
2010: Jan | Feb | Mar | Apr | May | Jun | Jul | Aug | Sep | Oct | Nov | Dec
2009: Jan | Feb | Mar | Apr | May | Jun | Jul | Aug | Sep | Oct | Nov | Dec
2008: Jan | Feb | Mar | Apr | May | Jun | Jul | Aug | Sep | Oct | Nov | Dec
Report for 2009 02
MONTHLY CLIMATOLOGICAL SUMMARY FOR 2/2009
HEAT COOL
MEAN DEG DEG WIND SPEED DOM MEAN MEAN
DAY TEMP HIGH TIME LOW TIME DAYS DAYS RAIN AVG HI TIME DIR BAROM HUM
---------------------------------------------------------------------------------------
1 48.7 58.9 1:37pm 40.6 4:57am 16 0 0.00 5 26 8:38am E 30.16 61
2 52.0 62.2 1:52pm 45.7 12:07am 13 0 0.00 6 25 11:47pm ESE 30.21 50
3 54.8 65.9 2:21pm 48.6 7:13am 10 0 0.00 6 26 9:06pm E 30.09 46
4 54.3 64.1 1:50pm 48.9 5:38am 11 0 0.00 6 24 5:43am ESE 29.97 47
5 45.0 50.5 12:00am 41.8 11:58pm 20 0 0.03 5 24 3:34pm S 29.90 76
6 42.6 46.4 1:18pm 39.5 11:56pm 22 0 0.20 5 23 12:17am SE 29.82 95
7 43.9 55.0 3:10pm 37.3 3:57am 21 0 0.01 4 25 12:44pm NE 29.82 78
8 40.1 44.4 1:52pm 32.7 11:52pm 25 0 0.82 7 37 7:01pm S 29.79 87
9 32.5 34.6 3:13pm 30.4 11:52pm 33 0 0.39 2 20 1:37am NW 29.84 97
10 32.1 38.9 1:37pm 26.1 6:42am 33 0 0.05 8 31 10:00pm ESE 30.04 86
11 33.2 36.9 1:21pm 31.4 8:35pm 32 0 0.56 5 31 4:14pm SSE 30.02 97
12 33.0 36.1 3:06pm 29.5 7:56am 32 0 0.01 5 23 10:25pm ESE 30.04 98
13 32.6 34.7 3:43am 31.0 11:50pm 32 0 1.35 8 31 4:06am SSE 29.87 97
14 33.1 35.1 2:42pm 31.0 12:00am 32 0 0.35 8 28 9:31am SSE 29.91 99
15 35.3 38.3 6:02am 33.6 8:57am 30 0 0.28 12 49 5:26am SE 29.75 95
16 35.2 38.5 10:47am 32.6 8:31pm 30 0 0.62 8 41 12:27pm SE 29.62 97
17 34.1 36.1 3:41pm 32.5 3:40am 31 0 1.04 9 36 7:56am SSE 29.88 99
18 38.3 45.2 1:58pm 33.9 6:58am 27 0 0.09 5 23 12:09am ESE 30.16 95
19 41.9 53.2 2:09pm 35.0 6:29am 23 0 0.00 6 25 5:23am ESE 30.16 75
20 45.1 56.8 3:20pm 38.1 3:29am 20 0 0.00 6 25 1:01am ESE 30.10 62
21 46.5 56.2 1:15pm 39.9 5:54am 18 0 0.00 7 34 11:28pm ESE 30.03 62
22 46.5 52.1 12:41am 41.0 5:20am 18 0 1.44 10 37 2:29pm SSE 29.99 92
23 48.4 49.7 12:56pm 47.2 3:32am 17 0 1.51 10 37 4:56am S 30.04 100
24 46.0 49.5 3:57pm 43.6 8:44am 19 0 0.00 3 20 2:29am SSW 30.09 97
25 44.1 49.0 1:30pm 40.4 7:22am 21 0 0.00 5 20 11:39am SSE 30.07 91
26 44.2 48.9 3:40pm 40.0 11:55pm 21 0 0.25 6 25 3:12am S 30.12 96
27 43.3 53.1 2:06pm 35.8 7:07am 22 0 0.00 5 24 5:28am ESE 30.11 82
28 49.8 60.7 12:41pm 40.0 3:46am 15 0 0.00 7 28 12:38am ESE 30.06 64
---------------------------------------------------------------------------------------
TOT 42.0 65.9 2/3/09 26.1 2/10/09 643 0 9.00 6 49 2/15/09 SE 29.99 83
HEAT BASE: 65.0
COOL BASE: 65.0