NOAA-reports For Foresthill Weather.com
2018: Jan | Feb | Mar | Apr | May | Jun | Jul | Aug | Sep | Oct | Nov | Dec 
2017: Jan | Feb | Mar | Apr | May | Jun | Jul | Aug | Sep | Oct | Nov | Dec 
2016: Jan | Feb | Mar | Apr | May | Jun | Jul | Aug | Sep | Oct | Nov | Dec 
2015: Jan | Feb | Mar | Apr | May | Jun | Jul | Aug | Sep | Oct | Nov | Dec 
2014: Jan | Feb | Mar | Apr | May | Jun | Jul | Aug | Sep | Oct | Nov | Dec 
2013: Jan | Feb | Mar | Apr | May | Jun | Jul | Aug | Sep | Oct | Nov | Dec 
2012: Jan | Feb | Mar | Apr | May | Jun | Jul | Aug | Sep | Oct | Nov | Dec 
2011: Jan | Feb | Mar | Apr | May | Jun | Jul | Aug | Sep | Oct | Nov | Dec 
2010: Jan | Feb | Mar | Apr | May | Jun | Jul | Aug | Sep | Oct | Nov | Dec 
2009: Jan | Feb | Mar | Apr | May | Jun | Jul | Aug | Sep | Oct | Nov | Dec 
2008: Jan | Feb | Mar | Apr | May | Jun | Jul | Aug | Sep | Oct | Nov | Dec 

Report for 2009 03
MONTHLY CLIMATOLOGICAL SUMMARY FOR 3/2009 HEAT COOL MEAN DEG DEG WIND SPEED DOM MEAN MEAN DAY TEMP HIGH TIME LOW TIME DAYS DAYS RAIN AVG HI TIME DIR BAROM HUM --------------------------------------------------------------------------------------- 1 47.3 50.9 12:07am 44.3 6:32pm 18 0 0.76 9 43 6:10pm SE 30.02 86 2 47.2 50.1 3:12am 42.5 11:54pm 18 0 1.07 12 43 12:39pm S 29.90 98 3 39.6 42.5 12:00am 36.8 4:28pm 25 0 2.29 10 47 9:01am S 29.86 99 4 35.5 40.0 3:41pm 32.4 7:11am 30 0 0.43 5 24 12:44am SE 29.94 96 5 37.2 47.2 1:30pm 31.8 2:44am 28 0 0.00 4 23 4:20am ESE 30.07 89 6 38.4 45.5 1:52pm 34.4 1:07am 27 0 0.00 5 23 9:39am SE 30.03 86 7 40.8 51.6 2:15pm 32.9 2:19am 24 0 0.00 6 25 3:55am ESE 30.01 73 8 43.4 51.4 2:55pm 36.6 7:57am 21 0 0.00 6 25 3:29am ESE 29.94 80 9 36.4 42.1 4:25pm 30.5 8:21am 29 0 0.00 5 22 1:14am WSW 29.95 72 10 37.8 49.7 2:44pm 29.4 4:10am 27 0 0.00 5 23 6:09am ESE 30.04 58 11 42.9 53.4 2:49pm 34.8 6:58am 22 0 0.00 5 22 2:45am ESE 29.98 64 12 46.9 58.5 2:06pm 37.3 5:40am 18 0 0.00 4 20 2:02pm E 30.03 58 13 49.4 61.3 2:47pm 42.7 7:12am 16 0 0.00 6 28 4:27am ESE 30.06 48 14 44.9 52.9 2:16pm 40.5 11:53pm 20 0 0.00 7 28 2:23pm S 29.95 74 15 42.9 47.9 3:04pm 38.5 5:18am 22 0 0.36 6 22 1:21am SSE 30.04 95 16 46.3 49.6 5:12pm 43.4 5:06am 19 0 0.13 6 23 12:37am S 30.18 98 17 48.9 58.8 3:08pm 41.7 8:04am 16 0 0.00 5 20 3:19pm ESE 30.22 89 18 52.6 65.9 2:25pm 43.5 7:35am 12 0 0.00 5 18 1:45am E 30.13 65 19 55.2 66.6 2:46pm 47.6 6:29am 10 0 0.00 5 23 7:39am ESE 29.99 61 20 55.1 66.0 2:00pm 47.2 6:58am 10 0 0.00 6 20 1:46pm ESE 29.91 65 21 46.0 50.5 10:54am 40.6 11:56pm 19 0 0.24 8 36 10:32pm S 29.87 88 22 34.6 40.6 12:00am 31.6 11:38pm 30 0 0.83 5 26 3:38am SW 29.99 96 23 37.3 49.4 4:43pm 28.6 8:00am 28 0 0.00 5 29 6:54am E 30.17 76 24 46.3 59.5 3:41pm 35.4 4:28am 19 0 0.00 5 23 6:10am E 30.14 65 25 50.1 59.9 2:04pm 43.0 6:57am 15 0 0.00 6 22 12:32am ESE 30.07 60 26 53.0 65.5 2:09pm 43.8 7:37am 12 0 0.00 7 31 3:57pm ESE 29.98 55 27 55.3 65.7 1:58pm 46.4 2:48am 10 0 0.00 6 31 5:23am E 30.00 43 28 56.4 68.8 2:16pm 47.4 7:32am 9 0 0.00 7 22 4:02am ESE 29.96 55 29 48.1 55.3 1:43pm 40.2 11:57pm 17 0 0.00 6 34 4:06pm NW 29.87 55 30 47.1 59.0 2:13pm 35.2 5:16am 18 0 0.00 5 25 8:37am SW 30.00 40 31 50.5 61.1 2:47pm 41.1 6:53am 14 0 0.00 5 19 5:24am ESE 30.02 50 --------------------------------------------------------------------------------------- TOT 45.6 68.8 3/28/09 28.6 3/23/09 601 1 6.11 6 47 3/3/09 ESE 30.01 72 HEAT BASE: 65.0 COOL BASE: 65.0
powered by Cumulus v1.9.3 (1059)
Ambient Weather VWS v14.00
Top Contact Website Map Copyright © 2007 - noaa Foresthillweather.com Never base important decisions on this or any weather information obtained from the Internet