NOAA-reports For Foresthill Weather.com
2018: Jan | Feb | Mar | Apr | May | Jun | Jul | Aug | Sep | Oct | Nov | Dec 
 2017: Jan | Feb | Mar | Apr | May | Jun | Jul | Aug | Sep | Oct | Nov | Dec 
2016: Jan | Feb | Mar | Apr | May | Jun | Jul | Aug | Sep | Oct | Nov | Dec 
2015: Jan | Feb | Mar | Apr | May | Jun | Jul | Aug | Sep | Oct | Nov | Dec 
2014: Jan | Feb | Mar | Apr | May | Jun | Jul | Aug | Sep | Oct | Nov | Dec 
2013: Jan | Feb | Mar | Apr | May | Jun | Jul | Aug | Sep | Oct | Nov | Dec 
2012: Jan | Feb | Mar | Apr | May | Jun | Jul | Aug | Sep | Oct | Nov | Dec 
2011: Jan | Feb | Mar | Apr | May | Jun | Jul | Aug | Sep | Oct | Nov | Dec 
2010: Jan | Feb | Mar | Apr | May | Jun | Jul | Aug | Sep | Oct | Nov | Dec 
2009: Jan | Feb | Mar | Apr | May | Jun | Jul | Aug | Sep | Oct | Nov | Dec 
2008: Jan | Feb | Mar | Apr | May | Jun | Jul | Aug | Sep | Oct | Nov | Dec 

Report for 2009 04
MONTHLY CLIMATOLOGICAL SUMMARY FOR 4/2009 HEAT COOL MEAN DEG DEG WIND SPEED DOM MEAN MEAN DAY TEMP HIGH TIME LOW TIME DAYS DAYS RAIN AVG HI TIME DIR BAROM HUM --------------------------------------------------------------------------------------- 1 53.7 64.6 1:36pm 42.9 7:26am 11 0 0.00 7 28 11:22am NNW 29.92 56 2 50.7 55.9 3:28pm 44.6 11:58pm 14 0 0.00 6 22 12:19pm SSW 29.85 70 3 43.5 52.2 3:28pm 34.2 7:15am 21 0 0.00 6 30 4:22pm NW 29.84 58 4 46.0 57.9 1:46pm 36.2 7:05am 19 0 0.00 6 24 12:00am ESE 29.97 40 5 51.6 65.9 2:48pm 40.0 6:55am 13 0 0.00 6 26 11:09am ESE 30.09 41 6 57.5 71.3 2:59pm 47.1 5:04am 9 1 0.00 7 29 11:54pm E 30.03 34 7 49.0 57.5 1:14pm 39.4 7:01pm 16 0 0.35 8 37 5:59pm ESE 29.90 62 8 41.0 45.6 4:27pm 37.0 4:55am 24 0 0.60 4 20 2:47pm SE 29.98 96 9 41.5 42.7 12:00am 39.9 10:09pm 23 0 0.56 5 25 1:20pm SE 29.93 97 10 41.8 45.6 3:20pm 39.2 11:52pm 23 0 0.27 4 18 8:19am SE 29.82 98 11 44.4 53.9 3:58pm 36.2 7:04am 21 0 0.01 3 20 1:38pm WNW 30.00 88 12 50.3 61.3 3:04pm 40.0 6:55am 15 0 0.00 4 17 11:27am ESE 30.17 78 13 53.7 64.7 2:09pm 45.9 6:46am 11 0 0.00 5 20 3:16pm ESE 30.01 76 14 40.5 49.8 12:00am 32.7 11:02pm 24 0 0.01 4 37 5:43pm WNW 29.79 75 15 39.7 49.9 3:34pm 29.4 5:25am 25 0 0.00 6 26 1:33pm N 29.94 60 16 47.6 59.9 4:54pm 35.5 6:18am 17 0 0.00 6 26 1:10pm E 30.14 55 17 53.7 66.1 2:37pm 42.3 6:10am 11 0 0.00 4 19 2:56pm NW 30.16 54 18 60.0 73.0 2:13pm 48.6 5:31am 7 2 0.00 4 18 7:21am ESE 30.11 57 19 66.2 78.8 2:31pm 56.3 2:42am 3 4 0.00 5 26 6:53am E 30.14 45 20 70.2 83.7 2:05pm 59.8 4:02am 1 7 0.00 6 26 8:03am E 30.10 43 21 71.0 86.0 2:18pm 61.4 6:17am 1 7 0.00 6 23 3:14am E 30.03 41 22 70.1 82.6 2:26pm 61.1 6:31am 1 6 0.00 7 28 6:55am ESE 29.92 36 23 59.1 65.7 2:42pm 50.6 7:19am 6 0 0.00 7 29 2:06am S 29.86 53 24 45.5 53.0 2:40pm 36.5 7:17am 19 0 0.17 7 26 8:45am SE 29.93 64 25 47.2 58.5 3:06pm 36.4 6:47am 18 0 0.00 5 22 3:55pm ESE 30.02 63 26 51.0 60.4 2:15pm 42.7 6:48am 14 0 0.00 5 25 2:25am ESE 29.98 60 27 49.9 60.0 1:51pm 40.5 11:56pm 15 0 0.00 8 34 5:04pm S 29.89 68 28 42.4 50.7 3:02pm 35.8 6:42am 23 0 0.00 7 28 12:13am S 30.00 73 29 46.1 58.4 2:12pm 36.7 6:06am 19 0 0.00 5 20 1:17pm ESE 30.07 68 30 51.1 60.8 1:50pm 41.2 6:27am 14 0 0.01 5 24 1:03am ESE 30.08 61 --------------------------------------------------------------------------------------- TOT 51.2 86.0 4/21/09 29.4 4/15/09 441 27 1.98 6 37 4/7/09 ESE 29.99 62 HEAT BASE: 65.0 COOL BASE: 65.0
powered by Cumulus v1.9.3 (1059)
Ambient Weather VWS v14.00
Top Contact Website Map Copyright © 2007 - noaa Foresthillweather.com Never base important decisions on this or any weather information obtained from the Internet