NOAA-reports For Foresthill Weather.com
2018: Jan | Feb | Mar | Apr | May | Jun | Jul | Aug | Sep | Oct | Nov | Dec 
2017: Jan | Feb | Mar | Apr | May | Jun | Jul | Aug | Sep | Oct | Nov | Dec 
2016: Jan | Feb | Mar | Apr | May | Jun | Jul | Aug | Sep | Oct | Nov | Dec 
2015: Jan | Feb | Mar | Apr | May | Jun | Jul | Aug | Sep | Oct | Nov | Dec 
2014: Jan | Feb | Mar | Apr | May | Jun | Jul | Aug | Sep | Oct | Nov | Dec 
2013: Jan | Feb | Mar | Apr | May | Jun | Jul | Aug | Sep | Oct | Nov | Dec 
2012: Jan | Feb | Mar | Apr | May | Jun | Jul | Aug | Sep | Oct | Nov | Dec 
2011: Jan | Feb | Mar | Apr | May | Jun | Jul | Aug | Sep | Oct | Nov | Dec 
2010: Jan | Feb | Mar | Apr | May | Jun | Jul | Aug | Sep | Oct | Nov | Dec 
2009: Jan | Feb | Mar | Apr | May | Jun | Jul | Aug | Sep | Oct | Nov | Dec 
2008: Jan | Feb | Mar | Apr | May | Jun | Jul | Aug | Sep | Oct | Nov | Dec 

Report for 2009 05
MONTHLY CLIMATOLOGICAL SUMMARY FOR 5/2009 HEAT COOL MEAN DEG DEG WIND SPEED DOM MEAN MEAN DAY TEMP HIGH TIME LOW TIME DAYS DAYS RAIN AVG HI TIME DIR BAROM HUM --------------------------------------------------------------------------------------- 1 50.7 55.5 10:49am 47.4 1:18am 14 0 1.66 8 37 1:19am ESE 29.99 93 2 47.5 48.6 12:17pm 46.2 7:06am 17 0 0.60 6 26 12:23am S 30.05 98 3 50.4 53.5 5:24pm 47.0 8:39am 15 0 0.75 6 31 7:45am S 30.09 99 4 51.9 55.9 2:36pm 47.4 7:01am 13 0 0.75 6 26 8:42pm S 30.03 92 5 55.2 61.4 3:19pm 51.5 5:28am 10 0 0.54 6 30 2:36am SSW 30.06 95 6 56.8 64.1 3:32pm 49.3 6:58am 8 0 0.00 5 30 5:52am SSE 30.12 88 7 59.0 66.9 2:06pm 53.0 11:12pm 6 0 0.00 5 22 2:26pm NNW 30.09 76 8 59.7 71.1 2:08pm 50.2 3:51am 7 1 0.00 6 19 4:46am ESE 29.99 61 9 62.1 74.2 2:45pm 53.3 5:59am 5 2 0.00 5 25 6:30am E 29.96 53 10 63.6 76.8 2:27pm 52.9 5:55am 4 3 0.00 6 24 7:04am ESE 29.97 43 11 62.9 73.7 2:37pm 54.1 5:53am 4 2 0.00 6 23 12:00am E 29.96 47 12 58.7 68.5 2:54pm 50.0 5:44am 7 1 0.00 5 22 12:17am NNW 29.99 44 13 59.2 69.7 2:53pm 48.7 6:14am 7 1 0.00 5 22 2:19am E 30.02 40 14 62.3 72.4 2:26pm 53.7 6:17am 5 2 0.00 6 25 1:53am ESE 30.02 54 15 65.8 76.9 2:12pm 54.0 5:31am 3 4 0.00 4 18 7:45am WNW 29.95 62 16 74.3 86.2 2:35pm 62.5 2:49am 0 9 0.00 6 31 4:44am E 29.97 43 17 77.5 90.8 2:44pm 68.2 6:45am 0 12 0.00 6 28 5:03am E 30.01 33 18 77.3 90.0 2:23pm 68.9 6:54am 0 12 0.00 7 29 4:16am ESE 29.95 32 19 68.8 77.8 1:55pm 58.2 11:57pm 1 5 0.00 7 26 9:51pm SE 29.92 45 20 63.5 75.1 2:41pm 53.8 6:06am 4 3 0.00 6 23 1:03am ESE 29.93 40 21 67.0 79.2 2:25pm 58.0 6:21am 2 4 0.00 6 25 1:09am ESE 29.92 42 22 67.3 77.7 3:03pm 58.6 6:49am 2 4 0.00 5 23 2:04am ESE 29.91 47 23 66.0 75.6 1:19pm 58.6 11:05pm 2 3 0.00 6 24 3:34am ESE 29.91 52 24 63.4 73.6 1:51pm 56.6 5:57am 4 2 0.00 6 26 12:04am ESE 29.93 53 25 63.6 74.0 4:51pm 53.2 5:56am 4 3 0.00 4 17 4:18pm ESE 29.92 55 26 68.3 79.6 2:01pm 56.8 6:09am 2 6 0.00 4 18 11:42pm E 29.91 58 27 72.5 83.6 3:03pm 62.5 6:43am 0 8 0.00 4 22 12:05am E 29.92 54 28 72.3 83.7 2:11pm 65.8 7:10am 0 7 0.00 7 34 5:08pm ESE 29.94 51 29 71.7 82.6 1:31pm 63.7 7:33am 0 7 0.00 6 24 3:12am ESE 29.98 51 30 69.9 77.9 3:39pm 63.9 6:56am 0 5 0.00 5 22 4:47am ESE 29.97 60 31 69.1 78.2 2:49pm 62.9 6:06am 0 5 0.00 5 23 4:47am ESE 29.94 62 --------------------------------------------------------------------------------------- TOT 63.8 90.8 5/17/09 46.2 5/2/09 149 112 4.30 6 37 5/1/09 ESE 29.98 59 HEAT BASE: 65.0 COOL BASE: 65.0
powered by Cumulus v1.9.3 (1059)
Ambient Weather VWS v14.00
Top Contact Website Map Copyright © 2007 - noaa Foresthillweather.com Never base important decisions on this or any weather information obtained from the Internet