NOAA-reports For Foresthill Weather.com
2018: Jan | Feb | Mar | Apr | May | Jun | Jul | Aug | Sep | Oct | Nov | Dec 
 2017: Jan | Feb | Mar | Apr | May | Jun | Jul | Aug | Sep | Oct | Nov | Dec 
2016: Jan | Feb | Mar | Apr | May | Jun | Jul | Aug | Sep | Oct | Nov | Dec 
2015: Jan | Feb | Mar | Apr | May | Jun | Jul | Aug | Sep | Oct | Nov | Dec 
2014: Jan | Feb | Mar | Apr | May | Jun | Jul | Aug | Sep | Oct | Nov | Dec 
2013: Jan | Feb | Mar | Apr | May | Jun | Jul | Aug | Sep | Oct | Nov | Dec 
2012: Jan | Feb | Mar | Apr | May | Jun | Jul | Aug | Sep | Oct | Nov | Dec 
2011: Jan | Feb | Mar | Apr | May | Jun | Jul | Aug | Sep | Oct | Nov | Dec 
2010: Jan | Feb | Mar | Apr | May | Jun | Jul | Aug | Sep | Oct | Nov | Dec 
2009: Jan | Feb | Mar | Apr | May | Jun | Jul | Aug | Sep | Oct | Nov | Dec 
2008: Jan | Feb | Mar | Apr | May | Jun | Jul | Aug | Sep | Oct | Nov | Dec 

Report for 2009 06
MONTHLY CLIMATOLOGICAL SUMMARY FOR 6/2009 HEAT COOL MEAN DEG DEG WIND SPEED DOM MEAN MEAN DAY TEMP HIGH TIME LOW TIME DAYS DAYS RAIN AVG HI TIME DIR BAROM HUM --------------------------------------------------------------------------------------- 1 65.7 73.5 1:28pm 58.2 11:56pm 2 2 0.00 5 23 6:46am ESE 29.90 58 2 61.6 69.6 2:47pm 56.8 4:06am 4 1 0.00 4 17 2:47pm ESE 29.92 71 3 62.3 69.9 1:22pm 56.1 6:19am 4 1 0.17 5 32 9:34pm S 29.89 71 4 56.4 61.8 3:45pm 51.6 11:57pm 9 0 0.08 4 28 12:47am W 29.91 85 5 52.6 55.9 4:18pm 48.3 7:18am 12 0 0.00 5 25 1:35pm S 29.91 82 6 55.1 61.9 3:24pm 49.7 1:38am 10 0 0.00 3 16 3:18pm ESE 29.93 79 7 59.3 69.0 3:16pm 50.5 6:29am 7 1 0.00 5 20 2:01pm ESE 29.93 71 8 61.5 71.1 2:17pm 53.2 5:35am 5 2 0.00 6 22 4:46am ESE 29.86 66 9 59.4 66.4 1:50pm 53.6 6:05am 6 0 0.00 6 22 2:49pm ESE 29.87 68 10 56.2 63.4 5:01pm 49.9 7:14am 9 0 0.00 5 20 3:13pm S 29.92 77 11 58.9 68.7 2:22pm 51.2 6:22am 7 1 0.00 5 20 2:07pm ESE 29.93 70 12 58.5 66.1 2:38pm 52.2 1:49am 7 0 0.00 4 23 5:19am ESE 29.91 75 13 58.3 65.3 1:30pm 52.7 11:56pm 7 0 0.01 5 23 8:53am SW 29.94 78 14 58.5 69.2 2:31pm 49.7 6:27am 7 1 0.00 5 22 4:41am SE 29.95 70 15 60.7 70.0 2:21pm 51.5 4:28am 5 1 0.00 4 19 3:58pm W 29.93 64 16 63.1 72.8 1:59pm 54.6 6:03am 4 2 0.00 4 17 1:46pm SSW 29.91 67 17 66.4 75.5 2:20pm 59.4 3:50am 2 3 0.00 5 23 5:37am ESE 29.92 60 18 69.8 82.3 3:02pm 59.1 6:35am 2 6 0.00 4 19 3:32pm WSW 29.90 53 19 70.4 79.0 2:19pm 62.8 6:26am 0 6 0.00 6 24 7:30am ESE 29.78 51 20 64.3 71.0 2:42pm 56.1 11:57pm 2 2 0.00 6 26 2:42pm S 29.74 62 21 58.0 68.9 2:50pm 47.3 5:53am 8 1 0.00 5 22 3:51am SSE 29.85 68 22 64.7 76.1 5:36pm 53.4 4:49am 4 4 0.00 4 17 2:17pm WNW 29.84 56 23 71.3 82.9 3:39pm 61.4 1:42am 1 7 0.00 4 16 2:56pm ESE 29.81 45 24 74.4 87.4 2:21pm 64.5 6:28am 0 9 0.00 5 22 11:27pm E 29.90 41 25 73.6 83.9 1:54pm 66.4 7:05am 0 9 0.00 6 25 3:25am ESE 29.93 41 26 72.5 82.7 3:01pm 63.4 6:50am 0 8 0.00 5 26 12:12am ESE 29.95 39 27 78.0 91.0 3:18pm 68.1 3:18am 0 13 0.00 4 23 11:55pm ESE 30.00 40 28 81.2 95.2 2:25pm 71.2 6:01am 0 16 0.00 6 23 12:00am ESE 29.97 32 29 81.5 93.9 3:26pm 73.3 7:06am 0 16 0.00 7 30 6:36am ESE 29.89 28 30 77.0 88.0 2:47pm 69.4 5:10am 0 12 0.00 6 24 8:00am ESE 29.87 35 --------------------------------------------------------------------------------------- TOT 65.1 95.2 6/28/09 47.3 6/21/09 122 123 0.26 5 31 6/3/09 ESE 29.90 60 HEAT BASE: 65.0 COOL BASE: 65.0
powered by Cumulus v1.9.3 (1059)
Ambient Weather VWS v14.00
Top Contact Website Map Copyright © 2007 - noaa Foresthillweather.com Never base important decisions on this or any weather information obtained from the Internet