NOAA-reports For Foresthill Weather.com
2018: Jan | Feb | Mar | Apr | May | Jun | Jul | Aug | Sep | Oct | Nov | Dec 
 2017: Jan | Feb | Mar | Apr | May | Jun | Jul | Aug | Sep | Oct | Nov | Dec 
2016: Jan | Feb | Mar | Apr | May | Jun | Jul | Aug | Sep | Oct | Nov | Dec 
2015: Jan | Feb | Mar | Apr | May | Jun | Jul | Aug | Sep | Oct | Nov | Dec 
2014: Jan | Feb | Mar | Apr | May | Jun | Jul | Aug | Sep | Oct | Nov | Dec 
2013: Jan | Feb | Mar | Apr | May | Jun | Jul | Aug | Sep | Oct | Nov | Dec 
2012: Jan | Feb | Mar | Apr | May | Jun | Jul | Aug | Sep | Oct | Nov | Dec 
2011: Jan | Feb | Mar | Apr | May | Jun | Jul | Aug | Sep | Oct | Nov | Dec 
2010: Jan | Feb | Mar | Apr | May | Jun | Jul | Aug | Sep | Oct | Nov | Dec 
2009: Jan | Feb | Mar | Apr | May | Jun | Jul | Aug | Sep | Oct | Nov | Dec 
2008: Jan | Feb | Mar | Apr | May | Jun | Jul | Aug | Sep | Oct | Nov | Dec 

Report for 2009 07
MONTHLY CLIMATOLOGICAL SUMMARY FOR 7/2009 HEAT COOL MEAN DEG DEG WIND SPEED DOM MEAN MEAN DAY TEMP HIGH TIME LOW TIME DAYS DAYS RAIN AVG HI TIME DIR BAROM HUM --------------------------------------------------------------------------------------- 1 76.6 87.0 2:09pm 67.8 7:15am 0 12 0.00 5 23 12:44am E 29.88 41 2 74.8 86.0 2:53pm 66.2 7:24am 0 10 0.00 4 22 11:18pm ESE 29.92 43 3 75.9 88.2 2:12pm 67.5 7:22am 0 11 0.00 7 26 1:32am ESE 29.99 38 4 75.8 86.2 1:56pm 67.3 7:15am 0 11 0.00 6 29 12:54am ESE 30.00 34 5 72.1 82.7 2:21pm 62.8 11:57pm 0 7 0.00 6 24 12:52am ESE 29.99 36 6 67.8 79.5 2:32pm 59.5 6:52am 2 4 0.00 5 19 3:25am SE 30.00 40 7 66.0 78.3 2:17pm 57.3 6:34am 3 4 0.00 6 26 3:08pm ESE 29.94 38 8 66.4 78.2 2:29pm 57.0 6:42am 3 4 0.00 6 24 2:55am ESE 29.94 41 9 67.3 79.4 3:07pm 57.5 6:58am 2 5 0.00 5 23 3:59am ESE 29.97 42 10 67.8 80.1 2:30pm 57.8 7:14am 2 5 0.00 6 25 11:58pm ESE 30.00 38 11 69.3 82.2 2:26pm 62.5 6:42am 1 5 0.01 6 30 11:19pm ESE 30.03 44 12 69.4 78.7 4:59pm 63.1 11:45pm 0 5 0.00 5 23 6:28am SE 30.06 43 13 71.9 85.6 2:55pm 60.8 7:03am 1 8 0.00 7 28 1:38am E 30.03 31 14 77.2 88.9 3:44pm 67.5 4:23am 0 12 0.00 4 23 5:11am ESE 29.95 34 15 78.7 91.3 1:52pm 69.2 5:37am 0 14 0.00 5 23 7:04am ESE 30.02 36 16 79.8 92.3 3:27pm 71.0 7:44am 0 15 0.00 6 29 12:39am ESE 30.09 34 17 80.6 93.5 2:20pm 70.6 7:33am 0 16 0.00 5 26 1:52am ESE 30.07 34 18 82.4 94.6 2:20pm 73.7 7:35am 0 17 0.00 6 24 5:42am ESE 30.02 35 19 83.7 95.7 2:17pm 75.2 6:22am 0 19 0.00 6 25 7:51am ESE 29.99 32 20 82.3 94.2 1:40pm 75.0 7:13am 0 17 0.00 7 26 6:59am ESE 29.99 30 21 79.2 91.4 2:26pm 70.8 7:48am 0 14 0.00 7 29 4:15am ESE 29.99 28 22 77.4 89.7 2:25pm 69.0 7:01am 0 12 0.00 6 26 2:55am ESE 29.95 34 23 77.7 87.8 2:11pm 69.9 7:44am 0 13 0.00 5 23 12:52am ESE 29.92 35 24 76.7 87.9 2:25pm 69.9 7:26am 0 12 0.00 5 23 5:15am ESE 29.95 39 25 76.6 88.5 2:43pm 67.3 6:44am 0 12 0.00 5 23 3:17am ESE 30.00 39 26 78.9 91.0 2:20pm 69.8 6:42am 0 14 0.00 5 19 1:17am ESE 30.04 36 27 80.5 92.7 4:08pm 70.3 7:38am 0 15 0.00 5 18 12:03am ESE 29.99 36 28 80.6 91.4 2:31pm 72.7 7:34am 0 16 0.00 5 19 10:25pm E 29.90 41 29 79.7 90.2 2:35pm 72.6 8:01am 0 15 0.00 5 25 5:06am ESE 29.88 44 30 78.7 87.9 2:13pm 71.8 7:49am 0 14 0.00 5 23 4:48am ESE 29.93 49 31 76.5 86.2 2:40pm 69.2 7:40am 0 11 0.00 5 19 3:29am ESE 29.97 48 --------------------------------------------------------------------------------------- TOT 75.8 95.7 7/19/09 57.0 7/8/09 13 347 0.01 6 30 7/11/09 ESE 29.98 38 HEAT BASE: 65.0 COOL BASE: 65.0
powered by Cumulus v1.9.3 (1059)
Ambient Weather VWS v14.00
Top Contact Website Map Copyright © 2007 - noaa Foresthillweather.com Never base important decisions on this or any weather information obtained from the Internet