2024: Jan | Feb | Mar | Apr | May | Jun | Jul | Aug | Sep | Oct | Nov | Dec
2023: Jan | Feb | Mar | Apr | May | Jun | Jul | Aug | Sep | Oct | Nov | Dec
2022: Jan | Feb | Mar | Apr | May | Jun | Jul | Aug | Sep | Oct | Nov | Dec
2021: Jan | Feb | Mar | Apr | May | Jun | Jul | Aug | Sep | Oct | Nov | Dec
2020: Jan | Feb | Mar | Apr | May | Jun | Jul | Aug | Sep | Oct | Nov | Dec
2019: Jan | Feb | Mar | Apr | May | Jun | Jul | Aug | Sep | Oct | Nov | Dec
2018: Jan | Feb | Mar | Apr | May | Jun | Jul | Aug | Sep | Oct | Nov | Dec
2017: Jan | Feb | Mar | Apr | May | Jun | Jul | Aug | Sep | Oct | Nov | Dec
2016: Jan | Feb | Mar | Apr | May | Jun | Jul | Aug | Sep | Oct | Nov | Dec
2015: Jan | Feb | Mar | Apr | May | Jun | Jul | Aug | Sep | Oct | Nov | Dec
2014: Jan | Feb | Mar | Apr | May | Jun | Jul | Aug | Sep | Oct | Nov | Dec
2013: Jan | Feb | Mar | Apr | May | Jun | Jul | Aug | Sep | Oct | Nov | Dec
2012: Jan | Feb | Mar | Apr | May | Jun | Jul | Aug | Sep | Oct | Nov | Dec
2011: Jan | Feb | Mar | Apr | May | Jun | Jul | Aug | Sep | Oct | Nov | Dec
2010: Jan | Feb | Mar | Apr | May | Jun | Jul | Aug | Sep | Oct | Nov | Dec
2009: Jan | Feb | Mar | Apr | May | Jun | Jul | Aug | Sep | Oct | Nov | Dec
2008: Jan | Feb | Mar | Apr | May | Jun | Jul | Aug | Sep | Oct | Nov | Dec
Report for 2009 08
MONTHLY CLIMATOLOGICAL SUMMARY FOR 8/2009
HEAT COOL
MEAN DEG DEG WIND SPEED DOM MEAN MEAN
DAY TEMP HIGH TIME LOW TIME DAYS DAYS RAIN AVG HI TIME DIR BAROM HUM
---------------------------------------------------------------------------------------
1 76.1 86.9 2:31pm 68.1 6:43am 0 11 0.00 5 22 6:38am ESE 29.98 45
2 73.8 84.3 2:19pm 65.4 11:57pm 0 9 0.00 4 18 1:42pm ESE 29.99 44
3 70.8 83.2 2:13pm 63.8 7:31am 0 6 0.00 5 22 5:27am ESE 30.00 46
4 70.2 82.4 2:54pm 62.6 3:53am 1 6 0.00 5 22 5:07am E 30.03 45
5 68.8 80.0 1:55pm 59.9 11:59pm 1 5 0.00 6 26 3:12pm ESE 29.99 42
6 57.9 64.2 2:20pm 53.1 5:03am 7 0 0.00 6 26 7:29am S 29.99 71
7 61.3 71.3 4:25pm 52.2 6:37am 5 2 0.00 5 19 1:28am ESE 30.03 62
8 67.9 80.2 2:52pm 57.2 6:53am 3 5 0.00 5 20 1:49pm E 30.03 52
9 72.6 85.5 2:51pm 61.1 6:16am 1 8 0.00 4 19 8:03am ESE 30.00 47
10 77.7 91.1 2:13pm 67.7 5:56am 0 13 0.00 5 20 2:17pm ESE 30.01 36
11 78.2 90.2 2:46pm 70.0 5:59am 0 13 0.00 6 25 8:45am ESE 30.05 31
12 77.9 89.8 1:55pm 69.7 6:48am 0 13 0.00 6 28 2:17pm E 30.04 27
13 75.3 86.0 3:04pm 66.6 7:25am 0 10 0.00 6 25 4:15am ESE 29.98 34
14 69.6 80.0 2:04pm 59.5 7:26am 1 5 0.00 6 25 8:37am SW 29.96 42
15 69.8 82.9 3:14pm 58.7 6:11am 2 7 0.00 5 24 8:20am E 29.97 35
16 71.9 84.5 2:27pm 60.7 7:01am 1 8 0.00 4 18 11:17pm ESE 29.96 36
17 74.6 86.8 4:45pm 64.6 6:55am 0 10 0.00 4 18 12:07am ESE 29.93 37
18 77.7 89.9 4:00pm 67.0 3:36am 0 13 0.00 4 19 11:34pm E 29.91 36
19 80.1 91.2 1:45pm 71.2 6:33am 0 15 0.00 5 22 12:22am E 29.89 35
20 78.5 88.1 2:04pm 71.8 7:33am 0 13 0.00 5 23 6:15am ESE 29.94 38
21 80.1 92.2 2:02pm 71.6 7:55am 0 15 0.00 5 19 11:41pm E 29.97 35
22 80.1 91.7 2:20pm 72.5 6:50am 0 15 0.00 7 26 4:09pm ESE 29.93 28
23 73.9 80.3 2:18pm 66.4 11:57pm 0 9 0.00 6 31 2:30pm SE 29.94 45
24 71.9 82.6 1:52pm 64.3 7:06am 0 7 0.00 6 24 2:06pm ESE 29.96 41
25 72.8 84.8 2:44pm 64.4 7:15am 0 8 0.00 6 23 1:17am ESE 30.01 37
26 74.4 87.4 2:42pm 65.2 7:05am 0 9 0.00 6 26 12:18am ESE 30.06 31
27 76.1 90.7 2:31pm 66.5 7:10am 0 11 0.00 6 26 5:14am E 30.09 25
28 77.8 89.1 2:18pm 70.0 3:38am 0 13 0.00 6 24 4:29am E 30.07 24
29 80.8 92.9 2:39pm 71.0 6:45am 0 16 0.00 6 24 4:02pm E 29.98 25
30 77.4 88.8 1:58pm 69.0 7:11am 0 12 0.00 8 31 1:05pm ESE 29.89 31
31 74.2 85.1 2:54pm 67.5 11:14pm 0 9 0.00 6 25 1:57pm ESE 29.91 32
---------------------------------------------------------------------------------------
TOT 73.9 92.9 8/29/09 52.2 8/7/09 21 296 0.00 5 31 8/30/09 ESE 29.98 38
HEAT BASE: 65.0
COOL BASE: 65.0