NOAA-reports For Foresthill Weather.com
2018: Jan | Feb | Mar | Apr | May | Jun | Jul | Aug | Sep | Oct | Nov | Dec 
 2017: Jan | Feb | Mar | Apr | May | Jun | Jul | Aug | Sep | Oct | Nov | Dec 
2016: Jan | Feb | Mar | Apr | May | Jun | Jul | Aug | Sep | Oct | Nov | Dec 
2015: Jan | Feb | Mar | Apr | May | Jun | Jul | Aug | Sep | Oct | Nov | Dec 
2014: Jan | Feb | Mar | Apr | May | Jun | Jul | Aug | Sep | Oct | Nov | Dec 
2013: Jan | Feb | Mar | Apr | May | Jun | Jul | Aug | Sep | Oct | Nov | Dec 
2012: Jan | Feb | Mar | Apr | May | Jun | Jul | Aug | Sep | Oct | Nov | Dec 
2011: Jan | Feb | Mar | Apr | May | Jun | Jul | Aug | Sep | Oct | Nov | Dec 
2010: Jan | Feb | Mar | Apr | May | Jun | Jul | Aug | Sep | Oct | Nov | Dec 
2009: Jan | Feb | Mar | Apr | May | Jun | Jul | Aug | Sep | Oct | Nov | Dec 
2008: Jan | Feb | Mar | Apr | May | Jun | Jul | Aug | Sep | Oct | Nov | Dec 

Report for 2009 10
MONTHLY CLIMATOLOGICAL SUMMARY FOR 10/2009 HEAT COOL MEAN DEG DEG WIND SPEED DOM MEAN MEAN DAY TEMP HIGH TIME LOW TIME DAYS DAYS RAIN AVG HI TIME DIR BAROM HUM --------------------------------------------------------------------------------------- 1 60.4 72.4 3:07pm 52.4 1:30am 6 1 0.00 5 25 1:29am ESE 30.06 27 2 62.4 74.0 2:21pm 54.4 7:03am 5 2 0.00 6 23 12:05am ESE 29.93 29 3 56.6 63.4 1:27pm 47.8 11:56pm 8 0 0.00 6 28 2:24pm SE 29.70 40 4 46.8 54.1 2:27pm 40.2 7:49am 18 0 0.02 5 23 1:36pm SE 29.71 61 5 48.8 59.2 3:28pm 40.5 6:43am 16 0 0.00 6 25 8:11am E 29.91 52 6 55.1 66.6 2:11pm 46.3 7:08am 10 0 0.00 4 22 11:51pm ESE 29.93 44 7 58.8 69.6 2:43pm 51.9 3:35am 7 1 0.00 6 26 6:01am ESE 29.91 35 8 58.3 68.5 2:26pm 51.5 6:27am 7 1 0.00 6 25 12:35am ESE 30.03 42 9 59.7 70.7 2:40pm 52.7 7:27am 6 1 0.00 5 22 5:07am E 30.02 44 10 59.5 70.9 2:22pm 51.9 6:22am 7 1 0.00 4 19 10:41pm ESE 29.86 47 11 58.8 68.4 2:15pm 53.7 7:38am 7 0 0.00 7 25 3:46am ESE 29.80 49 12 50.1 54.7 3:25pm 45.2 6:58am 15 0 0.02 5 32 11:18pm SSE 29.74 77 13 51.4 53.8 6:13pm 47.1 8:19am 13 0 3.73 14 64 9:55am S 29.59 86 14 54.6 57.5 3:53pm 52.7 11:03pm 10 0 0.00 7 41 3:16am S 29.96 91 15 58.3 64.8 4:28pm 52.8 12:00am 7 0 0.00 5 25 8:56am ESE 30.14 90 16 61.8 72.3 2:53pm 54.5 7:28am 5 2 0.00 4 22 5:09am ESE 30.07 81 17 64.5 75.9 2:42pm 57.8 3:58am 3 2 0.00 5 26 4:23am ESE 30.02 76 18 58.6 66.3 12:25pm 49.4 8:23pm 7 0 0.00 6 23 4:09am SE 29.95 76 19 47.2 50.5 12:00am 44.5 11:54pm 18 0 0.00 6 28 6:47am SE 29.95 86 20 49.9 59.6 1:37pm 42.0 4:54am 15 0 0.00 4 23 7:07am E 29.99 82 21 53.8 63.5 2:57pm 46.7 6:59am 11 0 0.00 3 22 7:03am ESE 30.01 80 22 56.2 65.2 2:53pm 49.3 7:30am 9 0 0.00 4 19 10:51pm E 30.01 79 23 59.4 68.8 3:24pm 52.5 7:43am 6 1 0.00 4 23 4:36am ESE 30.05 71 24 59.4 67.5 3:14pm 54.5 5:46am 6 0 0.00 5 25 7:08am ESE 30.02 75 25 61.6 72.6 1:54pm 54.6 4:53am 5 2 0.00 6 25 6:17am E 30.02 48 26 61.2 70.3 2:25pm 55.9 6:42am 5 1 0.00 6 28 5:16am ESE 30.03 55 27 47.7 56.2 12:00am 41.5 11:35pm 17 0 0.00 7 38 1:47pm N 29.94 53 28 43.8 53.4 3:44pm 35.3 8:08am 20 0 0.01 6 29 12:41pm N 29.98 40 29 47.3 57.9 3:00pm 38.6 3:57am 18 0 0.00 4 18 6:33am E 30.03 46 30 52.2 61.1 4:07pm 46.4 8:16am 13 0 0.00 3 13 8:16am E 30.13 69 31 55.9 66.3 3:50pm 48.5 5:10am 9 0 0.00 3 14 2:58am ESE 30.12 65 --------------------------------------------------------------------------------------- TOT 55.5 75.9 10/17/09 35.3 10/28/09 309 15 3.78 5 61 10/13/09 ESE 29.96 61 HEAT BASE: 65.0 COOL BASE: 65.0
powered by Cumulus v1.9.3 (1059)
Ambient Weather VWS v14.00
Top Contact Website Map Copyright © 2007 - noaa Foresthillweather.com Never base important decisions on this or any weather information obtained from the Internet