NOAA-reports For Foresthill Weather.com
2018: Jan | Feb | Mar | Apr | May | Jun | Jul | Aug | Sep | Oct | Nov | Dec 
2017: Jan | Feb | Mar | Apr | May | Jun | Jul | Aug | Sep | Oct | Nov | Dec 
2016: Jan | Feb | Mar | Apr | May | Jun | Jul | Aug | Sep | Oct | Nov | Dec 
2015: Jan | Feb | Mar | Apr | May | Jun | Jul | Aug | Sep | Oct | Nov | Dec 
2014: Jan | Feb | Mar | Apr | May | Jun | Jul | Aug | Sep | Oct | Nov | Dec 
2013: Jan | Feb | Mar | Apr | May | Jun | Jul | Aug | Sep | Oct | Nov | Dec 
2012: Jan | Feb | Mar | Apr | May | Jun | Jul | Aug | Sep | Oct | Nov | Dec 
2011: Jan | Feb | Mar | Apr | May | Jun | Jul | Aug | Sep | Oct | Nov | Dec 
2010: Jan | Feb | Mar | Apr | May | Jun | Jul | Aug | Sep | Oct | Nov | Dec 
2009: Jan | Feb | Mar | Apr | May | Jun | Jul | Aug | Sep | Oct | Nov | Dec 
2008: Jan | Feb | Mar | Apr | May | Jun | Jul | Aug | Sep | Oct | Nov | Dec 

Report for 2009 11
MONTHLY CLIMATOLOGICAL SUMMARY FOR 11/2009 HEAT COOL MEAN DEG DEG WIND SPEED DOM MEAN MEAN DAY TEMP HIGH TIME LOW TIME DAYS DAYS RAIN AVG HI TIME DIR BAROM HUM --------------------------------------------------------------------------------------- 1 59.7 68.5 1:21pm 54.2 7:47am 6 1 0.00 5 18 2:13am E 30.09 63 2 61.0 72.4 2:05pm 54.2 4:44am 5 1 0.00 5 23 7:23am ESE 30.10 49 3 63.0 73.4 1:48pm 57.3 5:50am 4 2 0.00 6 25 1:16am ESE 30.04 41 4 60.0 69.9 12:48pm 52.3 11:58pm 6 1 0.00 6 25 3:54am ESE 29.97 48 5 51.3 57.8 1:36pm 45.6 4:55am 14 0 0.00 4 22 12:48pm SE 30.04 77 6 51.9 58.0 2:33pm 47.5 6:51am 13 0 0.02 4 17 12:09pm SE 30.04 81 7 49.1 53.0 1:58pm 42.1 11:56pm 16 0 0.10 3 17 11:44am NW 30.01 88 8 46.7 57.1 2:01pm 39.7 4:47am 18 0 0.00 6 24 7:19am E 30.00 56 9 48.3 56.4 1:15pm 42.1 4:20am 17 0 0.00 5 28 1:53am ESE 30.05 57 10 52.3 59.5 12:21pm 47.3 1:47am 13 0 0.00 4 22 5:11am ESE 30.09 57 11 51.6 58.0 1:31pm 46.5 9:43pm 13 0 0.00 4 25 8:31am ESE 29.96 59 12 44.0 49.0 1:35pm 39.8 11:56pm 21 0 0.27 4 26 4:03am E 29.87 87 13 41.0 48.4 1:45pm 36.3 7:02am 24 0 0.01 4 17 5:50am ESE 29.88 80 14 42.5 51.0 1:22pm 36.6 7:10am 22 0 0.00 4 18 8:57pm E 30.03 74 15 45.4 53.5 2:29pm 39.3 7:22am 19 0 0.00 5 22 9:10pm ESE 30.15 59 16 49.5 58.8 1:46pm 44.0 1:04am 15 0 0.00 6 24 2:46am ESE 30.14 59 17 49.0 58.0 1:32pm 43.5 7:41am 16 0 0.10 6 25 1:37pm ESE 30.00 57 18 43.0 47.7 2:09pm 39.4 11:59pm 22 0 0.31 4 18 3:07pm E 30.04 89 19 44.1 51.1 12:13pm 38.4 7:28am 21 0 0.00 5 28 11:57pm ESE 30.03 75 20 41.2 44.8 11:51am 39.2 11:57pm 24 0 0.83 8 46 12:01pm SE 29.90 84 21 39.3 46.5 2:45pm 33.8 7:25am 26 0 0.00 5 24 4:29am ESE 30.02 88 22 42.5 46.1 12:49pm 39.3 11:54pm 23 0 0.09 6 28 7:44am SE 30.07 91 23 46.0 57.2 2:26pm 36.6 5:18am 19 0 0.01 5 28 7:04am E 30.13 74 24 51.1 57.7 2:17pm 44.9 6:18am 14 0 0.00 4 17 12:14am E 30.14 57 25 52.4 60.5 1:25pm 47.6 1:09am 13 0 0.00 4 22 10:52pm ESE 30.11 54 26 52.5 60.5 12:22pm 47.4 7:27am 12 0 0.00 6 28 4:07am ESE 30.07 52 27 43.6 48.9 12:00am 38.5 8:27pm 21 0 0.29 6 24 5:39am SE 29.93 80 28 43.8 53.2 1:44pm 36.2 4:47am 21 0 0.00 8 54 11:21am N 29.92 57 29 49.4 61.4 2:15pm 39.6 2:16am 15 0 0.00 5 34 7:45pm ESE 30.03 34 30 47.2 56.6 1:37pm 40.6 5:46am 18 0 0.00 5 23 7:44am NW 30.08 59 --------------------------------------------------------------------------------------- TOT 48.8 73.4 11/3/09 33.8 11/21/09 491 4 2.03 5 47 11/28/09 ESE 30.03 66 HEAT BASE: 65.0 COOL BASE: 65.0
powered by Cumulus v1.9.3 (1059)
Ambient Weather VWS v14.00
Top Contact Website Map Copyright © 2007 - noaa Foresthillweather.com Never base important decisions on this or any weather information obtained from the Internet