NOAA-reports For Foresthill Weather.com
2018: Jan | Feb | Mar | Apr | May | Jun | Jul | Aug | Sep | Oct | Nov | Dec 
 2017: Jan | Feb | Mar | Apr | May | Jun | Jul | Aug | Sep | Oct | Nov | Dec 
2016: Jan | Feb | Mar | Apr | May | Jun | Jul | Aug | Sep | Oct | Nov | Dec 
2015: Jan | Feb | Mar | Apr | May | Jun | Jul | Aug | Sep | Oct | Nov | Dec 
2014: Jan | Feb | Mar | Apr | May | Jun | Jul | Aug | Sep | Oct | Nov | Dec 
2013: Jan | Feb | Mar | Apr | May | Jun | Jul | Aug | Sep | Oct | Nov | Dec 
2012: Jan | Feb | Mar | Apr | May | Jun | Jul | Aug | Sep | Oct | Nov | Dec 
2011: Jan | Feb | Mar | Apr | May | Jun | Jul | Aug | Sep | Oct | Nov | Dec 
2010: Jan | Feb | Mar | Apr | May | Jun | Jul | Aug | Sep | Oct | Nov | Dec 
2009: Jan | Feb | Mar | Apr | May | Jun | Jul | Aug | Sep | Oct | Nov | Dec 
2008: Jan | Feb | Mar | Apr | May | Jun | Jul | Aug | Sep | Oct | Nov | Dec 

Report for 2009 12
MONTHLY CLIMATOLOGICAL SUMMARY FOR 12/2009 HEAT COOL MEAN DEG DEG WIND SPEED DOM MEAN MEAN DAY TEMP HIGH TIME LOW TIME DAYS DAYS RAIN AVG HI TIME DIR BAROM HUM --------------------------------------------------------------------------------------- 1 47.8 56.1 2:01pm 43.3 11:53pm 17 0 0.00 5 22 12:22am E 29.96 57 2 44.8 52.7 2:45pm 41.0 11:42pm 20 0 0.00 4 18 6:33am E 29.93 64 3 43.9 53.1 2:07pm 37.0 6:31am 21 0 0.00 3 18 11:04pm E 30.02 61 4 45.9 55.0 1:09pm 40.8 2:28am 19 0 0.00 5 23 4:33am ESE 30.10 53 5 39.5 45.8 1:17pm 33.3 8:47pm 25 0 0.00 5 24 9:57pm ESE 29.85 70 6 32.2 34.2 12:00am 29.7 11:50pm 33 0 0.31 8 36 11:29am S 29.71 77 7 28.2 30.1 2:31pm 23.7 11:39pm 37 0 0.54 3 16 1:48am NW 29.61 91 8 25.2 31.0 2:30pm 20.3 7:30am 40 0 0.00 5 23 6:54am ESE 29.94 90 9 26.9 34.7 1:46pm 20.3 5:31am 38 0 0.00 5 24 9:41pm ESE 30.02 85 10 33.7 39.5 1:29pm 27.8 3:16am 31 0 0.02 5 23 3:37am ESE 29.96 80 11 38.5 42.3 7:12pm 35.3 12:00am 27 0 1.65 5 29 11:51pm SE 29.86 92 12 42.8 44.8 11:33am 39.1 10:01pm 22 0 1.35 9 41 4:18pm S 29.72 93 13 40.1 42.2 3:42pm 37.1 6:55am 25 0 1.11 7 31 1:56am SE 29.85 93 14 41.4 44.6 12:32pm 38.3 10:54pm 24 0 0.16 4 19 7:11am ESE 30.10 93 15 42.0 46.3 3:46pm 38.4 1:09am 23 0 0.00 6 29 3:27am ESE 30.15 88 16 45.1 50.4 2:18pm 40.6 5:38am 20 0 0.02 7 30 10:22am ESE 30.21 85 17 46.8 54.0 1:09pm 42.4 7:28am 18 0 0.00 5 25 2:39am ESE 30.18 83 18 47.7 58.0 2:13pm 41.1 3:47am 17 0 0.00 4 17 2:10pm E 30.15 73 19 49.9 58.3 3:02pm 43.9 7:56am 15 0 0.00 5 23 5:19am E 30.08 61 20 48.0 53.9 3:09pm 45.1 11:53pm 17 0 0.03 7 25 8:52am ESE 30.04 69 21 44.8 47.2 10:48am 38.6 11:56pm 20 0 0.44 6 29 6:00pm SE 29.92 91 22 35.5 39.4 1:55pm 30.7 9:22pm 29 0 0.00 5 31 2:44pm NNW 29.91 86 23 38.3 51.2 1:54pm 29.5 3:03am 27 0 0.00 4 25 5:56am NW 30.08 67 24 42.7 52.0 2:01pm 34.0 1:14am 22 0 0.00 3 16 11:57am E 30.09 65 25 44.0 53.1 2:01pm 38.7 5:31am 21 0 0.00 5 24 11:23pm ESE 30.02 55 26 42.4 47.0 12:05pm 39.1 4:27am 23 0 0.00 6 24 12:16am ESE 29.98 63 27 39.8 43.8 2:28pm 35.8 4:40am 25 0 0.45 5 23 5:01am ESE 30.10 89 28 39.9 44.5 1:21pm 36.7 7:36am 25 0 0.05 5 23 4:21am ESE 30.05 87 29 38.9 43.8 1:08pm 34.4 7:29am 26 0 0.13 6 32 11:15pm ESE 30.05 91 30 39.4 42.7 3:12pm 36.9 9:22pm 26 0 0.21 5 31 12:18am S 30.14 93 31 41.6 46.7 2:33pm 36.8 12:25am 23 0 0.00 6 23 12:59am SE 30.26 85 --------------------------------------------------------------------------------------- TOT 40.6 58.3 12/19/09 20.3 12/8/09 758 0 6.47 5 41 12/12/09 ESE 30.00 78 HEAT BASE: 65.0 COOL BASE: 65.0
powered by Cumulus v1.9.3 (1059)
Ambient Weather VWS v14.00
Top Contact Website Map Copyright © 2007 - noaa Foresthillweather.com Never base important decisions on this or any weather information obtained from the Internet