NOAA-reports For Foresthill Weather.com
2018: Jan | Feb | Mar | Apr | May | Jun | Jul | Aug | Sep | Oct | Nov | Dec 
2017: Jan | Feb | Mar | Apr | May | Jun | Jul | Aug | Sep | Oct | Nov | Dec 
2016: Jan | Feb | Mar | Apr | May | Jun | Jul | Aug | Sep | Oct | Nov | Dec 
2015: Jan | Feb | Mar | Apr | May | Jun | Jul | Aug | Sep | Oct | Nov | Dec 
2014: Jan | Feb | Mar | Apr | May | Jun | Jul | Aug | Sep | Oct | Nov | Dec 
2013: Jan | Feb | Mar | Apr | May | Jun | Jul | Aug | Sep | Oct | Nov | Dec 
2012: Jan | Feb | Mar | Apr | May | Jun | Jul | Aug | Sep | Oct | Nov | Dec 
2011: Jan | Feb | Mar | Apr | May | Jun | Jul | Aug | Sep | Oct | Nov | Dec 
2010: Jan | Feb | Mar | Apr | May | Jun | Jul | Aug | Sep | Oct | Nov | Dec 
2009: Jan | Feb | Mar | Apr | May | Jun | Jul | Aug | Sep | Oct | Nov | Dec 
2008: Jan | Feb | Mar | Apr | May | Jun | Jul | Aug | Sep | Oct | Nov | Dec 

Report for 2010 01
MONTHLY CLIMATOLOGICAL SUMMARY FOR 1/2010 HEAT COOL MEAN DEG DEG WIND SPEED DOM MEAN MEAN DAY TEMP HIGH TIME LOW TIME DAYS DAYS RAIN AVG HI TIME DIR BAROM HUM --------------------------------------------------------------------------------------- 1 44.0 47.6 3:39pm 40.6 7:10am 21 0 0.11 7 36 9:06am SE 30.25 90 2 45.7 52.9 2:06pm 41.3 11:48pm 19 0 0.00 6 24 7:50am ESE 30.20 85 3 45.6 54.7 1:18pm 38.2 7:35am 19 0 0.00 6 24 8:36pm ESE 30.12 59 4 47.8 57.0 2:01pm 41.9 5:37am 17 0 0.00 6 34 6:20am ESE 30.12 49 5 48.6 57.6 2:05pm 42.1 7:03am 16 0 0.00 5 29 3:57am E 30.13 51 6 48.6 54.5 1:46pm 44.2 6:03am 16 0 0.00 3 18 12:00am E 30.09 70 7 48.7 54.8 11:57am 45.0 5:37am 16 0 0.00 4 22 10:08pm E 30.06 84 8 49.4 55.1 11:26am 47.3 4:05am 16 0 0.05 5 26 3:35pm ESE 30.12 83 9 50.2 56.4 1:25pm 45.7 3:52am 15 0 0.00 5 30 12:48am ESE 30.16 79 10 50.8 58.5 1:42pm 46.1 2:59am 14 0 0.00 5 28 10:02pm ESE 30.15 76 11 52.5 59.9 2:38pm 47.6 4:24am 13 0 0.00 7 31 9:15pm ESE 30.09 64 12 47.2 52.0 2:21am 44.2 5:41am 18 0 0.70 8 43 6:27am SSE 30.01 88 13 44.4 47.3 12:00am 39.7 11:54pm 21 0 0.78 6 38 12:55am SSE 30.08 93 14 42.5 52.0 2:15pm 35.2 6:09am 22 0 0.00 5 22 7:18am E 30.22 88 15 45.8 54.4 12:47pm 40.1 5:03am 19 0 0.00 5 28 6:13am SE 30.11 76 16 45.3 54.3 1:32pm 40.7 6:18am 20 0 0.00 6 23 6:50am SE 29.93 65 17 43.4 47.4 11:39am 38.0 3:43pm 21 0 0.76 8 31 7:08am SE 29.83 79 18 42.3 44.9 12:11pm 39.4 9:13pm 22 0 1.16 11 52 11:54am SSE 29.53 93 19 38.7 41.5 6:42am 36.6 9:03pm 26 0 0.75 12 52 9:17am SSE 29.47 93 20 37.1 40.8 8:26am 33.1 1:26pm 28 0 1.21 12 61 8:21am SSE 29.30 93 21 35.5 38.5 1:30pm 32.8 11:27pm 30 0 0.71 5 34 12:03am ESE 29.10 93 22 32.8 33.2 10:21am 32.1 2:56am 32 0 0.82 3 17 10:15am SSE 29.39 94 23 34.0 36.8 2:57pm 32.6 3:30am 31 0 0.08 6 20 8:18am SE 29.93 94 24 34.4 36.8 12:36pm 32.1 5:00am 31 0 0.24 8 29 3:38pm ESE 30.11 94 25 38.8 40.5 11:23am 36.5 12:00am 26 0 0.97 8 40 11:09pm SE 29.95 95 26 42.0 45.7 1:40pm 39.1 11:47pm 23 0 0.13 6 30 2:47am ESE 29.89 95 27 42.6 49.6 1:13pm 37.3 7:07am 22 0 0.00 6 30 9:27pm ESE 29.95 90 28 41.6 47.7 3:07pm 34.6 6:31am 23 0 0.00 5 24 12:24am E 30.02 86 29 44.4 50.1 3:50pm 39.6 6:54am 21 0 0.37 5 26 8:48am ESE 29.97 84 30 41.1 45.5 3:46pm 37.4 11:51pm 24 0 0.23 5 28 12:21am SSE 29.97 94 31 40.8 49.2 2:10pm 35.6 7:31am 24 0 0.00 6 26 4:34am ESE 29.95 84 --------------------------------------------------------------------------------------- TOT 43.4 59.9 1/11/10 32.1 1/22/10 667 0 9.07 6 58 1/20/10 ESE 29.94 83 HEAT BASE: 65.0 COOL BASE: 65.0
powered by Cumulus v1.9.3 (1059)
Ambient Weather VWS v14.00
Top Contact Website Map Copyright © 2007 - noaa Foresthillweather.com Never base important decisions on this or any weather information obtained from the Internet