NOAA-reports For Foresthill Weather.com
2018: Jan | Feb | Mar | Apr | May | Jun | Jul | Aug | Sep | Oct | Nov | Dec 
2017: Jan | Feb | Mar | Apr | May | Jun | Jul | Aug | Sep | Oct | Nov | Dec 
2016: Jan | Feb | Mar | Apr | May | Jun | Jul | Aug | Sep | Oct | Nov | Dec 
2015: Jan | Feb | Mar | Apr | May | Jun | Jul | Aug | Sep | Oct | Nov | Dec 
2014: Jan | Feb | Mar | Apr | May | Jun | Jul | Aug | Sep | Oct | Nov | Dec 
2013: Jan | Feb | Mar | Apr | May | Jun | Jul | Aug | Sep | Oct | Nov | Dec 
2012: Jan | Feb | Mar | Apr | May | Jun | Jul | Aug | Sep | Oct | Nov | Dec 
2011: Jan | Feb | Mar | Apr | May | Jun | Jul | Aug | Sep | Oct | Nov | Dec 
2010: Jan | Feb | Mar | Apr | May | Jun | Jul | Aug | Sep | Oct | Nov | Dec 
2009: Jan | Feb | Mar | Apr | May | Jun | Jul | Aug | Sep | Oct | Nov | Dec 
2008: Jan | Feb | Mar | Apr | May | Jun | Jul | Aug | Sep | Oct | Nov | Dec 

Report for 2010 03
MONTHLY CLIMATOLOGICAL SUMMARY FOR 3/2010 HEAT COOL MEAN DEG DEG WIND SPEED DOM MEAN MEAN DAY TEMP HIGH TIME LOW TIME DAYS DAYS RAIN AVG HI TIME DIR BAROM HUM --------------------------------------------------------------------------------------- 1 47.7 56.4 2:17pm 40.9 7:19am 17 0 0.00 4 29 1:14pm ESE 30.00 86 2 43.6 45.7 12:09am 41.0 11:56pm 21 0 0.80 7 28 8:27pm SSE 29.91 94 3 36.5 41.0 12:00am 33.1 12:14pm 29 0 0.74 6 38 8:51am S 29.85 95 4 35.9 40.4 1:38pm 32.6 2:26am 29 0 0.00 3 14 7:38pm ESE 29.97 93 5 39.5 47.1 3:24pm 32.1 6:41am 25 0 0.00 5 23 5:00am ESE 29.93 88 6 45.6 54.2 11:52am 40.3 3:35am 19 0 0.00 4 19 4:24pm E 29.80 81 7 45.8 55.7 1:36pm 37.5 6:32am 19 0 0.00 5 18 2:17am ESE 29.81 81 8 38.5 44.5 12:00am 31.3 11:57pm 27 0 0.06 8 36 7:41am S 29.95 92 9 35.0 43.3 1:13pm 29.7 7:17am 30 0 0.10 4 25 11:27pm NNE 30.02 85 10 34.5 40.6 4:45pm 31.5 3:20am 31 0 0.36 3 22 12:51am NNW 30.00 92 11 39.9 50.6 2:00pm 31.8 6:23am 25 0 0.00 4 23 4:17am ESE 30.11 76 12 40.2 44.9 10:23am 35.1 11:35pm 25 0 1.00 8 34 1:29pm SE 30.00 90 13 37.4 47.6 2:19pm 30.6 6:47am 28 0 0.01 4 23 12:41pm SW 30.07 77 14 43.4 54.3 2:59pm 34.0 12:20am 21 0 0.00 5 29 1:39am E 30.10 64 15 48.6 62.3 3:14pm 37.3 7:44am 16 0 0.00 4 22 10:13pm ESE 30.18 71 16 54.6 68.3 2:50pm 44.4 7:22am 11 0 0.00 6 24 1:44am ESE 30.24 59 17 55.7 65.0 1:14pm 49.5 4:55am 9 0 0.00 4 19 7:30am ESE 30.12 55 18 56.5 70.6 2:42pm 46.7 5:25am 9 1 0.00 7 37 3:48pm ESE 30.00 41 19 56.2 69.7 2:44pm 46.1 6:42am 10 1 0.00 5 28 2:16am ESE 30.04 33 20 53.9 65.7 1:32pm 46.4 6:14am 11 0 0.00 6 29 3:08am ESE 30.14 61 21 52.9 61.6 1:44pm 45.4 6:44am 12 0 0.00 6 24 1:26pm ESE 30.13 63 22 50.8 59.3 4:23pm 43.2 7:00am 14 0 0.00 5 18 3:02pm ESE 30.03 68 23 53.1 65.8 2:45pm 43.7 2:52am 12 0 0.00 6 29 3:02am ESE 30.01 46 24 52.3 65.2 2:37pm 42.1 11:57pm 13 0 0.09 8 26 10:21pm SE 30.00 64 25 42.1 48.2 4:11pm 37.7 11:29pm 23 0 0.36 6 25 1:29am S 30.06 89 26 42.2 53.2 3:47pm 33.7 7:14am 23 0 0.00 4 17 4:54am E 30.15 79 27 49.1 59.8 2:22pm 40.1 1:56am 16 0 0.00 5 30 6:11am E 30.16 67 28 52.4 64.4 3:14pm 43.5 7:52am 13 0 0.00 6 29 2:19pm ESE 30.16 62 29 47.7 53.0 11:38am 43.3 5:05am 17 0 0.00 8 36 9:43pm SSW 29.97 81 30 41.5 46.2 12:00am 34.1 11:40pm 24 0 0.54 10 49 4:19am SW 29.81 91 31 35.8 41.1 3:57pm 32.5 7:28am 29 0 0.52 3 19 2:47pm SSE 29.80 92 --------------------------------------------------------------------------------------- TOT 45.4 70.6 3/18/10 29.7 3/9/10 607 2 4.58 5 49 3/30/10 ESE 30.02 75 HEAT BASE: 65.0 COOL BASE: 65.0
powered by Cumulus v1.9.3 (1059)
Ambient Weather VWS v14.00
Top Contact Website Map Copyright © 2007 - noaa Foresthillweather.com Never base important decisions on this or any weather information obtained from the Internet