NOAA-reports For Foresthill Weather.com
2018: Jan | Feb | Mar | Apr | May | Jun | Jul | Aug | Sep | Oct | Nov | Dec 
2017: Jan | Feb | Mar | Apr | May | Jun | Jul | Aug | Sep | Oct | Nov | Dec 
2016: Jan | Feb | Mar | Apr | May | Jun | Jul | Aug | Sep | Oct | Nov | Dec 
2015: Jan | Feb | Mar | Apr | May | Jun | Jul | Aug | Sep | Oct | Nov | Dec 
2014: Jan | Feb | Mar | Apr | May | Jun | Jul | Aug | Sep | Oct | Nov | Dec 
2013: Jan | Feb | Mar | Apr | May | Jun | Jul | Aug | Sep | Oct | Nov | Dec 
2012: Jan | Feb | Mar | Apr | May | Jun | Jul | Aug | Sep | Oct | Nov | Dec 
2011: Jan | Feb | Mar | Apr | May | Jun | Jul | Aug | Sep | Oct | Nov | Dec 
2010: Jan | Feb | Mar | Apr | May | Jun | Jul | Aug | Sep | Oct | Nov | Dec 
2009: Jan | Feb | Mar | Apr | May | Jun | Jul | Aug | Sep | Oct | Nov | Dec 
2008: Jan | Feb | Mar | Apr | May | Jun | Jul | Aug | Sep | Oct | Nov | Dec 

Report for 2010 04
MONTHLY CLIMATOLOGICAL SUMMARY FOR 4/2010 HEAT COOL MEAN DEG DEG WIND SPEED DOM MEAN MEAN DAY TEMP HIGH TIME LOW TIME DAYS DAYS RAIN AVG HI TIME DIR BAROM HUM --------------------------------------------------------------------------------------- 1 38.4 46.1 2:49pm 33.3 2:58am 27 0 0.00 4 18 1:03am ESE 29.95 84 2 37.9 41.5 9:17pm 34.4 4:56am 27 0 0.49 9 40 7:07pm ESE 29.98 92 3 39.3 44.2 3:55pm 34.4 11:54pm 26 0 0.04 3 24 12:10am SE 29.94 90 4 36.5 43.2 1:45pm 33.0 10:30pm 28 0 0.78 9 42 2:54pm SSE 29.77 89 5 36.5 41.6 5:46pm 32.4 6:14am 29 0 0.24 5 28 12:34am SE 29.91 93 6 42.3 52.5 3:34pm 34.1 6:17am 23 0 0.00 6 24 6:54pm ESE 30.20 81 7 50.7 62.4 2:14pm 40.5 3:53am 14 0 0.00 5 24 4:11am E 30.15 71 8 51.8 63.8 2:18pm 44.1 4:00am 13 0 0.00 6 28 5:02am ESE 30.00 74 9 53.0 63.0 2:20pm 43.6 4:45am 12 0 0.00 6 29 6:00am ESE 29.86 62 10 46.7 50.0 9:55am 42.7 11:48pm 18 0 0.00 5 22 1:24am ESE 29.84 79 11 40.8 47.4 11:51am 33.7 6:51pm 24 0 0.79 8 43 11:54am SE 29.77 89 12 38.6 41.4 3:24pm 37.4 7:24pm 26 0 0.67 10 40 12:22pm SE 29.79 95 13 42.8 50.3 2:15pm 37.8 7:39am 21 0 0.04 4 19 12:50pm SE 29.97 90 14 43.9 50.9 3:30pm 38.6 7:00am 21 0 0.00 4 28 1:52pm SW 29.98 87 15 48.8 61.3 2:44pm 39.3 12:00am 16 0 0.00 5 18 5:26am E 30.01 75 16 51.4 61.3 3:23pm 44.7 7:26am 14 0 0.00 5 29 2:15pm ESE 30.05 73 17 52.8 65.0 3:36pm 43.9 4:40am 12 0 0.00 5 23 6:12am ESE 30.02 71 18 57.0 69.9 2:30pm 47.1 6:59am 9 1 0.00 5 24 2:36am ESE 29.91 60 19 55.0 65.0 12:39pm 49.6 11:52pm 10 0 0.00 5 24 6:16am ESE 29.89 67 20 41.6 49.6 12:00am 34.2 10:23am 23 0 1.22 6 37 5:21pm ESE 29.81 88 21 38.7 42.0 5:00pm 35.8 12:00am 26 0 0.44 2 14 9:55pm SE 29.72 94 22 43.1 50.7 6:10pm 38.8 3:38am 22 0 0.01 2 19 2:52am NW 29.75 95 23 50.8 61.4 5:17pm 40.6 7:16am 14 0 0.00 3 16 12:49pm NNE 29.97 85 24 54.6 65.7 2:29pm 45.7 6:38am 10 0 0.00 5 23 5:48pm E 30.11 71 25 59.4 73.7 2:41pm 47.8 4:08am 8 2 0.00 6 26 6:19am E 30.08 48 26 59.8 72.8 2:03pm 52.1 6:46am 7 1 0.00 7 26 7:15am ESE 29.96 45 27 46.9 53.3 12:00am 39.7 11:50pm 18 0 1.49 10 52 1:34pm S 29.81 82 28 38.2 41.1 12:53pm 33.9 10:55pm 27 0 0.16 6 29 8:03am S 29.89 94 29 38.5 45.8 3:32pm 32.8 6:39am 27 0 0.18 4 26 3:46pm N 29.98 91 30 46.1 57.3 4:56pm 34.8 3:01am 19 0 0.00 5 26 2:50pm NE 29.99 70 --------------------------------------------------------------------------------------- TOT 46.1 73.7 4/25/10 32.4 4/5/10 571 4 6.55 5 52 4/27/10 ESE 29.94 79 HEAT BASE: 65.0 COOL BASE: 65.0
powered by Cumulus v1.9.3 (1059)
Ambient Weather VWS v14.00
Top Contact Website Map Copyright © 2007 - noaa Foresthillweather.com Never base important decisions on this or any weather information obtained from the Internet