NOAA-reports For Foresthill Weather.com
2018: Jan | Feb | Mar | Apr | May | Jun | Jul | Aug | Sep | Oct | Nov | Dec 
 2017: Jan | Feb | Mar | Apr | May | Jun | Jul | Aug | Sep | Oct | Nov | Dec 
2016: Jan | Feb | Mar | Apr | May | Jun | Jul | Aug | Sep | Oct | Nov | Dec 
2015: Jan | Feb | Mar | Apr | May | Jun | Jul | Aug | Sep | Oct | Nov | Dec 
2014: Jan | Feb | Mar | Apr | May | Jun | Jul | Aug | Sep | Oct | Nov | Dec 
2013: Jan | Feb | Mar | Apr | May | Jun | Jul | Aug | Sep | Oct | Nov | Dec 
2012: Jan | Feb | Mar | Apr | May | Jun | Jul | Aug | Sep | Oct | Nov | Dec 
2011: Jan | Feb | Mar | Apr | May | Jun | Jul | Aug | Sep | Oct | Nov | Dec 
2010: Jan | Feb | Mar | Apr | May | Jun | Jul | Aug | Sep | Oct | Nov | Dec 
2009: Jan | Feb | Mar | Apr | May | Jun | Jul | Aug | Sep | Oct | Nov | Dec 
2008: Jan | Feb | Mar | Apr | May | Jun | Jul | Aug | Sep | Oct | Nov | Dec 

Report for 2010 07
MONTHLY CLIMATOLOGICAL SUMMARY FOR 7/2010 HEAT COOL MEAN DEG DEG WIND SPEED DOM MEAN MEAN DAY TEMP HIGH TIME LOW TIME DAYS DAYS RAIN AVG HI TIME DIR BAROM HUM --------------------------------------------------------------------------------------- 1 67.2 78.9 2:30pm 58.4 6:40am 2 4 0.00 5 23 1:04am ESE 29.90 45 2 66.5 77.5 2:37pm 57.7 6:43am 2 4 0.00 4 24 2:49am ESE 29.85 51 3 67.5 78.0 1:57pm 58.4 6:19am 2 4 0.00 4 19 6:46am E 29.86 51 4 71.8 84.1 2:25pm 59.3 4:18am 1 8 0.00 6 34 9:22am E 29.93 41 5 73.3 84.9 2:20pm 63.9 7:02am 0 8 0.00 4 19 7:03am ESE 29.94 45 6 71.7 81.2 2:34pm 64.1 6:40am 0 7 0.00 5 22 4:26am E 29.88 52 7 71.1 80.6 3:39pm 63.2 6:25am 0 6 0.00 3 19 11:52pm ESE 29.89 61 8 72.8 82.9 2:04pm 64.6 6:47am 0 8 0.00 3 18 10:48pm E 29.93 63 9 74.8 85.3 3:09pm 67.3 4:23am 0 10 0.00 4 34 6:51am SW 29.95 58 10 76.1 88.2 2:25pm 67.4 7:00am 0 11 0.00 5 26 1:41am ESE 29.95 47 11 76.7 89.2 3:00pm 67.4 7:08am 0 12 0.00 5 26 6:45am NW 29.94 42 12 76.2 86.7 3:01pm 68.5 5:35am 0 11 0.00 5 22 4:12am ESE 29.94 47 13 71.5 81.1 3:07pm 63.5 2:54am 0 7 0.00 5 24 2:52am SW 29.97 53 14 73.3 85.1 2:43pm 64.0 7:19am 0 8 0.00 3 17 6:26am WNW 30.01 54 15 76.5 88.9 2:31pm 66.2 6:00am 0 11 0.00 3 17 11:07pm E 30.04 57 16 80.3 92.5 2:00pm 72.1 6:37am 0 15 0.00 4 19 3:23am ESE 30.02 55 17 80.2 92.6 2:46pm 72.9 7:00am 0 15 0.00 5 26 5:04am ESE 30.03 52 18 78.8 90.8 2:12pm 71.1 7:42am 0 14 0.00 5 25 4:36am ESE 30.00 46 19 76.5 89.5 3:03pm 66.8 7:21am 0 12 0.00 5 26 3:47am ESE 29.94 39 20 76.0 88.8 2:36pm 68.0 7:21am 0 11 0.00 5 23 7:29am ESE 29.88 41 21 74.1 84.0 2:52pm 67.0 6:58am 0 9 0.00 6 26 3:44am ESE 29.87 45 22 73.9 85.7 2:22pm 64.9 7:00am 0 9 0.00 5 23 12:23am ESE 29.92 45 23 75.0 85.7 3:53pm 67.5 6:41am 0 10 0.00 4 18 1:37am ESE 29.96 49 24 76.1 88.9 2:58pm 67.8 7:10am 0 11 0.00 4 19 3:23am E 29.96 47 25 76.8 87.9 2:42pm 70.2 6:31am 0 12 0.00 4 18 3:39am ESE 29.92 51 26 74.2 83.9 2:52pm 66.9 11:14pm 0 9 0.00 4 18 4:14am ESE 29.87 56 27 70.5 80.3 2:44pm 62.5 11:57pm 0 6 0.00 4 16 1:37am SW 29.92 60 28 68.9 80.8 2:18pm 58.8 6:07am 2 5 0.00 4 22 7:41am W 30.00 56 29 70.6 83.2 2:54pm 61.0 7:40am 1 7 0.00 4 19 11:49pm W 30.03 47 30 72.1 83.5 1:39pm 64.0 6:10am 0 7 0.00 5 23 12:29am ESE 29.99 44 31 71.3 84.7 3:05pm 62.3 7:07am 0 7 0.00 6 23 5:42am ESE 29.95 44 --------------------------------------------------------------------------------------- TOT 73.6 92.6 7/17/10 57.7 7/2/10 11 278 0.00 5 34 7/9/10 ESE 29.94 50 HEAT BASE: 65.0 COOL BASE: 65.0
powered by Cumulus v1.9.3 (1059)
Ambient Weather VWS v14.00
Top Contact Website Map Copyright © 2007 - noaa Foresthillweather.com Never base important decisions on this or any weather information obtained from the Internet