2024: Jan | Feb | Mar | Apr | May | Jun | Jul | Aug | Sep | Oct | Nov | Dec
2023: Jan | Feb | Mar | Apr | May | Jun | Jul | Aug | Sep | Oct | Nov | Dec
2022: Jan | Feb | Mar | Apr | May | Jun | Jul | Aug | Sep | Oct | Nov | Dec
2021: Jan | Feb | Mar | Apr | May | Jun | Jul | Aug | Sep | Oct | Nov | Dec
2020: Jan | Feb | Mar | Apr | May | Jun | Jul | Aug | Sep | Oct | Nov | Dec
2019: Jan | Feb | Mar | Apr | May | Jun | Jul | Aug | Sep | Oct | Nov | Dec
2018: Jan | Feb | Mar | Apr | May | Jun | Jul | Aug | Sep | Oct | Nov | Dec
2017: Jan | Feb | Mar | Apr | May | Jun | Jul | Aug | Sep | Oct | Nov | Dec
2016: Jan | Feb | Mar | Apr | May | Jun | Jul | Aug | Sep | Oct | Nov | Dec
2015: Jan | Feb | Mar | Apr | May | Jun | Jul | Aug | Sep | Oct | Nov | Dec
2014: Jan | Feb | Mar | Apr | May | Jun | Jul | Aug | Sep | Oct | Nov | Dec
2013: Jan | Feb | Mar | Apr | May | Jun | Jul | Aug | Sep | Oct | Nov | Dec
2012: Jan | Feb | Mar | Apr | May | Jun | Jul | Aug | Sep | Oct | Nov | Dec
2011: Jan | Feb | Mar | Apr | May | Jun | Jul | Aug | Sep | Oct | Nov | Dec
2010: Jan | Feb | Mar | Apr | May | Jun | Jul | Aug | Sep | Oct | Nov | Dec
2009: Jan | Feb | Mar | Apr | May | Jun | Jul | Aug | Sep | Oct | Nov | Dec
2008: Jan | Feb | Mar | Apr | May | Jun | Jul | Aug | Sep | Oct | Nov | Dec
Report for 2010 08
MONTHLY CLIMATOLOGICAL SUMMARY FOR 8/2010
HEAT COOL
MEAN DEG DEG WIND SPEED DOM MEAN MEAN
DAY TEMP HIGH TIME LOW TIME DAYS DAYS RAIN AVG HI TIME DIR BAROM HUM
---------------------------------------------------------------------------------------
1 72.4 85.6 2:35pm 63.2 6:28am 0 8 0.00 5 25 2:43am E 29.96 40
2 72.9 85.1 2:20pm 64.7 7:29am 0 8 0.00 6 26 4:27am ESE 30.00 37
3 73.2 85.2 2:57pm 64.2 7:15am 0 8 0.00 6 28 12:40am ESE 30.01 31
4 73.9 86.6 3:07pm 65.4 6:36am 0 9 0.00 6 25 1:45am ESE 29.97 35
5 73.0 84.2 2:58pm 65.7 7:13am 0 8 0.00 5 25 1:55am ESE 29.90 42
6 72.7 84.4 1:50pm 63.9 6:51am 0 8 0.00 5 24 1:07am SW 29.87 43
7 71.7 83.3 2:13pm 63.8 7:25am 0 7 0.00 5 26 1:57am ESE 29.86 44
8 71.0 79.7 2:35pm 63.9 6:35am 0 6 0.00 5 24 12:23am ESE 29.88 50
9 70.7 81.6 2:27pm 63.7 6:32am 0 6 0.00 5 23 12:50am ESE 29.92 51
10 69.6 79.9 2:34pm 62.5 7:02am 0 5 0.00 6 26 5:59am ESE 29.92 48
11 66.5 75.9 2:44pm 59.6 5:08am 2 3 0.00 5 22 12:08pm S 29.94 52
12 68.7 80.4 2:01pm 59.4 7:21am 2 5 0.00 4 18 12:00am E 29.92 49
13 70.9 82.2 2:28pm 62.7 6:01am 0 6 0.00 4 18 3:08am ESE 29.89 52
14 71.0 81.2 1:45pm 63.1 7:03am 0 6 0.00 3 17 2:52pm W 29.92 56
15 72.1 83.4 2:46pm 64.8 7:00am 0 7 0.00 5 23 4:03am E 29.98 55
16 73.3 86.4 2:56pm 63.0 6:22am 0 9 0.00 3 16 11:44pm E 29.96 51
17 74.8 88.1 2:01pm 67.4 7:07am 0 10 0.00 6 23 2:51am ESE 29.96 47
18 71.7 83.4 2:20pm 64.5 6:33am 0 7 0.00 5 22 2:53am ESE 29.97 40
19 72.9 86.6 1:59pm 63.3 7:06am 0 8 0.00 6 25 3:03am E 29.94 32
20 73.2 86.1 3:05pm 65.0 6:23am 0 8 0.00 6 25 3:43pm ESE 29.86 33
21 67.8 78.7 2:04pm 61.2 11:06pm 1 4 0.00 6 24 2:33pm ESE 29.89 41
22 66.0 77.5 3:05pm 57.0 3:39am 3 4 0.00 5 24 4:11am ESE 30.01 43
23 74.3 85.9 4:43pm 62.7 1:37am 0 10 0.00 5 29 3:56am E 30.01 36
24 81.9 96.2 2:42pm 70.9 12:14am 0 17 0.00 7 30 7:24am E 29.98 25
25 85.1 99.6 2:16pm 76.1 6:34am 0 20 0.00 6 29 3:32am ESE 29.96 27
26 79.3 91.5 2:42pm 70.1 11:58pm 0 14 0.00 6 23 2:00pm ESE 29.95 33
27 71.1 83.0 2:27pm 59.8 11:58pm 0 6 0.00 7 25 5:16am S 29.83 32
28 57.7 62.7 2:10pm 53.0 9:23am 7 0 0.00 7 30 8:22am S 29.77 57
29 57.3 65.3 3:08pm 51.0 6:27am 8 0 0.00 3 22 3:43pm ESE 29.84 71
30 59.7 70.6 3:06pm 51.2 5:26am 6 1 0.00 5 25 7:31am ESE 29.93 58
31 64.3 77.4 2:52pm 53.6 5:09am 4 4 0.00 4 16 1:52pm ESE 30.00 52
---------------------------------------------------------------------------------------
TOT 71.0 99.6 8/25/10 51.0 8/29/10 36 221 0.00 5 30 8/24/10 ESE 29.93 44
HEAT BASE: 65.0
COOL BASE: 65.0