2024: Jan | Feb | Mar | Apr | May | Jun | Jul | Aug | Sep | Oct | Nov | Dec
2023: Jan | Feb | Mar | Apr | May | Jun | Jul | Aug | Sep | Oct | Nov | Dec
2022: Jan | Feb | Mar | Apr | May | Jun | Jul | Aug | Sep | Oct | Nov | Dec
2021: Jan | Feb | Mar | Apr | May | Jun | Jul | Aug | Sep | Oct | Nov | Dec
2020: Jan | Feb | Mar | Apr | May | Jun | Jul | Aug | Sep | Oct | Nov | Dec
2019: Jan | Feb | Mar | Apr | May | Jun | Jul | Aug | Sep | Oct | Nov | Dec
2018: Jan | Feb | Mar | Apr | May | Jun | Jul | Aug | Sep | Oct | Nov | Dec
2017: Jan | Feb | Mar | Apr | May | Jun | Jul | Aug | Sep | Oct | Nov | Dec
2016: Jan | Feb | Mar | Apr | May | Jun | Jul | Aug | Sep | Oct | Nov | Dec
2015: Jan | Feb | Mar | Apr | May | Jun | Jul | Aug | Sep | Oct | Nov | Dec
2014: Jan | Feb | Mar | Apr | May | Jun | Jul | Aug | Sep | Oct | Nov | Dec
2013: Jan | Feb | Mar | Apr | May | Jun | Jul | Aug | Sep | Oct | Nov | Dec
2012: Jan | Feb | Mar | Apr | May | Jun | Jul | Aug | Sep | Oct | Nov | Dec
2011: Jan | Feb | Mar | Apr | May | Jun | Jul | Aug | Sep | Oct | Nov | Dec
2010: Jan | Feb | Mar | Apr | May | Jun | Jul | Aug | Sep | Oct | Nov | Dec
2009: Jan | Feb | Mar | Apr | May | Jun | Jul | Aug | Sep | Oct | Nov | Dec
2008: Jan | Feb | Mar | Apr | May | Jun | Jul | Aug | Sep | Oct | Nov | Dec
Report for 2010 09
MONTHLY CLIMATOLOGICAL SUMMARY FOR 9/2010
HEAT COOL
MEAN DEG DEG WIND SPEED DOM MEAN MEAN
DAY TEMP HIGH TIME LOW TIME DAYS DAYS RAIN AVG HI TIME DIR BAROM HUM
---------------------------------------------------------------------------------------
1 71.3 85.3 2:49pm 59.9 4:06am 1 7 0.00 4 18 6:54am E 29.97 44
2 76.4 91.0 2:36pm 68.4 4:30am 0 11 0.00 5 23 5:46am ESE 29.96 37
3 78.0 91.9 1:57pm 69.7 3:56am 0 13 0.00 6 26 6:47am ESE 30.02 31
4 76.2 89.4 3:08pm 67.8 7:23am 0 11 0.00 7 25 3:04am ESE 29.98 29
5 72.3 83.9 2:55pm 64.0 7:09am 0 7 0.00 6 24 12:49am ESE 29.88 32
6 73.8 85.4 2:48pm 67.1 12:00am 0 9 0.00 6 30 7:15am ESE 29.83 27
7 69.2 82.1 2:12pm 61.8 11:49pm 1 5 0.00 8 31 1:41pm ESE 29.81 39
8 55.7 61.8 12:00am 50.4 11:56pm 9 0 0.00 7 35 7:25am S 29.83 74
9 55.8 66.0 3:13pm 47.1 7:12am 9 0 0.00 5 19 6:26am ESE 29.95 70
10 61.4 74.5 2:46pm 51.1 5:38am 6 2 0.00 4 19 6:33am ESE 30.00 56
11 67.7 81.2 2:47pm 58.3 6:59am 2 5 0.00 5 23 12:42am E 30.01 45
12 70.8 82.9 2:58pm 62.9 7:07am 0 6 0.00 5 24 1:58am ESE 29.99 34
13 68.2 76.5 1:07pm 62.5 10:56pm 1 4 0.00 5 23 6:33am ESE 29.98 41
14 67.6 79.4 2:05pm 59.7 7:45am 2 4 0.00 5 23 12:53am ESE 29.99 42
15 67.3 79.6 2:42pm 59.4 6:59am 2 4 0.00 5 19 7:19am ESE 30.01 40
16 68.0 80.1 2:44pm 59.1 6:56am 2 5 0.00 4 19 11:38pm ESE 29.99 39
17 67.7 77.6 1:35pm 61.1 7:43am 1 4 0.00 5 23 12:24am ESE 29.93 54
18 65.2 76.3 2:27pm 58.4 11:03pm 3 3 0.00 6 22 3:04am SE 29.95 62
19 60.6 68.9 2:36pm 55.8 7:39am 5 0 0.00 3 19 1:53pm SE 29.94 70
20 61.3 72.9 3:36pm 52.6 7:02am 6 2 0.00 4 18 3:09pm E 29.88 64
21 61.1 71.7 2:44pm 54.7 11:58pm 5 1 0.00 5 23 4:35pm ESE 29.77 60
22 57.2 67.6 2:36pm 48.7 7:17am 8 0 0.00 3 17 2:12pm ESE 29.82 69
23 60.4 73.5 2:55pm 50.4 7:36am 6 2 0.00 4 19 11:14pm ESE 29.99 58
24 67.8 81.8 3:13pm 58.7 6:32am 2 5 0.00 5 24 7:03am ESE 30.09 41
25 74.1 90.4 3:03pm 65.2 7:06am 0 9 0.00 5 23 4:27am ESE 30.08 31
26 75.2 89.0 2:34pm 66.4 7:21am 0 10 0.00 6 24 1:48am E 30.02 26
27 78.5 93.4 2:42pm 69.4 4:51am 0 13 0.00 6 25 6:43am ESE 29.99 24
28 80.2 93.3 1:43pm 72.2 5:44am 0 15 0.00 7 28 7:35am E 29.98 25
29 81.0 94.5 2:31pm 72.8 6:43am 0 31 0.00 6 24 12:00am ESE 29.89 25
30 77.7 89.2 2:43pm 70.6 7:18am 0 13 0.00 5 24 11:30pm ESE 29.88 29
---------------------------------------------------------------------------------------
TOT 68.9 94.5 9/29/10 47.1 9/9/10 70 203 0.00 5 35 9/8/10 ESE 29.95 44
HEAT BASE: 65.0
COOL BASE: 65.0