2024: Jan | Feb | Mar | Apr | May | Jun | Jul | Aug | Sep | Oct | Nov | Dec
2023: Jan | Feb | Mar | Apr | May | Jun | Jul | Aug | Sep | Oct | Nov | Dec
2022: Jan | Feb | Mar | Apr | May | Jun | Jul | Aug | Sep | Oct | Nov | Dec
2021: Jan | Feb | Mar | Apr | May | Jun | Jul | Aug | Sep | Oct | Nov | Dec
2020: Jan | Feb | Mar | Apr | May | Jun | Jul | Aug | Sep | Oct | Nov | Dec
2019: Jan | Feb | Mar | Apr | May | Jun | Jul | Aug | Sep | Oct | Nov | Dec
2018: Jan | Feb | Mar | Apr | May | Jun | Jul | Aug | Sep | Oct | Nov | Dec
2017: Jan | Feb | Mar | Apr | May | Jun | Jul | Aug | Sep | Oct | Nov | Dec
2016: Jan | Feb | Mar | Apr | May | Jun | Jul | Aug | Sep | Oct | Nov | Dec
2015: Jan | Feb | Mar | Apr | May | Jun | Jul | Aug | Sep | Oct | Nov | Dec
2014: Jan | Feb | Mar | Apr | May | Jun | Jul | Aug | Sep | Oct | Nov | Dec
2013: Jan | Feb | Mar | Apr | May | Jun | Jul | Aug | Sep | Oct | Nov | Dec
2012: Jan | Feb | Mar | Apr | May | Jun | Jul | Aug | Sep | Oct | Nov | Dec
2011: Jan | Feb | Mar | Apr | May | Jun | Jul | Aug | Sep | Oct | Nov | Dec
2010: Jan | Feb | Mar | Apr | May | Jun | Jul | Aug | Sep | Oct | Nov | Dec
2009: Jan | Feb | Mar | Apr | May | Jun | Jul | Aug | Sep | Oct | Nov | Dec
2008: Jan | Feb | Mar | Apr | May | Jun | Jul | Aug | Sep | Oct | Nov | Dec
Report for 2010 11
MONTHLY CLIMATOLOGICAL SUMMARY FOR 11/2010
HEAT COOL
MEAN DEG DEG WIND SPEED DOM MEAN MEAN
DAY TEMP HIGH TIME LOW TIME DAYS DAYS RAIN AVG HI TIME DIR BAROM HUM
---------------------------------------------------------------------------------------
1 53.3 64.0 3:40pm 46.4 5:41am 12 0 0.00 4 17 2:47am E 30.29 77
2 58.8 67.8 2:59pm 51.9 1:54am 7 0 0.00 5 24 5:24am ESE 30.24 73
3 62.9 71.8 2:07pm 56.3 5:16am 3 1 0.00 4 23 9:07am E 30.16 66
4 65.3 74.1 2:07pm 61.1 7:45am 2 2 0.00 7 25 1:53am ESE 30.07 57
5 62.5 71.1 3:12pm 58.0 7:38am 4 1 0.00 6 23 7:00am ESE 29.96 61
6 57.4 64.1 1:55pm 50.3 11:28pm 8 0 0.00 4 19 3:48am ESE 29.97 69
7 48.4 51.3 1:09am 44.4 11:55pm 17 0 1.63 6 35 9:55am SSE 29.99 93
8 42.4 46.3 3:06pm 37.9 11:51pm 23 0 0.00 3 18 11:56pm S 30.03 93
9 41.1 48.0 1:31pm 35.9 3:28am 24 0 0.11 7 32 9:07pm ESE 30.03 84
10 42.6 46.9 2:21pm 38.6 11:54pm 22 0 0.14 4 25 12:00am NNW 30.01 92
11 44.2 53.0 1:50pm 37.9 4:36am 21 0 0.00 4 23 5:15am ESE 30.25 77
12 46.4 54.7 1:44pm 39.9 6:44am 19 0 0.00 4 29 10:18pm ESE 30.33 69
13 52.4 60.0 1:38pm 45.2 7:25am 13 0 0.00 5 29 1:37am E 30.22 63
14 57.5 68.1 2:20pm 50.9 3:48am 8 0 0.00 6 25 2:05pm N 30.13 67
15 57.6 67.6 2:09pm 51.3 6:28am 8 0 0.00 4 23 8:37pm NNW 30.08 66
16 53.3 60.7 1:11pm 49.2 7:55am 12 0 0.00 5 22 1:25am ESE 30.05 70
17 52.1 60.0 1:50pm 47.0 7:41am 13 0 0.00 6 24 4:48am ESE 30.07 60
18 50.3 58.5 2:06pm 45.9 6:10am 15 0 0.00 6 23 11:15am SE 30.02 71
19 43.5 47.3 10:03am 33.0 11:08pm 21 0 0.78 4 30 6:16pm SE 29.84 87
20 34.0 35.7 2:26pm 32.5 10:01pm 31 0 0.92 6 42 7:13pm SSE 29.70 94
21 33.9 36.1 8:03pm 32.6 7:39am 31 0 0.80 7 36 5:54am S 29.82 95
22 36.3 37.7 2:43pm 34.8 2:32am 29 0 0.14 7 28 12:57am S 30.06 95
23 35.7 39.8 11:31am 29.8 11:46pm 29 0 1.30 8 40 6:10am S 29.89 95
24 30.8 37.7 2:30pm 26.1 7:22am 34 0 0.00 6 24 3:40am ESE 30.00 82
25 33.1 39.7 2:58pm 28.3 7:20am 32 0 0.00 4 25 12:54am ESE 30.15 81
26 38.4 47.0 1:17pm 32.4 4:06am 27 0 0.00 5 25 5:39am ESE 30.13 79
27 36.2 38.2 11:52am 32.4 11:48pm 29 0 0.88 6 35 8:19am SE 29.84 92
28 33.2 38.2 3:01pm 29.3 11:47pm 32 0 0.02 4 17 1:31pm NNW 30.01 93
29 33.3 41.1 1:24pm 27.7 5:59am 32 0 0.00 4 25 6:11am ESE 30.25 80
30 38.6 45.7 2:14pm 32.3 12:03am 26 0 0.00 5 26 11:14pm ESE 30.30 76
---------------------------------------------------------------------------------------
TOT 45.8 74.1 11/4/10 26.1 11/24/10 580 5 6.72 5 42 11/20/10 ESE 30.06 78
HEAT BASE: 65.0
COOL BASE: 65.0