NOAA-reports For Foresthill Weather.com
2018: Jan | Feb | Mar | Apr | May | Jun | Jul | Aug | Sep | Oct | Nov | Dec 
 2017: Jan | Feb | Mar | Apr | May | Jun | Jul | Aug | Sep | Oct | Nov | Dec 
2016: Jan | Feb | Mar | Apr | May | Jun | Jul | Aug | Sep | Oct | Nov | Dec 
2015: Jan | Feb | Mar | Apr | May | Jun | Jul | Aug | Sep | Oct | Nov | Dec 
2014: Jan | Feb | Mar | Apr | May | Jun | Jul | Aug | Sep | Oct | Nov | Dec 
2013: Jan | Feb | Mar | Apr | May | Jun | Jul | Aug | Sep | Oct | Nov | Dec 
2012: Jan | Feb | Mar | Apr | May | Jun | Jul | Aug | Sep | Oct | Nov | Dec 
2011: Jan | Feb | Mar | Apr | May | Jun | Jul | Aug | Sep | Oct | Nov | Dec 
2010: Jan | Feb | Mar | Apr | May | Jun | Jul | Aug | Sep | Oct | Nov | Dec 
2009: Jan | Feb | Mar | Apr | May | Jun | Jul | Aug | Sep | Oct | Nov | Dec 
2008: Jan | Feb | Mar | Apr | May | Jun | Jul | Aug | Sep | Oct | Nov | Dec 

Report for 2010 12
MONTHLY CLIMATOLOGICAL SUMMARY FOR 12/2010 HEAT COOL MEAN DEG DEG WIND SPEED DOM MEAN MEAN DAY TEMP HIGH TIME LOW TIME DAYS DAYS RAIN AVG HI TIME DIR BAROM HUM --------------------------------------------------------------------------------------- 1 42.8 52.0 1:00pm 37.1 7:13am 22 0 0.00 5 23 12:00am ESE 30.13 65 2 44.3 47.9 1:25pm 41.5 1:35am 21 0 0.44 6 30 6:18pm ESE 30.03 81 3 46.6 52.1 3:02pm 43.1 8:11am 18 0 0.10 6 28 8:51am ESE 29.98 91 4 47.6 52.4 1:12pm 45.1 11:05pm 17 0 0.02 5 23 12:17am ESE 29.98 83 5 47.8 54.7 1:39pm 43.9 7:15am 17 0 0.80 6 41 11:22pm SE 29.97 92 6 45.4 49.1 2:02pm 42.2 11:09pm 20 0 0.72 7 38 3:34am S 30.17 95 7 44.8 53.4 1:41pm 39.1 6:44am 20 0 0.00 5 25 12:00am ESE 30.18 85 8 45.6 48.3 11:34pm 42.2 12:25am 19 0 0.16 7 36 9:27am SE 30.15 91 9 48.9 51.2 2:55pm 47.6 8:32am 16 0 0.17 4 20 12:47am SE 30.16 95 10 50.5 52.4 3:53pm 47.4 11:54pm 14 0 0.38 5 22 12:33am S 30.18 95 11 50.1 56.5 1:22pm 46.2 3:09am 15 0 0.00 5 24 1:21am ESE 30.24 92 12 50.7 57.8 11:51am 46.2 4:34am 14 0 0.00 6 24 7:22am ESE 30.22 80 13 49.7 53.5 12:33pm 47.0 11:52pm 15 0 0.00 6 28 2:30am ESE 30.05 79 14 45.3 49.4 10:13am 36.4 11:59pm 20 0 1.59 7 29 10:47am SSW 29.93 94 15 37.4 42.6 1:54pm 34.3 11:31pm 28 0 0.00 4 19 8:21am ESE 29.92 94 16 36.7 43.3 2:17pm 31.8 7:14am 28 0 0.00 5 25 8:02am ESE 29.89 88 17 41.1 47.9 9:13pm 37.7 2:58am 24 0 1.50 6 55 11:38pm SE 29.78 94 18 46.6 49.6 9:02pm 44.9 4:13am 18 0 2.51 11 44 8:28pm S 29.73 96 19 43.4 49.8 11:12am 36.4 9:27pm 22 0 1.65 11 58 11:36am S 29.61 96 20 38.7 40.1 2:44pm 37.5 1:40am 26 0 0.04 7 29 11:12am SSE 29.72 96 21 41.0 45.3 2:03pm 37.4 4:06am 24 0 0.01 6 26 5:03pm SE 29.77 94 22 42.9 45.6 1:44pm 40.4 7:49am 22 0 0.56 4 26 2:34am ESE 29.79 96 23 43.6 46.8 1:46pm 41.8 10:44pm 21 0 0.00 2 14 11:31am SSE 30.10 96 24 42.1 48.9 1:49pm 37.0 7:47am 23 0 0.01 5 24 10:11pm ESE 30.07 92 25 42.0 49.2 12:14pm 34.7 10:48pm 23 0 1.12 8 37 11:55am SE 29.85 88 26 38.8 41.6 1:46pm 35.2 12:07am 26 0 0.61 6 24 10:27am SSE 30.14 96 27 39.9 45.2 2:04pm 35.6 7:06am 25 0 0.02 4 22 3:10am ESE 30.21 96 28 40.8 42.8 12:34pm 39.2 5:33am 24 0 1.51 7 41 10:31pm SE 29.95 96 29 36.7 42.8 1:07am 28.5 11:50pm 28 0 1.24 8 47 12:39pm NNW 29.66 92 30 29.7 36.0 2:11pm 24.6 7:42am 35 0 0.00 4 19 8:55pm E 29.84 81 31 30.8 36.4 1:26pm 25.4 7:09am 34 0 0.00 4 24 3:00am ESE 29.94 71 --------------------------------------------------------------------------------------- TOT 43.0 57.8 12/12/10 24.6 12/30/10 683 0 15.58 6 58 12/19/10 ESE 29.98 90 HEAT BASE: 65.0 COOL BASE: 65.0
powered by Cumulus v1.9.3 (1059)
Ambient Weather VWS v14.00
Top Contact Website Map Copyright © 2007 - noaa Foresthillweather.com Never base important decisions on this or any weather information obtained from the Internet