NOAA-reports For Foresthill Weather.com
2018: Jan | Feb | Mar | Apr | May | Jun | Jul | Aug | Sep | Oct | Nov | Dec 
2017: Jan | Feb | Mar | Apr | May | Jun | Jul | Aug | Sep | Oct | Nov | Dec 
2016: Jan | Feb | Mar | Apr | May | Jun | Jul | Aug | Sep | Oct | Nov | Dec 
2015: Jan | Feb | Mar | Apr | May | Jun | Jul | Aug | Sep | Oct | Nov | Dec 
2014: Jan | Feb | Mar | Apr | May | Jun | Jul | Aug | Sep | Oct | Nov | Dec 
2013: Jan | Feb | Mar | Apr | May | Jun | Jul | Aug | Sep | Oct | Nov | Dec 
2012: Jan | Feb | Mar | Apr | May | Jun | Jul | Aug | Sep | Oct | Nov | Dec 
2011: Jan | Feb | Mar | Apr | May | Jun | Jul | Aug | Sep | Oct | Nov | Dec 
2010: Jan | Feb | Mar | Apr | May | Jun | Jul | Aug | Sep | Oct | Nov | Dec 
2009: Jan | Feb | Mar | Apr | May | Jun | Jul | Aug | Sep | Oct | Nov | Dec 
2008: Jan | Feb | Mar | Apr | May | Jun | Jul | Aug | Sep | Oct | Nov | Dec 

Report for 2011 01
MONTHLY CLIMATOLOGICAL SUMMARY FOR 1/2011 HEAT COOL MEAN DEG DEG WIND SPEED DOM MEAN MEAN DAY TEMP HIGH TIME LOW TIME DAYS DAYS RAIN AVG HI TIME DIR BAROM HUM --------------------------------------------------------------------------------------- 1 34.3 37.2 11:13pm 31.6 3:13am 31 0 0.46 4 23 1:40am ESE 30.01 94 2 38.8 41.2 2:24pm 36.9 12:13am 26 0 0.28 4 22 12:42am NNW 29.94 97 3 37.2 40.1 3:46pm 32.4 8:08am 28 0 0.00 2 16 11:25pm WNW 30.00 96 4 36.7 44.7 2:17pm 32.0 4:29am 28 0 0.00 5 25 6:04am ESE 30.16 90 5 39.0 47.8 3:00pm 33.6 7:47am 26 0 0.01 4 22 1:14am E 30.21 83 6 42.6 52.3 1:44pm 36.6 3:55am 22 0 0.00 4 24 7:59am ESE 30.13 69 7 42.5 51.2 1:30pm 38.2 7:21am 23 0 0.00 4 19 2:33am ESE 30.01 63 8 38.0 44.4 12:31pm 30.3 11:03pm 27 0 0.00 3 18 7:13am E 29.94 82 9 29.2 32.1 1:36am 26.8 9:14pm 36 0 0.00 2 16 4:57am ESE 29.97 93 10 32.1 38.8 12:38pm 27.2 1:30am 33 0 0.00 3 19 9:07am E 30.06 76 11 39.5 43.3 3:24pm 33.7 12:00am 26 0 0.06 5 24 7:06am ESE 30.13 72 12 45.3 52.9 1:26pm 40.4 12:00am 20 0 0.00 5 23 1:02am ESE 30.26 88 13 46.0 48.7 3:56pm 43.3 1:27am 19 0 0.30 5 28 10:46am SE 30.29 91 14 48.4 58.4 3:01pm 38.9 7:38am 17 0 0.01 4 17 8:27am E 30.29 87 15 53.5 61.6 2:27pm 48.4 7:50am 11 0 0.00 4 19 4:25am E 30.24 75 16 55.3 64.6 2:32pm 50.3 2:51am 10 0 0.00 4 19 2:59am E 30.20 76 17 53.3 61.1 12:31pm 48.5 7:38am 12 0 0.00 5 20 12:09pm E 30.16 75 18 51.8 61.2 2:00pm 45.8 2:35am 13 0 0.00 5 18 2:08pm N 30.07 51 19 48.1 58.9 1:55pm 41.5 7:51am 17 0 0.00 4 31 2:46pm N 30.03 57 20 47.9 57.3 2:29pm 40.1 4:12am 17 0 0.00 3 26 1:39am ESE 30.13 54 21 48.8 58.3 2:35pm 42.7 6:16am 16 0 0.00 3 14 9:09pm ESE 30.09 67 22 53.6 64.6 2:40pm 46.5 5:26am 11 0 0.00 5 35 11:16pm ESE 30.02 54 23 51.3 58.7 1:26pm 45.2 11:49pm 14 0 0.00 5 34 12:46am ESE 30.12 45 24 50.8 61.0 2:07pm 44.6 7:45am 14 0 0.00 4 23 8:45am ESE 30.11 49 25 51.0 59.1 12:39pm 43.0 8:12am 14 0 0.00 3 22 7:12pm E 30.09 60 26 52.3 61.2 1:22pm 46.6 6:23am 13 0 0.00 4 25 2:35am E 30.15 52 27 51.0 60.5 1:40pm 46.1 7:26am 14 0 0.00 4 18 1:47am ESE 30.20 52 28 49.0 57.2 2:09pm 43.5 11:58pm 16 0 0.00 4 25 5:44am ESE 30.08 62 29 44.5 52.7 11:59am 39.4 7:48am 21 0 0.16 6 34 11:44pm ESE 30.01 72 30 39.2 42.3 2:12pm 34.3 6:52am 26 0 1.12 5 35 12:41am SE 30.00 94 31 41.7 50.6 2:55pm 35.0 3:40am 23 0 0.00 5 25 6:43am E 30.14 81 --------------------------------------------------------------------------------------- TOT 44.9 64.6 1/16/11 26.8 1/9/11 622 0 2.41 4 35 1/22/11 ESE 30.10 73 HEAT BASE: 65.0 COOL BASE: 65.0
powered by Cumulus v1.9.3 (1059)
Ambient Weather VWS v14.00
Top Contact Website Map Copyright © 2007 - noaa Foresthillweather.com Never base important decisions on this or any weather information obtained from the Internet