2024: Jan | Feb | Mar | Apr | May | Jun | Jul | Aug | Sep | Oct | Nov | Dec
2023: Jan | Feb | Mar | Apr | May | Jun | Jul | Aug | Sep | Oct | Nov | Dec
2022: Jan | Feb | Mar | Apr | May | Jun | Jul | Aug | Sep | Oct | Nov | Dec
2021: Jan | Feb | Mar | Apr | May | Jun | Jul | Aug | Sep | Oct | Nov | Dec
2020: Jan | Feb | Mar | Apr | May | Jun | Jul | Aug | Sep | Oct | Nov | Dec
2019: Jan | Feb | Mar | Apr | May | Jun | Jul | Aug | Sep | Oct | Nov | Dec
2018: Jan | Feb | Mar | Apr | May | Jun | Jul | Aug | Sep | Oct | Nov | Dec
2017: Jan | Feb | Mar | Apr | May | Jun | Jul | Aug | Sep | Oct | Nov | Dec
2016: Jan | Feb | Mar | Apr | May | Jun | Jul | Aug | Sep | Oct | Nov | Dec
2015: Jan | Feb | Mar | Apr | May | Jun | Jul | Aug | Sep | Oct | Nov | Dec
2014: Jan | Feb | Mar | Apr | May | Jun | Jul | Aug | Sep | Oct | Nov | Dec
2013: Jan | Feb | Mar | Apr | May | Jun | Jul | Aug | Sep | Oct | Nov | Dec
2012: Jan | Feb | Mar | Apr | May | Jun | Jul | Aug | Sep | Oct | Nov | Dec
2011: Jan | Feb | Mar | Apr | May | Jun | Jul | Aug | Sep | Oct | Nov | Dec
2010: Jan | Feb | Mar | Apr | May | Jun | Jul | Aug | Sep | Oct | Nov | Dec
2009: Jan | Feb | Mar | Apr | May | Jun | Jul | Aug | Sep | Oct | Nov | Dec
2008: Jan | Feb | Mar | Apr | May | Jun | Jul | Aug | Sep | Oct | Nov | Dec
Report for 2011 02
MONTHLY CLIMATOLOGICAL SUMMARY FOR 2/2011
HEAT COOL
MEAN DEG DEG WIND SPEED DOM MEAN MEAN
DAY TEMP HIGH TIME LOW TIME DAYS DAYS RAIN AVG HI TIME DIR BAROM HUM
---------------------------------------------------------------------------------------
1 42.3 53.3 1:52pm 35.3 11:59pm 23 0 0.00 5 28 3:11pm NE 30.12 53
2 42.8 54.8 12:40pm 32.9 1:33am 22 0 0.00 5 35 8:24am ESE 30.25 39
3 43.5 51.9 2:53pm 35.0 7:12am 21 0 0.00 3 18 9:30pm NNW 30.34 60
4 53.2 64.9 1:59pm 46.6 12:41am 12 0 0.00 5 22 2:45pm NE 30.30 52
5 55.9 67.1 1:32pm 49.7 7:43am 9 0 0.00 6 28 1:46pm N 30.22 50
6 54.8 65.5 2:15pm 47.5 4:43am 10 0 0.00 5 18 1:19am NNW 30.21 58
7 50.9 60.5 2:32pm 41.2 11:58pm 14 0 0.00 4 22 2:15am ESE 30.13 63
8 43.0 50.3 2:07pm 36.7 7:45am 22 0 0.00 8 41 7:13pm E 29.98 43
9 42.7 50.6 2:14pm 36.6 6:58am 22 0 0.00 6 37 1:03am ESE 30.11 45
10 43.2 53.5 2:51pm 35.7 7:41am 22 0 0.00 4 26 12:00am ESE 30.11 54
11 47.2 57.4 3:07pm 38.3 1:08am 18 0 0.00 4 18 4:14am ESE 30.17 55
12 50.7 62.1 1:38pm 43.9 7:32am 14 0 0.00 7 25 4:23am ESE 30.21 48
13 49.7 62.8 2:07pm 43.0 7:37am 15 0 0.00 7 24 3:16am SE 30.05 46
14 42.7 46.5 1:51am 37.4 4:13am 22 0 0.22 9 43 7:29am SSE 30.04 86
15 43.4 45.4 12:00am 40.3 11:50pm 22 0 0.49 10 48 11:22pm S 29.94 93
16 35.8 40.6 12:41am 32.7 11:52pm 29 0 1.32 9 56 3:20pm SSW 29.76 95
17 32.6 32.9 10:44pm 31.9 1:18am 32 0 0.77 7 38 12:31pm SSE 29.81 95
18 33.1 35.7 11:03pm 32.4 8:54am 32 0 0.59 5 36 9:27pm SSE 29.74 96
19 33.0 36.2 1:37am 30.5 11:53pm 32 0 0.26 5 40 1:30am SSE 29.71 96
20 32.7 39.2 3:27pm 27.7 7:05am 32 0 0.00 5 23 5:19am ESE 29.97 89
21 34.3 39.3 1:53pm 31.5 10:54pm 31 0 0.00 4 17 12:00am ESE 29.93 90
22 36.0 45.5 1:55pm 30.5 7:11am 29 0 0.00 5 22 7:13am ESE 29.99 80
23 36.8 44.0 1:45pm 32.0 7:00am 28 0 0.00 4 19 12:43am ESE 29.99 79
24 34.1 36.0 12:55pm 32.4 9:02pm 31 0 0.79 5 25 7:04am SSE 30.02 91
25 31.8 36.1 10:32am 28.2 11:52pm 33 0 1.52 3 48 9:18am WSW 29.73 95
26 28.9 35.1 3:51pm 22.5 7:13am 36 0 0.00 4 23 1:58pm WSW 29.75 90
27 32.2 40.3 3:00pm 25.5 6:49am 33 0 0.00 5 26 6:03am ESE 29.95 80
28 35.6 43.9 1:54pm 29.9 7:00am 29 0 0.00 6 23 12:01pm SE 30.12 78
---------------------------------------------------------------------------------------
TOT 40.8 67.1 2/5/11 22.5 2/26/11 677 0 6.26 5 49 2/16/11 ESE 30.02 71
HEAT BASE: 65.0
COOL BASE: 65.0