NOAA-reports For Foresthill Weather.com
2018: Jan | Feb | Mar | Apr | May | Jun | Jul | Aug | Sep | Oct | Nov | Dec 
 2017: Jan | Feb | Mar | Apr | May | Jun | Jul | Aug | Sep | Oct | Nov | Dec 
2016: Jan | Feb | Mar | Apr | May | Jun | Jul | Aug | Sep | Oct | Nov | Dec 
2015: Jan | Feb | Mar | Apr | May | Jun | Jul | Aug | Sep | Oct | Nov | Dec 
2014: Jan | Feb | Mar | Apr | May | Jun | Jul | Aug | Sep | Oct | Nov | Dec 
2013: Jan | Feb | Mar | Apr | May | Jun | Jul | Aug | Sep | Oct | Nov | Dec 
2012: Jan | Feb | Mar | Apr | May | Jun | Jul | Aug | Sep | Oct | Nov | Dec 
2011: Jan | Feb | Mar | Apr | May | Jun | Jul | Aug | Sep | Oct | Nov | Dec 
2010: Jan | Feb | Mar | Apr | May | Jun | Jul | Aug | Sep | Oct | Nov | Dec 
2009: Jan | Feb | Mar | Apr | May | Jun | Jul | Aug | Sep | Oct | Nov | Dec 
2008: Jan | Feb | Mar | Apr | May | Jun | Jul | Aug | Sep | Oct | Nov | Dec 

Report for 2011 04
MONTHLY CLIMATOLOGICAL SUMMARY FOR 4/2011 HEAT COOL MEAN DEG DEG WIND SPEED DOM MEAN MEAN DAY TEMP HIGH TIME LOW TIME DAYS DAYS RAIN AVG HI TIME DIR BAROM HUM --------------------------------------------------------------------------------------- 1 62.4 75.7 2:35pm 52.8 5:42am 5 3 0.00 6 28 6:43am ESE 29.81 56 2 55.2 60.5 4:22pm 45.5 9:27pm 10 0 0.00 6 23 4:07am SE 29.74 75 3 49.6 59.8 3:22pm 40.4 6:49am 15 0 0.00 5 29 11:00pm ESE 29.98 64 4 55.4 69.2 2:54pm 44.8 7:22am 10 0 0.00 5 19 12:27am ESE 30.08 55 5 54.2 64.2 12:52pm 48.3 11:58pm 11 0 0.00 5 28 6:33am ESE 29.92 72 6 51.2 62.2 2:00pm 43.2 11:58pm 14 0 0.00 7 30 11:54pm ESE 29.92 63 7 36.2 43.1 12:00am 30.5 11:58pm 29 0 0.06 5 29 12:00am SW 29.77 82 8 33.6 42.0 1:41pm 26.9 6:44am 31 0 0.05 4 19 5:40pm ESE 29.80 82 9 40.7 51.1 2:47pm 31.1 5:58am 24 0 0.00 5 25 12:48pm E 29.97 66 10 45.4 55.5 3:20pm 36.8 6:31am 20 0 0.00 5 25 6:42am ESE 30.24 68 11 47.1 57.5 2:52pm 40.1 5:13am 18 0 0.00 4 24 12:57pm SSW 30.20 74 12 47.0 57.1 1:42pm 38.2 6:50am 18 0 0.00 4 24 1:48pm ESE 30.02 74 13 38.8 43.1 5:45pm 34.0 10:35am 26 0 0.14 6 30 6:43am SSE 30.13 86 14 43.7 55.7 2:23pm 33.9 6:52am 21 0 0.00 5 22 5:35am ESE 30.35 68 15 50.5 59.9 5:08pm 41.1 4:00am 14 0 0.00 3 17 7:16am ESE 30.24 64 16 55.7 66.8 2:01pm 45.9 6:30am 9 0 0.00 4 18 3:12pm ESE 30.04 72 17 57.4 68.0 2:59pm 50.3 7:02am 8 0 0.04 6 24 2:56pm ESE 29.88 80 18 49.7 54.1 12:00am 45.4 7:14am 15 0 0.31 5 26 2:31am S 29.89 93 19 53.0 59.9 3:30pm 48.8 7:09am 12 0 0.04 3 18 3:53pm SSE 29.94 90 20 50.8 57.6 2:09pm 46.0 9:04am 14 0 0.01 6 35 2:10pm S 29.91 80 21 46.9 51.5 4:52pm 43.7 11:52pm 18 0 0.89 5 35 2:29am S 29.99 93 22 47.1 57.6 2:09pm 41.3 3:52am 18 0 0.08 6 29 6:43pm ESE 29.97 81 23 46.9 54.1 2:04pm 41.9 12:19am 18 0 0.02 5 23 1:13pm ESE 29.90 85 24 47.5 50.9 4:52pm 45.5 5:54am 17 0 0.58 5 28 8:29am SSW 29.96 95 25 46.9 53.2 5:15pm 42.5 7:03am 18 0 0.15 7 38 6:00pm S 30.09 92 26 46.6 56.2 3:55pm 38.1 6:32am 18 0 0.00 4 22 11:45pm E 30.12 72 27 52.0 64.1 2:43pm 42.0 5:37am 13 0 0.00 5 23 6:35am ESE 30.10 59 28 50.8 59.7 2:19pm 42.9 11:58pm 14 0 0.00 8 32 2:14pm SE 30.06 70 29 46.0 55.1 1:31pm 34.9 7:00am 19 0 0.00 6 34 3:08pm NNW 30.14 55 30 51.4 63.8 4:30pm 39.9 3:53am 14 0 0.00 6 26 6:18am E 30.13 39 --------------------------------------------------------------------------------------- TOT 48.7 75.7 4/1/11 26.9 4/8/11 494 4 2.38 5 38 4/25/11 ESE 30.01 73 HEAT BASE: 65.0 COOL BASE: 65.0
powered by Cumulus v1.9.3 (1059)
Ambient Weather VWS v14.00
Top Contact Website Map Copyright © 2007 - noaa Foresthillweather.com Never base important decisions on this or any weather information obtained from the Internet