NOAA-reports For Foresthill Weather.com
2018: Jan | Feb | Mar | Apr | May | Jun | Jul | Aug | Sep | Oct | Nov | Dec 
2017: Jan | Feb | Mar | Apr | May | Jun | Jul | Aug | Sep | Oct | Nov | Dec 
2016: Jan | Feb | Mar | Apr | May | Jun | Jul | Aug | Sep | Oct | Nov | Dec 
2015: Jan | Feb | Mar | Apr | May | Jun | Jul | Aug | Sep | Oct | Nov | Dec 
2014: Jan | Feb | Mar | Apr | May | Jun | Jul | Aug | Sep | Oct | Nov | Dec 
2013: Jan | Feb | Mar | Apr | May | Jun | Jul | Aug | Sep | Oct | Nov | Dec 
2012: Jan | Feb | Mar | Apr | May | Jun | Jul | Aug | Sep | Oct | Nov | Dec 
2011: Jan | Feb | Mar | Apr | May | Jun | Jul | Aug | Sep | Oct | Nov | Dec 
2010: Jan | Feb | Mar | Apr | May | Jun | Jul | Aug | Sep | Oct | Nov | Dec 
2009: Jan | Feb | Mar | Apr | May | Jun | Jul | Aug | Sep | Oct | Nov | Dec 
2008: Jan | Feb | Mar | Apr | May | Jun | Jul | Aug | Sep | Oct | Nov | Dec 

Report for 2011 06
MONTHLY CLIMATOLOGICAL SUMMARY FOR 6/2011 HEAT COOL MEAN DEG DEG WIND SPEED DOM MEAN MEAN DAY TEMP HIGH TIME LOW TIME DAYS DAYS RAIN AVG HI TIME DIR BAROM HUM --------------------------------------------------------------------------------------- 1 43.3 49.1 12:31pm 38.8 11:05pm 22 0 0.47 5 25 5:35pm S 30.04 90 2 45.8 55.1 4:38pm 39.1 12:00am 19 0 0.01 3 18 12:09am SE 30.13 85 3 49.1 55.0 11:18am 41.8 6:00am 16 0 0.00 4 22 4:25am ESE 29.91 79 4 50.6 53.2 3:44am 48.4 8:46am 14 0 0.39 3 25 2:39am SE 29.89 89 5 52.8 57.5 2:08pm 48.6 5:58am 12 0 0.08 4 17 5:57am NNW 29.95 92 6 48.5 52.9 12:09am 46.3 7:19am 17 0 0.96 5 31 9:11am SSE 29.98 96 7 53.4 63.5 5:13pm 43.6 5:43am 12 0 0.00 3 17 12:50pm W 29.96 89 8 59.3 68.7 4:31pm 50.4 5:24am 6 1 0.00 4 19 5:57am ESE 29.91 81 9 63.0 73.6 2:51pm 52.0 6:03am 5 3 0.00 4 23 4:29pm ESE 29.92 68 10 64.6 73.7 2:48pm 56.3 6:18am 3 3 0.00 5 22 6:27am ESE 29.84 65 11 61.2 68.0 1:14pm 53.3 11:57pm 4 1 0.00 5 24 4:33am SSW 29.76 69 12 61.5 71.7 3:05pm 51.8 6:30am 5 2 0.00 4 17 1:05pm W 29.79 69 13 66.3 76.2 3:12pm 58.0 4:17am 2 4 0.00 4 19 5:48am ESE 29.90 67 14 69.9 82.4 2:42pm 59.7 5:38am 1 6 0.00 4 23 5:50am ESE 29.91 61 15 70.7 82.3 2:54pm 61.2 5:26am 1 6 0.00 5 22 12:02am ESE 29.77 54 16 66.8 75.2 1:54pm 60.0 6:01am 1 3 0.00 5 25 5:16am ESE 29.64 59 17 68.1 78.0 2:31pm 59.3 2:09am 1 4 0.00 5 25 3:10am E 29.71 45 18 66.8 76.3 2:39pm 57.7 6:02am 2 4 0.00 4 19 11:09pm ESE 29.78 57 19 67.9 78.4 2:48pm 57.6 6:12am 2 5 0.00 5 24 2:49pm E 29.72 57 20 72.4 83.4 3:18pm 63.7 7:31am 0 7 0.00 5 28 4:15am ESE 29.73 47 21 75.5 86.9 2:12pm 65.8 6:57am 0 10 0.00 4 20 2:32am ESE 29.73 56 22 76.9 88.6 2:16pm 68.6 6:53am 0 12 0.00 6 24 4:54am ESE 29.73 55 23 71.8 81.9 2:44pm 64.1 7:01am 0 7 0.00 6 24 2:11am SE 29.74 50 24 67.7 79.1 2:34pm 59.2 6:13am 2 4 0.00 5 22 12:00am ESE 29.76 44 25 67.5 78.7 2:41pm 59.1 6:43am 2 4 0.00 5 23 1:23am ESE 29.76 47 26 68.3 79.6 2:28pm 59.2 6:18am 2 5 0.00 4 25 6:44am ESE 29.78 50 27 70.2 80.9 3:11pm 62.1 6:54am 1 6 0.00 6 24 4:36pm ESE 29.73 51 28 60.1 65.5 12:00am 53.1 11:13pm 5 0 0.97 4 23 4:10am SE 29.69 75 29 53.1 58.5 6:32pm 49.5 11:30am 12 0 0.19 3 16 5:00pm NNW 29.87 92 30 60.3 71.3 5:20pm 50.1 6:29am 6 2 0.00 3 16 2:54pm NE 29.95 81 --------------------------------------------------------------------------------------- TOT 62.4 88.6 6/22/11 38.8 6/1/11 175 99 3.07 4 31 6/6/11 ESE 29.83 67 HEAT BASE: 65.0 COOL BASE: 65.0
powered by Cumulus v1.9.3 (1059)
Ambient Weather VWS v14.00
Top Contact Website Map Copyright © 2007 - noaa Foresthillweather.com Never base important decisions on this or any weather information obtained from the Internet