2024: Jan | Feb | Mar | Apr | May | Jun | Jul | Aug | Sep | Oct | Nov | Dec
2023: Jan | Feb | Mar | Apr | May | Jun | Jul | Aug | Sep | Oct | Nov | Dec
2022: Jan | Feb | Mar | Apr | May | Jun | Jul | Aug | Sep | Oct | Nov | Dec
2021: Jan | Feb | Mar | Apr | May | Jun | Jul | Aug | Sep | Oct | Nov | Dec
2020: Jan | Feb | Mar | Apr | May | Jun | Jul | Aug | Sep | Oct | Nov | Dec
2019: Jan | Feb | Mar | Apr | May | Jun | Jul | Aug | Sep | Oct | Nov | Dec
2018: Jan | Feb | Mar | Apr | May | Jun | Jul | Aug | Sep | Oct | Nov | Dec
2017: Jan | Feb | Mar | Apr | May | Jun | Jul | Aug | Sep | Oct | Nov | Dec
2016: Jan | Feb | Mar | Apr | May | Jun | Jul | Aug | Sep | Oct | Nov | Dec
2015: Jan | Feb | Mar | Apr | May | Jun | Jul | Aug | Sep | Oct | Nov | Dec
2014: Jan | Feb | Mar | Apr | May | Jun | Jul | Aug | Sep | Oct | Nov | Dec
2013: Jan | Feb | Mar | Apr | May | Jun | Jul | Aug | Sep | Oct | Nov | Dec
2012: Jan | Feb | Mar | Apr | May | Jun | Jul | Aug | Sep | Oct | Nov | Dec
2011: Jan | Feb | Mar | Apr | May | Jun | Jul | Aug | Sep | Oct | Nov | Dec
2010: Jan | Feb | Mar | Apr | May | Jun | Jul | Aug | Sep | Oct | Nov | Dec
2009: Jan | Feb | Mar | Apr | May | Jun | Jul | Aug | Sep | Oct | Nov | Dec
2008: Jan | Feb | Mar | Apr | May | Jun | Jul | Aug | Sep | Oct | Nov | Dec
Report for 2011 07
MONTHLY CLIMATOLOGICAL SUMMARY FOR 7/2011
HEAT COOL
MEAN DEG DEG WIND SPEED DOM MEAN MEAN
DAY TEMP HIGH TIME LOW TIME DAYS DAYS RAIN AVG HI TIME DIR BAROM HUM
---------------------------------------------------------------------------------------
1 67.3 80.4 3:22pm 55.6 6:19am 3 5 0.00 3 18 6:45am ESE 29.82 68
2 72.8 84.9 3:19pm 63.4 7:16am 0 8 0.00 4 24 4:55am E 29.72 60
3 74.9 87.8 2:59pm 65.5 7:02am 0 10 0.00 4 19 6:00am E 29.71 57
4 75.8 87.7 2:42pm 66.4 7:05am 0 11 0.00 5 24 1:27am ESE 29.75 55
5 76.9 87.8 2:30pm 68.5 7:00am 0 12 0.00 4 25 7:11am ESE 29.79 54
6 76.8 86.8 2:28pm 69.4 6:55am 0 12 0.00 4 22 1:55am ESE 29.80 57
7 74.6 84.2 3:17pm 68.1 5:49am 0 10 0.00 5 25 6:16am ESE 29.80 54
8 74.5 86.0 2:14pm 66.5 7:13am 0 10 0.00 5 26 1:29am ESE 29.74 52
9 73.0 83.8 2:26pm 65.7 6:51am 0 8 0.00 5 23 2:22am ESE 29.70 56
10 70.8 82.7 2:46pm 62.3 6:59am 0 6 0.00 5 24 3:27am ESE 29.72 49
11 67.5 77.6 2:10pm 60.2 6:48am 1 4 0.00 5 23 4:34am ESE 29.79 56
12 66.2 75.1 2:08pm 58.7 6:19am 2 3 0.00 5 23 3:58am ESE 29.81 61
13 62.7 71.0 3:02pm 56.7 6:17am 4 1 0.00 6 22 5:41pm SE 29.80 71
14 62.0 71.2 2:35pm 54.8 5:47am 4 2 0.00 3 19 2:05am ESE 29.83 71
15 63.0 72.0 1:25pm 56.2 1:18am 4 2 0.00 4 19 11:46pm ESE 29.79 70
16 62.9 72.9 2:32pm 55.8 5:54am 4 2 0.00 5 22 12:37am ESE 29.80 69
17 62.7 73.9 2:47pm 53.8 6:00am 4 2 0.00 5 24 1:04pm SE 29.85 71
18 65.8 75.8 3:03pm 58.6 5:00am 2 3 0.00 5 23 12:05am ESE 29.91 68
19 66.7 78.6 3:17pm 57.5 5:47am 3 4 0.00 4 19 5:10am E 30.02 69
20 69.7 80.7 2:42pm 60.7 6:49am 1 6 0.00 4 19 5:52am ESE 29.94 59
21 71.8 83.2 2:29pm 62.8 6:20am 0 7 0.00 5 25 5:47am ESE 29.81 54
22 72.8 84.5 2:34pm 64.8 6:25am 0 8 0.00 4 24 4:48am ESE 29.81 54
23 73.1 84.4 2:34pm 65.6 5:44am 0 8 0.00 5 22 3:01am SW 29.90 57
24 73.3 83.2 3:36pm 66.2 10:53pm 0 8 0.00 5 24 6:58am ESE 30.03 57
25 71.4 82.3 3:07pm 64.6 7:10am 0 6 0.00 5 25 2:44am ESE 30.01 54
26 70.0 81.9 2:39pm 61.7 6:12am 1 6 0.00 5 24 3:33am ESE 29.92 48
27 72.2 84.5 2:19pm 63.8 6:04am 0 7 0.00 5 25 5:45am E 29.92 47
28 73.3 84.5 2:00pm 63.9 6:58am 0 8 0.00 3 16 1:16am ESE 29.94 52
29 76.2 86.5 2:27pm 68.4 7:27am 0 11 0.00 4 18 10:47pm E 29.93 57
30 76.5 86.6 1:47pm 69.1 7:14am 0 12 0.00 4 22 4:21am ESE 29.93 55
31 76.0 85.5 2:22pm 69.7 7:26am 0 11 0.00 4 23 1:12am ESE 29.94 58
---------------------------------------------------------------------------------------
TOT 70.8 87.8 7/3/11 53.8 7/17/11 34 213 0.00 5 25 7/7/11 ESE 29.85 59
HEAT BASE: 65.0
COOL BASE: 65.0