NOAA-reports For Foresthill Weather.com
2018: Jan | Feb | Mar | Apr | May | Jun | Jul | Aug | Sep | Oct | Nov | Dec 
 2017: Jan | Feb | Mar | Apr | May | Jun | Jul | Aug | Sep | Oct | Nov | Dec 
2016: Jan | Feb | Mar | Apr | May | Jun | Jul | Aug | Sep | Oct | Nov | Dec 
2015: Jan | Feb | Mar | Apr | May | Jun | Jul | Aug | Sep | Oct | Nov | Dec 
2014: Jan | Feb | Mar | Apr | May | Jun | Jul | Aug | Sep | Oct | Nov | Dec 
2013: Jan | Feb | Mar | Apr | May | Jun | Jul | Aug | Sep | Oct | Nov | Dec 
2012: Jan | Feb | Mar | Apr | May | Jun | Jul | Aug | Sep | Oct | Nov | Dec 
2011: Jan | Feb | Mar | Apr | May | Jun | Jul | Aug | Sep | Oct | Nov | Dec 
2010: Jan | Feb | Mar | Apr | May | Jun | Jul | Aug | Sep | Oct | Nov | Dec 
2009: Jan | Feb | Mar | Apr | May | Jun | Jul | Aug | Sep | Oct | Nov | Dec 
2008: Jan | Feb | Mar | Apr | May | Jun | Jul | Aug | Sep | Oct | Nov | Dec 

Report for 2011 08
MONTHLY CLIMATOLOGICAL SUMMARY FOR 8/2011 HEAT COOL MEAN DEG DEG WIND SPEED DOM MEAN MEAN DAY TEMP HIGH TIME LOW TIME DAYS DAYS RAIN AVG HI TIME DIR BAROM HUM --------------------------------------------------------------------------------------- 1 74.5 85.0 2:10pm 68.0 7:12am 0 10 0.00 4 18 2:08am E 30.00 61 2 74.6 86.5 3:19pm 66.5 7:22am 0 10 0.00 5 22 1:49am ESE 29.97 51 3 74.3 85.7 3:03pm 65.4 11:54pm 0 9 0.00 5 25 7:05am ESE 29.90 46 4 69.3 79.1 2:21pm 62.7 6:48am 0 5 0.00 5 24 5:04am ESE 29.94 56 5 69.9 80.9 2:18pm 62.1 7:12am 1 6 0.00 4 22 5:18am ESE 29.98 51 6 70.8 82.1 3:11pm 63.3 7:19am 0 6 0.00 5 25 4:14am ESE 29.98 53 7 70.6 82.5 2:34pm 63.2 7:04am 0 6 0.00 5 26 1:45am ESE 30.00 54 8 71.2 83.6 3:19pm 62.7 6:55am 0 7 0.00 5 26 3:13am ESE 29.99 47 9 71.8 84.4 2:22pm 63.1 7:23am 0 7 0.00 5 26 1:25am ESE 29.94 46 10 72.3 84.7 2:35pm 63.6 7:26am 0 7 0.00 5 24 12:59am ESE 29.90 42 11 72.2 83.6 3:00pm 64.9 7:20am 0 7 0.00 6 25 4:44am SW 29.95 45 12 72.0 82.2 2:45pm 64.0 7:34am 0 7 0.00 5 25 12:37am ESE 29.97 47 13 74.1 86.9 2:50pm 65.8 7:32am 0 9 0.00 5 29 11:48pm ESE 29.94 43 14 72.2 83.2 2:35pm 65.2 7:04am 0 7 0.00 5 25 12:18am ESE 29.95 43 15 70.0 82.3 2:18pm 62.2 6:49am 1 6 0.00 5 25 6:46am ESE 29.97 38 16 71.0 83.5 2:36pm 62.8 7:30am 0 6 0.00 5 23 1:47am ESE 30.00 41 17 72.4 84.6 2:17pm 64.3 6:44am 0 7 0.00 5 25 3:12am ESE 30.05 43 18 72.2 84.8 3:08pm 63.0 8:07am 0 7 0.00 4 17 12:23am ESE 30.00 43 19 71.3 82.8 3:01pm 63.8 7:22am 0 6 0.00 5 23 6:07am ESE 29.90 48 20 70.2 80.9 2:11pm 62.9 7:19am 0 6 0.00 5 22 3:41am ESE 29.90 51 21 69.7 80.1 3:05pm 62.8 6:48am 0 5 0.00 4 23 6:40am ESE 29.98 53 22 70.1 80.6 2:51pm 62.7 6:40am 0 6 0.00 4 24 7:47am ESE 30.04 55 23 72.5 85.6 2:12pm 63.6 5:59am 0 8 0.00 4 19 12:55am ESE 29.99 48 24 75.0 86.8 2:13pm 68.4 7:23am 0 10 0.00 4 19 12:35am ESE 29.96 47 25 74.1 86.0 3:01pm 66.5 5:47am 0 9 0.00 4 23 6:44am ESE 29.94 50 26 75.9 89.3 2:09pm 67.0 4:31am 0 11 0.00 5 25 6:29am E 29.94 51 27 76.5 89.0 2:11pm 69.7 7:55am 0 12 0.00 4 22 11:43pm E 29.96 49 28 76.3 89.5 3:03pm 69.4 7:30am 0 11 0.00 5 23 5:14am ESE 29.94 48 29 75.2 88.3 2:57pm 66.8 7:31am 0 10 0.00 6 24 12:33am ESE 29.91 41 30 73.0 85.7 2:44pm 64.8 7:16am 0 8 0.00 5 25 12:35am ESE 29.83 42 31 71.3 81.9 3:27pm 64.4 7:39am 0 6 0.00 5 24 12:30am ESE 29.81 46 --------------------------------------------------------------------------------------- TOT 72.5 89.5 8/28/11 62.1 8/5/11 5 237 0.00 5 29 8/13/11 ESE 29.96 48 HEAT BASE: 65.0 COOL BASE: 65.0
powered by Cumulus v1.9.3 (1059)
Ambient Weather VWS v14.00
Top Contact Website Map Copyright © 2007 - noaa Foresthillweather.com Never base important decisions on this or any weather information obtained from the Internet