NOAA-reports For Foresthill Weather.com
2018: Jan | Feb | Mar | Apr | May | Jun | Jul | Aug | Sep | Oct | Nov | Dec 
 2017: Jan | Feb | Mar | Apr | May | Jun | Jul | Aug | Sep | Oct | Nov | Dec 
2016: Jan | Feb | Mar | Apr | May | Jun | Jul | Aug | Sep | Oct | Nov | Dec 
2015: Jan | Feb | Mar | Apr | May | Jun | Jul | Aug | Sep | Oct | Nov | Dec 
2014: Jan | Feb | Mar | Apr | May | Jun | Jul | Aug | Sep | Oct | Nov | Dec 
2013: Jan | Feb | Mar | Apr | May | Jun | Jul | Aug | Sep | Oct | Nov | Dec 
2012: Jan | Feb | Mar | Apr | May | Jun | Jul | Aug | Sep | Oct | Nov | Dec 
2011: Jan | Feb | Mar | Apr | May | Jun | Jul | Aug | Sep | Oct | Nov | Dec 
2010: Jan | Feb | Mar | Apr | May | Jun | Jul | Aug | Sep | Oct | Nov | Dec 
2009: Jan | Feb | Mar | Apr | May | Jun | Jul | Aug | Sep | Oct | Nov | Dec 
2008: Jan | Feb | Mar | Apr | May | Jun | Jul | Aug | Sep | Oct | Nov | Dec 

Report for 2011 10
MONTHLY CLIMATOLOGICAL SUMMARY FOR 10/2011 HEAT COOL MEAN DEG DEG WIND SPEED DOM MEAN MEAN DAY TEMP HIGH TIME LOW TIME DAYS DAYS RAIN AVG HI TIME DIR BAROM HUM --------------------------------------------------------------------------------------- 1 59.0 69.3 2:34pm 52.7 7:13am 7 1 0.00 4 22 7:51am SSE 30.06 75 2 58.1 69.6 2:23pm 52.1 5:58am 7 0 0.00 4 20 1:42pm ESE 30.11 73 3 55.0 61.0 1:23pm 50.5 9:42pm 10 0 0.00 2 14 12:15am ESE 30.02 75 4 51.3 56.8 11:12am 47.8 11:51pm 14 0 0.36 4 29 11:50pm ESE 29.97 85 5 46.1 49.4 4:12am 42.8 11:37pm 19 0 1.65 9 38 2:32am SSE 29.83 92 6 43.9 46.9 5:18pm 41.9 11:54pm 21 0 0.36 5 24 8:22am S 30.07 94 7 47.0 56.8 3:05pm 39.0 4:59am 18 0 0.00 3 23 7:21am WNW 30.26 87 8 52.2 62.0 2:35pm 45.2 7:25am 13 0 0.00 2 16 2:25am E 30.22 84 9 55.8 66.1 2:45pm 49.3 6:08am 9 0 0.00 5 25 5:56am ESE 30.12 76 10 54.4 56.5 11:30pm 52.2 10:59am 11 0 1.49 7 30 1:55pm SE 30.06 86 11 58.1 62.7 3:16pm 54.1 11:58pm 7 0 0.13 4 17 12:00am S 30.16 94 12 57.9 69.6 4:04pm 49.0 6:09am 8 1 0.00 4 22 10:02pm ESE 30.17 72 13 64.1 74.8 2:32pm 57.7 4:48am 3 2 0.00 5 24 8:48am ESE 30.06 60 14 66.6 77.1 2:28pm 60.7 7:18am 1 3 0.00 6 28 3:06am ESE 29.95 65 15 66.1 75.5 2:24pm 60.7 8:10am 1 3 0.00 5 25 5:36am ESE 29.97 65 16 63.5 71.5 2:32pm 59.3 8:48am 2 1 0.00 4 23 12:37am ESE 30.09 74 17 65.1 76.1 2:55pm 59.1 6:04am 2 3 0.00 5 25 7:48am ESE 30.17 62 18 65.1 75.5 2:23pm 59.6 7:48am 2 2 0.00 5 26 3:59am ESE 30.11 60 19 61.0 67.5 3:54pm 55.9 4:24am 4 0 0.00 4 25 12:54am E 30.04 73 20 59.8 68.9 2:20pm 53.6 7:20am 6 1 0.00 3 22 7:45am ESE 30.09 76 21 60.2 70.3 2:52pm 54.1 7:00am 6 1 0.00 5 26 7:15am E 30.21 74 22 61.6 71.5 3:11pm 55.9 2:16am 5 1 0.00 5 24 3:08am ESE 30.17 69 23 63.0 73.9 2:36pm 56.7 7:50am 4 2 0.00 6 25 5:05am ESE 30.10 57 24 60.5 68.6 2:49pm 55.7 8:13am 5 1 0.00 5 23 12:32am ESE 30.06 58 25 55.1 62.6 2:11pm 49.5 11:59pm 10 0 0.00 4 20 10:26pm E 30.10 73 26 51.9 62.1 1:36pm 44.3 7:57am 13 0 0.00 4 29 4:51am ESE 30.18 47 27 51.8 61.2 3:25pm 45.4 5:47am 13 0 0.00 4 23 5:51am ESE 30.19 56 28 55.1 65.6 2:48pm 49.7 4:32am 10 0 0.00 5 23 4:39am ESE 30.24 63 29 57.1 68.3 3:26pm 50.3 8:32am 8 0 0.00 3 17 4:02am E 30.23 57 30 57.5 67.8 2:54pm 52.3 6:43am 7 0 0.00 5 23 6:35am ESE 30.21 59 31 59.8 68.9 2:28pm 55.3 11:57pm 6 1 0.00 5 23 2:55am ESE 30.14 56 --------------------------------------------------------------------------------------- TOT 57.2 77.1 10/14/11 39.0 10/7/11 252 22 3.98 5 38 10/5/11 ESE 30.14 64 HEAT BASE: 65.0 COOL BASE: 65.0
powered by Cumulus v1.9.3 (1059)
Ambient Weather VWS v14.00
Top Contact Website Map Copyright © 2007 - noaa Foresthillweather.com Never base important decisions on this or any weather information obtained from the Internet