NOAA-reports For Foresthill Weather.com
2018: Jan | Feb | Mar | Apr | May | Jun | Jul | Aug | Sep | Oct | Nov | Dec 
 2017: Jan | Feb | Mar | Apr | May | Jun | Jul | Aug | Sep | Oct | Nov | Dec 
2016: Jan | Feb | Mar | Apr | May | Jun | Jul | Aug | Sep | Oct | Nov | Dec 
2015: Jan | Feb | Mar | Apr | May | Jun | Jul | Aug | Sep | Oct | Nov | Dec 
2014: Jan | Feb | Mar | Apr | May | Jun | Jul | Aug | Sep | Oct | Nov | Dec 
2013: Jan | Feb | Mar | Apr | May | Jun | Jul | Aug | Sep | Oct | Nov | Dec 
2012: Jan | Feb | Mar | Apr | May | Jun | Jul | Aug | Sep | Oct | Nov | Dec 
2011: Jan | Feb | Mar | Apr | May | Jun | Jul | Aug | Sep | Oct | Nov | Dec 
2010: Jan | Feb | Mar | Apr | May | Jun | Jul | Aug | Sep | Oct | Nov | Dec 
2009: Jan | Feb | Mar | Apr | May | Jun | Jul | Aug | Sep | Oct | Nov | Dec 
2008: Jan | Feb | Mar | Apr | May | Jun | Jul | Aug | Sep | Oct | Nov | Dec 

Report for 2011 11
MONTHLY CLIMATOLOGICAL SUMMARY FOR 11/2011 HEAT COOL MEAN DEG DEG WIND SPEED DOM MEAN MEAN DAY TEMP HIGH TIME LOW TIME DAYS DAYS RAIN AVG HI TIME DIR BAROM HUM --------------------------------------------------------------------------------------- 1 55.1 63.9 2:21pm 49.7 7:57am 9 0 0.00 5 34 9:38am ESE 30.15 46 2 55.2 64.3 2:29pm 48.7 4:19am 10 0 0.00 4 25 8:48am ESE 30.21 35 3 47.7 56.8 11:52am 38.6 9:51pm 17 0 0.36 7 28 8:56am SE 29.97 62 4 38.2 43.8 2:45pm 34.4 7:41am 27 0 0.00 4 22 11:46pm SE 29.98 88 5 37.2 43.9 2:00pm 33.2 4:18am 28 0 0.25 8 30 8:33pm ESE 30.11 80 6 38.0 40.7 2:33pm 34.8 11:49pm 27 0 0.20 5 25 2:02am SSE 30.17 94 7 39.0 46.9 1:41pm 33.3 5:43am 26 0 0.00 4 22 5:02am ESE 30.35 88 8 40.8 49.0 2:24pm 34.6 6:46am 24 0 0.00 5 19 1:07am ESE 30.46 85 9 45.4 55.4 2:18pm 38.6 6:39am 20 0 0.00 6 25 7:40pm ESE 30.41 72 10 48.8 60.9 1:28pm 41.4 5:49am 16 0 0.00 7 28 6:02am ESE 30.25 53 11 49.6 56.4 11:12am 44.1 10:26pm 15 0 0.09 6 42 4:51pm ESE 29.97 61 12 46.4 52.1 1:27pm 43.8 6:43am 19 0 0.01 4 23 1:24am E 30.01 89 13 48.7 55.7 2:07pm 43.7 6:45am 16 0 0.00 4 17 6:30am ESE 30.10 84 14 48.9 55.5 2:04pm 44.7 11:58pm 16 0 0.00 3 14 1:39am SSE 30.12 87 15 47.4 55.9 2:08pm 41.9 7:01am 18 0 0.00 3 17 1:27am ESE 30.26 81 16 49.2 57.1 1:44pm 44.3 7:09am 16 0 0.00 4 22 7:39am ESE 30.32 79 17 48.7 56.5 1:59pm 43.4 6:14am 16 0 0.01 7 29 11:46pm ESE 30.23 80 18 41.3 47.1 12:00am 39.1 10:35pm 24 0 0.23 8 37 4:55pm S 30.06 92 19 38.4 42.3 2:51pm 35.2 6:33am 27 0 0.01 6 32 11:45pm S 30.03 91 20 38.9 42.6 2:25pm 36.8 7:20am 26 0 0.34 5 35 1:01am ESE 30.03 94 21 40.4 47.0 1:59pm 35.1 7:09am 25 0 0.01 5 22 4:05am ESE 30.33 91 22 42.2 50.7 1:35pm 36.9 6:28am 23 0 0.00 6 22 11:14pm ESE 30.37 85 23 42.1 47.7 2:22pm 37.4 5:09am 23 0 0.00 5 23 4:57am SE 30.11 83 24 43.0 45.9 2:42pm 38.9 2:58am 22 0 0.19 4 19 4:59am ESE 30.20 90 25 45.7 51.9 2:01pm 40.7 7:21am 19 0 0.00 3 23 6:48am E 30.45 93 26 49.8 57.4 1:45pm 42.2 12:00am 15 0 0.00 5 22 9:03pm E 30.50 77 27 53.1 63.7 2:05pm 47.8 3:27am 12 0 0.00 6 24 3:46am ESE 30.45 60 28 52.6 60.9 1:17pm 48.4 9:53pm 12 0 0.00 5 25 12:39am ESE 30.37 58 29 50.9 59.4 2:06pm 47.0 7:42am 14 0 0.00 5 23 2:34am E 30.32 58 30 46.9 54.0 12:59pm 41.3 7:59am 18 0 0.00 6 44 7:55pm NNE 30.30 52 --------------------------------------------------------------------------------------- TOT 45.6 64.3 11/2/11 33.2 11/5/11 579 0 1.70 5 44 11/30/11 ESE 30.22 76 HEAT BASE: 65.0 COOL BASE: 65.0
powered by Cumulus v1.9.3 (1059)
Ambient Weather VWS v14.00
Top Contact Website Map Copyright © 2007 - noaa Foresthillweather.com Never base important decisions on this or any weather information obtained from the Internet