NOAA-reports For Foresthill Weather.com
2018: Jan | Feb | Mar | Apr | May | Jun | Jul | Aug | Sep | Oct | Nov | Dec 
2017: Jan | Feb | Mar | Apr | May | Jun | Jul | Aug | Sep | Oct | Nov | Dec 
2016: Jan | Feb | Mar | Apr | May | Jun | Jul | Aug | Sep | Oct | Nov | Dec 
2015: Jan | Feb | Mar | Apr | May | Jun | Jul | Aug | Sep | Oct | Nov | Dec 
2014: Jan | Feb | Mar | Apr | May | Jun | Jul | Aug | Sep | Oct | Nov | Dec 
2013: Jan | Feb | Mar | Apr | May | Jun | Jul | Aug | Sep | Oct | Nov | Dec 
2012: Jan | Feb | Mar | Apr | May | Jun | Jul | Aug | Sep | Oct | Nov | Dec 
2011: Jan | Feb | Mar | Apr | May | Jun | Jul | Aug | Sep | Oct | Nov | Dec 
2010: Jan | Feb | Mar | Apr | May | Jun | Jul | Aug | Sep | Oct | Nov | Dec 
2009: Jan | Feb | Mar | Apr | May | Jun | Jul | Aug | Sep | Oct | Nov | Dec 
2008: Jan | Feb | Mar | Apr | May | Jun | Jul | Aug | Sep | Oct | Nov | Dec 

Report for 2011 12
MONTHLY CLIMATOLOGICAL SUMMARY FOR 12/2011 HEAT COOL MEAN DEG DEG WIND SPEED DOM MEAN MEAN DAY TEMP HIGH TIME LOW TIME DAYS DAYS RAIN AVG HI TIME DIR BAROM HUM --------------------------------------------------------------------------------------- 1 46.8 53.5 1:41pm 40.8 7:53am 18 0 0.00 8 60 2:14am NE 30.28 29 2 49.4 60.4 2:06pm 42.8 11:23pm 16 0 0.00 5 35 8:40pm NE 30.12 28 3 43.1 50.7 1:42pm 34.7 6:51am 22 0 0.00 5 40 1:14am E 30.23 30 4 42.7 48.4 2:19pm 36.1 7:43am 22 0 0.00 3 28 12:09am ESE 30.30 45 5 41.8 51.9 1:02pm 36.9 11:09pm 23 0 0.00 3 25 8:48am SSW 30.33 49 6 40.5 48.7 1:08pm 35.3 5:15am 25 0 0.00 4 19 1:24am ESE 30.46 53 7 41.6 49.5 1:53pm 37.0 6:38am 23 0 0.00 3 16 1:23am E 30.34 63 8 43.5 51.9 2:09pm 38.8 7:45am 21 0 0.00 2 13 2:49am E 30.22 62 9 46.3 55.0 1:46pm 41.1 7:51am 19 0 0.00 3 19 5:00am E 30.27 48 10 45.6 54.4 1:08pm 40.7 7:25am 19 0 0.00 5 23 1:40am ESE 30.18 48 11 41.5 49.1 12:17pm 36.5 7:52pm 24 0 0.00 4 22 1:29am ESE 29.96 62 12 38.7 46.8 1:48pm 34.2 5:53am 26 0 0.00 4 17 1:42am E 29.87 76 13 38.7 46.6 1:40pm 34.5 6:44am 26 0 0.00 4 19 7:41am ESE 30.09 66 14 39.0 46.5 2:02pm 34.4 7:20am 26 0 0.00 4 18 4:01am ESE 30.32 69 15 39.5 44.4 2:11pm 35.4 7:22am 26 0 0.13 4 22 11:50pm NNW 30.30 82 16 47.3 56.4 1:13pm 39.3 12:00am 18 0 0.00 5 40 6:38am E 30.28 48 17 46.7 53.4 1:55pm 40.3 11:46pm 18 0 0.00 3 21 1:49am E 30.19 55 18 41.8 49.6 1:44pm 36.5 6:39am 23 0 0.00 3 15 12:21am ESE 30.20 67 19 45.3 55.3 2:07pm 37.4 6:45am 20 0 0.00 5 34 7:28pm E 30.14 58 20 45.5 54.4 1:43pm 38.2 7:33am 20 0 0.00 3 23 1:47am NNW 30.12 51 21 43.7 53.1 1:48pm 37.6 11:08pm 21 0 0.00 4 18 8:14pm NNW 30.16 52 22 41.4 52.5 2:26pm 34.0 7:29am 23 0 0.00 4 24 10:03pm E 30.41 26 23 24 45.9 54.1 2:26pm 39.4 12:00am 19 0 0.00 3 18 8:26pm E 30.54 37 25 46.9 56.7 1:56pm 41.8 5:29am 18 0 0.00 5 21 8:47am ESE 30.44 35 26 44.5 52.2 2:33pm 41.0 9:01pm 21 0 0.00 5 20 12:38am ESE 30.36 42 27 46.0 54.9 2:31pm 39.7 12:56am 19 0 0.00 4 21 6:23am E 30.40 47 28 51.5 58.4 1:01pm 45.5 12:11am 14 0 0.00 3 20 4:45am E 30.39 55 29 50.7 56.9 1:36pm 46.7 7:07am 14 0 0.00 4 18 3:47am ESE 30.24 79 30 46.8 48.1 3:02pm 44.0 11:59pm 18 0 0.02 5 17 1:58pm SE 30.22 90 31 46.5 53.4 1:42pm 40.3 5:02am 18 0 0.00 6 22 6:37am E 30.27 74 --------------------------------------------------------------------------------------- TOT 44.2 60.4 12/2/11 34.0 12/22/11 620 0 0.15 4 60 12/1/11 E 30.26 54 HEAT BASE: 65.0 COOL BASE: 65.0
powered by Cumulus v1.9.3 (1059)
Ambient Weather VWS v14.00
Top Contact Website Map Copyright © 2007 - noaa Foresthillweather.com Never base important decisions on this or any weather information obtained from the Internet