NOAA-reports For Foresthill Weather.com
2018: Jan | Feb | Mar | Apr | May | Jun | Jul | Aug | Sep | Oct | Nov | Dec 
2017: Jan | Feb | Mar | Apr | May | Jun | Jul | Aug | Sep | Oct | Nov | Dec 
2016: Jan | Feb | Mar | Apr | May | Jun | Jul | Aug | Sep | Oct | Nov | Dec 
2015: Jan | Feb | Mar | Apr | May | Jun | Jul | Aug | Sep | Oct | Nov | Dec 
2014: Jan | Feb | Mar | Apr | May | Jun | Jul | Aug | Sep | Oct | Nov | Dec 
2013: Jan | Feb | Mar | Apr | May | Jun | Jul | Aug | Sep | Oct | Nov | Dec 
2012: Jan | Feb | Mar | Apr | May | Jun | Jul | Aug | Sep | Oct | Nov | Dec 
2011: Jan | Feb | Mar | Apr | May | Jun | Jul | Aug | Sep | Oct | Nov | Dec 
2010: Jan | Feb | Mar | Apr | May | Jun | Jul | Aug | Sep | Oct | Nov | Dec 
2009: Jan | Feb | Mar | Apr | May | Jun | Jul | Aug | Sep | Oct | Nov | Dec 
2008: Jan | Feb | Mar | Apr | May | Jun | Jul | Aug | Sep | Oct | Nov | Dec 

Report for 2012 01
MONTHLY CLIMATOLOGICAL SUMMARY FOR 1/2012 HEAT COOL MEAN DEG DEG WIND SPEED DOM MEAN MEAN DAY TEMP HIGH TIME LOW TIME DAYS DAYS RAIN AVG HI TIME DIR BAROM HUM --------------------------------------------------------------------------------------- 1 54.1 64.2 12:50pm 44.0 1:42am 11 0 0.00 6 22 6:45am ESE 30.27 44 2 52.4 58.2 2:52pm 47.4 10:23pm 13 0 0.00 5 20 5:10am SE 30.30 43 3 52.4 61.6 1:40pm 47.2 2:38am 13 0 0.00 5 22 6:58am E 30.37 47 4 55.5 63.4 12:59pm 49.5 7:37am 9 0 0.00 5 22 8:50pm E 30.39 41 5 53.1 63.0 1:52pm 47.1 11:54pm 12 0 0.00 4 19 7:23am E 30.27 41 6 46.9 53.6 1:50pm 42.0 11:57pm 18 0 0.00 4 17 4:40am E 30.18 61 7 46.8 56.9 2:03pm 39.9 6:02am 18 0 0.00 4 25 12:39pm E 30.24 40 8 48.2 55.0 2:12pm 44.1 11:30pm 17 0 0.00 3 26 12:28am ENE 30.28 45 9 48.3 59.6 2:49pm 42.2 6:33am 17 0 0.00 2 16 11:54pm E 30.30 54 10 49.6 58.9 1:07pm 44.1 7:08am 15 0 0.00 5 19 4:06am E 30.21 47 11 50.1 57.9 2:46pm 45.4 11:39pm 15 0 0.00 4 23 5:25am E 30.15 42 12 49.1 58.4 2:41pm 43.4 4:43am 16 0 0.00 4 20 6:59am ESE 30.17 46 13 49.7 61.0 1:24pm 44.2 2:19am 15 0 0.00 5 22 4:44am ESE 30.28 41 14 49.7 60.4 2:14pm 43.6 11:49pm 15 0 0.00 5 20 2:34am ESE 30.23 38 15 42.6 51.9 1:31pm 35.5 11:56pm 22 0 0.00 7 26 12:14pm S 30.08 54 16 32.7 39.4 2:32pm 28.5 8:30am 32 0 0.00 3 14 11:44pm ESE 30.28 68 17 33.0 41.3 1:45pm 26.7 5:59am 32 0 0.00 4 16 7:13am ESE 30.46 51 18 39.0 45.4 3:54pm 34.5 12:21am 26 0 0.00 4 15 12:01am SE 30.44 43 19 40.2 44.2 2:52pm 36.4 1:06am 25 0 0.27 8 29 4:18pm SE 30.24 55 20 46.6 50.7 9:58pm 40.9 1:19am 18 0 2.88 11 36 7:57pm SSE 30.02 94 21 40.8 48.9 12:00am 36.3 11:06pm 24 0 1.07 7 39 1:28am SW 29.96 95 22 37.2 40.5 11:51pm 33.8 1:15pm 28 0 0.41 8 32 6:35pm SE 30.16 94 23 42.2 44.7 2:23pm 38.5 11:59pm 23 0 1.39 5 30 3:52am SSE 29.96 96 24 41.9 48.0 2:26pm 36.5 7:07am 23 0 0.00 3 16 3:27am E 30.39 92 25 48.5 57.4 2:47pm 41.5 5:27am 17 0 0.00 3 18 1:49am ESE 30.47 89 26 47.8 50.9 12:37pm 44.0 11:55pm 17 0 0.10 4 16 1:08am SE 30.34 93 27 44.9 55.1 1:58pm 37.2 7:43am 20 0 0.00 4 28 3:58am E 30.30 75 28 45.6 54.8 2:55pm 40.2 5:38am 19 0 0.00 4 17 9:37pm ESE 30.38 59 29 48.7 59.1 2:11pm 42.6 5:33am 16 0 0.00 5 20 6:17am ESE 30.31 56 30 47.6 55.0 12:33pm 42.4 6:49am 17 0 0.00 4 23 11:28pm ESE 30.11 60 31 46.1 54.8 1:36pm 40.0 3:06am 19 0 0.00 4 21 6:07pm ESE 30.17 72 --------------------------------------------------------------------------------------- TOT 46.2 64.2 1/1/12 26.7 1/17/12 584 0 6.12 5 39 1/21/12 ESE 30.25 61 HEAT BASE: 65.0 COOL BASE: 65.0
powered by Cumulus v1.9.3 (1059)
Ambient Weather VWS v14.00
Top Contact Website Map Copyright © 2007 - noaa Foresthillweather.com Never base important decisions on this or any weather information obtained from the Internet