NOAA-reports For Foresthill Weather.com
2018: Jan | Feb | Mar | Apr | May | Jun | Jul | Aug | Sep | Oct | Nov | Dec 
 2017: Jan | Feb | Mar | Apr | May | Jun | Jul | Aug | Sep | Oct | Nov | Dec 
2016: Jan | Feb | Mar | Apr | May | Jun | Jul | Aug | Sep | Oct | Nov | Dec 
2015: Jan | Feb | Mar | Apr | May | Jun | Jul | Aug | Sep | Oct | Nov | Dec 
2014: Jan | Feb | Mar | Apr | May | Jun | Jul | Aug | Sep | Oct | Nov | Dec 
2013: Jan | Feb | Mar | Apr | May | Jun | Jul | Aug | Sep | Oct | Nov | Dec 
2012: Jan | Feb | Mar | Apr | May | Jun | Jul | Aug | Sep | Oct | Nov | Dec 
2011: Jan | Feb | Mar | Apr | May | Jun | Jul | Aug | Sep | Oct | Nov | Dec 
2010: Jan | Feb | Mar | Apr | May | Jun | Jul | Aug | Sep | Oct | Nov | Dec 
2009: Jan | Feb | Mar | Apr | May | Jun | Jul | Aug | Sep | Oct | Nov | Dec 
2008: Jan | Feb | Mar | Apr | May | Jun | Jul | Aug | Sep | Oct | Nov | Dec 

Report for 2012 02
MONTHLY CLIMATOLOGICAL SUMMARY FOR 2/2012 HEAT COOL MEAN DEG DEG WIND SPEED DOM MEAN MEAN DAY TEMP HIGH TIME LOW TIME DAYS DAYS RAIN AVG HI TIME DIR BAROM HUM --------------------------------------------------------------------------------------- 1 42.9 46.2 3:10pm 38.3 11:53pm 22 0 0.17 4 20 2:59am SE 30.28 90 2 45.7 58.4 1:52pm 35.5 2:44am 19 0 0.00 4 28 6:21pm E 30.17 54 3 43.9 52.6 2:22pm 37.4 4:34am 21 0 0.00 5 20 11:10pm E 30.11 59 4 45.5 54.6 1:59pm 40.3 6:00am 20 0 0.00 6 22 8:02am ESE 30.18 55 5 46.5 56.0 2:08pm 40.7 1:22am 19 0 0.00 6 23 3:02am ESE 30.17 54 6 47.3 57.3 1:05pm 41.4 5:55am 18 0 0.00 6 22 3:22am ESE 30.02 50 7 46.1 49.0 10:35am 42.9 11:58pm 19 0 0.14 3 24 4:02am SSE 30.01 77 8 46.7 56.9 2:20pm 39.5 5:15am 18 0 0.01 3 16 6:59am E 30.27 87 9 50.6 61.4 2:10pm 42.7 6:13am 14 0 0.00 5 21 7:32pm ESE 30.32 74 10 48.7 56.8 12:15pm 43.6 6:57am 16 0 0.10 5 20 1:20am ESE 30.20 80 11 44.1 46.3 3:14pm 42.4 8:52pm 21 0 0.00 2 10 5:10am NW 30.08 93 12 43.3 50.3 1:41pm 37.5 7:34am 22 0 0.36 4 19 9:29pm NW 30.06 89 13 37.1 40.1 2:23pm 33.7 4:17am 28 0 0.93 4 21 12:20am S 29.99 94 14 38.6 45.9 2:31pm 32.3 6:34am 26 0 0.00 4 31 11:24pm S 30.10 90 15 36.7 45.3 2:51pm 30.7 7:33am 28 0 0.21 5 24 12:20am SE 30.14 82 16 42.8 54.5 3:01pm 33.9 2:23am 22 0 0.00 3 22 8:47am E 30.32 58 17 44.9 53.9 2:27pm 37.5 7:20am 20 0 0.00 4 19 4:14am ESE 30.30 60 18 41.9 48.7 11:41am 35.0 10:47pm 21 0 0.01 4 19 2:16am ESE 30.19 84 19 39.0 47.3 1:58pm 34.2 5:16am 26 0 0.00 4 18 8:50am ESE 30.15 71 20 41.5 48.2 3:37pm 36.4 4:14am 24 0 0.00 3 20 2:10am NNW 30.23 79 21 50.1 61.4 3:04pm 39.1 1:32am 15 0 0.00 4 16 11:20am N 30.33 72 22 54.3 63.2 3:57pm 48.3 11:59pm 11 0 0.00 3 13 11:32am N 30.25 57 23 55.2 66.8 1:36pm 46.8 3:13am 10 0 0.00 4 20 5:39pm NNE 30.06 39 24 54.7 65.1 1:21pm 46.5 5:27am 10 0 0.00 6 24 11:11pm SSE 30.10 52 25 42.6 51.1 2:27pm 35.1 11:07pm 22 0 0.00 4 18 2:27pm NNW 30.25 61 26 40.1 47.6 2:04pm 32.4 4:23am 25 0 0.00 5 22 7:24am ESE 30.06 49 27 36.2 40.6 4:34pm 33.0 11:40pm 29 0 0.16 3 13 8:52am E 29.90 80 28 36.3 42.8 2:00pm 31.5 3:53am 29 0 0.04 8 28 10:25pm ESE 30.21 83 29 34.5 36.0 1:01pm 32.8 4:41am 31 0 0.98 9 33 1:03am S 30.21 94 --------------------------------------------------------------------------------------- TOT 44.1 66.8 2/23/12 30.7 2/15/12 606 0 3.11 4 33 2/29/12 ESE 30.16 71 HEAT BASE: 65.0 COOL BASE: 65.0
powered by Cumulus v1.9.3 (1059)
Ambient Weather VWS v14.00
Top Contact Website Map Copyright © 2007 - noaa Foresthillweather.com Never base important decisions on this or any weather information obtained from the Internet